 {"id":101,"date":"2023-10-29T15:37:21","date_gmt":"2023-10-29T15:37:21","guid":{"rendered":"https:\/\/sola.kau.se\/attundervisaommigration\/?page_id=101"},"modified":"2023-10-31T20:32:45","modified_gmt":"2023-10-31T20:32:45","slug":"gruppdiskussionsovning","status":"publish","type":"page","link":"https:\/\/sola.kau.se\/attundervisaommigration\/gruppdiskussionsovning\/","title":{"rendered":"Gruppdiskussions\u00f6vning"},"content":{"rendered":"\n<p><strong>Detta \u00e4r en gruppdiskussions\u00f6vning som eleverna kan g\u00f6ra sj\u00e4lva, kanske som en utv\u00e4rderande slutuppgift av hela modulen.<\/strong><\/p>\n\n\n\n<p><\/p>\n\n\n\n<p>\u00d6vningen handlar om Isabella, Miroslavs och Peters syster, som bor i London.  I samband med Brexit st\u00e4lls allt p\u00e5 sin spets. Ska hon bo kvar eller flytta tillbaka  till Polen och hem till familjen? Denna \u00f6vning p\u00e5minner mycket om moment 3, om \u00e4n det h\u00e4r handlar det om ett framtidsperspektiv. Hur ska Isabella handla?<\/p>\n\n\n\n<p>Dokument:<\/p>\n\n\n\n<ul class=\"wp-block-list\">\n<li><a href=\"https:\/\/kau.box.com\/s\/jsk1sl6sbtumm2n13515iz6a5ksxisow\">\u00d6vning Isabella<\/a><\/li>\n\n\n\n<li><a href=\"https:\/\/kau.box.com\/s\/sffyyoagxb046d22svxy62zt1t02xc5h\">Personkort Isabella<\/a><\/li>\n\n\n\n<li><a href=\"https:\/\/kau.box.com\/s\/x1yr6iopm46a53o7j70y1w2umpp514ie\">K\u00e4llor Isabella<\/a><\/li>\n<\/ul>\n","protected":false},"excerpt":{"rendered":"<p>Detta \u00e4r en gruppdiskussions\u00f6vning som eleverna kan g\u00f6ra sj\u00e4lva, kanske som en utv\u00e4rderande slutuppgift av hela modulen. \u00d6vningen handlar om Isabella, Miroslavs och Peters syster, som bor i London. I samband med Brexit st\u00e4lls allt p\u00e5 sin spets. Ska hon bo kvar eller flytta tillbaka till Polen och hem till familjen? Denna \u00f6vning p\u00e5minner mycket [&hellip;]<\/p>\n","protected":false},"author":5106,"featured_media":0,"parent":0,"menu_order":0,"comment_status":"closed","ping_status":"closed","template":"","meta":{"footnotes":""},"class_list":["post-101","page","type-page","status-publish","hentry","post-preview"],"_links":{"self":[{"href":"https:\/\/sola.kau.se\/attundervisaommigration\/wp-json\/wp\/v2\/pages\/101","targetHints":{"allow":["GET"]}}],"collection":[{"href":"https:\/\/sola.kau.se\/attundervisaommigration\/wp-json\/wp\/v2\/pages"}],"about":[{"href":"https:\/\/sola.kau.se\/attundervisaommigration\/wp-json\/wp\/v2\/types\/page"}],"author":[{"embeddable":true,"href":"https:\/\/sola.kau.se\/attundervisaommigration\/wp-json\/wp\/v2\/users\/5106"}],"replies":[{"embeddable":true,"href":"https:\/\/sola.kau.se\/attundervisaommigration\/wp-json\/wp\/v2\/comments?post=101"}],"version-history":[{"count":6,"href":"https:\/\/sola.kau.se\/attundervisaommigration\/wp-json\/wp\/v2\/pages\/101\/revisions"}],"predecessor-version":[{"id":290,"href":"https:\/\/sola.kau.se\/attundervisaommigration\/wp-json\/wp\/v2\/pages\/101\/revisions\/290"}],"wp:attachment":[{"href":"https:\/\/sola.kau.se\/attundervisaommigration\/wp-json\/wp\/v2\/media?parent=101"}],"curies":[{"name":"wp","href":"https:\/\/api.w.org\/{rel}","templated":true}]}}