 {"id":65,"date":"2023-10-29T15:10:56","date_gmt":"2023-10-29T15:10:56","guid":{"rendered":"https:\/\/sola.kau.se\/attundervisaommigration\/?page_id=65"},"modified":"2023-10-31T20:38:00","modified_gmt":"2023-10-31T20:38:00","slug":"pass-1-version-1","status":"publish","type":"page","link":"https:\/\/sola.kau.se\/attundervisaommigration\/pass-1-version-1\/","title":{"rendered":"Moment 1: ing\u00e5ngs\u00f6vningar"},"content":{"rendered":"\n<p><strong>Under det f\u00f6rsta passet \u00e4r det t\u00e4nkt att eleverna ska f\u00e5 en f\u00f6rst\u00e5else f\u00f6r migration som fenomen, detta g\u00f6rs genom tv\u00e5 \u00f6vningar.<\/strong><\/p>\n\n\n\n<p>I den f\u00f6rsta \u00f6vningen ska eleverna lista ut hur m\u00e4nniskan spridit sig \u00f6ver jorden. Po\u00e4ngen \u00e4r att de ska f\u00e5 f\u00f6rst\u00e5else f\u00f6r att migration inte \u00e4r n\u00e5got nytt fenomen. Migrera har m\u00e4nniskan gjort sedan dess f\u00f6delse. <\/p>\n\n\n\n<p>I den andra \u00f6vningen m\u00f6ter eleverna fem personer i olika \u00e5ldrar och fr\u00e5n olika l\u00e4nder som migrerat p\u00e5 olika s\u00e4tt. H\u00e4r ska eleverna se att det finns olika motiv till att migrera. Notera att termen migration inte \u00e4nnu har introducerats i \u00f6vningarna, utan det talas mer allm\u00e4nt om att flytta. Begrepp och termer uppm\u00e4rksammas sedan i  moment 2.  De fem personerna och deras migrationsbiografier har konstruerats med utg\u00e5ngspunkt i forskning,  t\u00e4nkta att exemplifiera de de en typ av migrationstr\u00f6mningar som \u00e4r vanliga idag. Dessa fem personer  och deras migrationsbiografier \u00e5terkommer i flera av de kommande \u00f6vningarna.<\/p>\n\n\n\n<p><strong>Dokument:<\/strong><\/p>\n\n\n\n<ul class=\"wp-block-list\">\n<li><a href=\"https:\/\/kau.box.com\/s\/nf9ajpqtnb7c57gn56yk9gxfed6oi3h4\" data-type=\"URL\" data-id=\"https:\/\/kau.box.com\/s\/nf9ajpqtnb7c57gn56yk9gxfed6oi3h4\" target=\"_blank\" rel=\"noreferrer noopener\">Handledarnyckel<\/a><\/li>\n\n\n\n<li><a href=\"https:\/\/kau.box.com\/s\/if0avwk5oykxr255yy7yldxtr90d351k\">Underlag f\u00f6r \u00f6vningar &#8211; f\u00f6r utskrift<\/a><\/li>\n\n\n\n<li><a href=\"https:\/\/kau.box.com\/s\/j0vetq0mnls2drna1p5wilw79k712qbw\">Personkort &#8211; de fem personernas migrationsbiografier <\/a><\/li>\n<\/ul>\n\n\n\n<p><\/p>\n\n\n\n<p><\/p>\n","protected":false},"excerpt":{"rendered":"<p>Under det f\u00f6rsta passet \u00e4r det t\u00e4nkt att eleverna ska f\u00e5 en f\u00f6rst\u00e5else f\u00f6r migration som fenomen, detta g\u00f6rs genom tv\u00e5 \u00f6vningar. I den f\u00f6rsta \u00f6vningen ska eleverna lista ut hur m\u00e4nniskan spridit sig \u00f6ver jorden. Po\u00e4ngen \u00e4r att de ska f\u00e5 f\u00f6rst\u00e5else f\u00f6r att migration inte \u00e4r n\u00e5got nytt fenomen. Migrera har m\u00e4nniskan gjort [&hellip;]<\/p>\n","protected":false},"author":5106,"featured_media":0,"parent":0,"menu_order":0,"comment_status":"closed","ping_status":"closed","template":"","meta":{"footnotes":""},"class_list":["post-65","page","type-page","status-publish","hentry","post-preview"],"_links":{"self":[{"href":"https:\/\/sola.kau.se\/attundervisaommigration\/wp-json\/wp\/v2\/pages\/65","targetHints":{"allow":["GET"]}}],"collection":[{"href":"https:\/\/sola.kau.se\/attundervisaommigration\/wp-json\/wp\/v2\/pages"}],"about":[{"href":"https:\/\/sola.kau.se\/attundervisaommigration\/wp-json\/wp\/v2\/types\/page"}],"author":[{"embeddable":true,"href":"https:\/\/sola.kau.se\/attundervisaommigration\/wp-json\/wp\/v2\/users\/5106"}],"replies":[{"embeddable":true,"href":"https:\/\/sola.kau.se\/attundervisaommigration\/wp-json\/wp\/v2\/comments?post=65"}],"version-history":[{"count":12,"href":"https:\/\/sola.kau.se\/attundervisaommigration\/wp-json\/wp\/v2\/pages\/65\/revisions"}],"predecessor-version":[{"id":293,"href":"https:\/\/sola.kau.se\/attundervisaommigration\/wp-json\/wp\/v2\/pages\/65\/revisions\/293"}],"wp:attachment":[{"href":"https:\/\/sola.kau.se\/attundervisaommigration\/wp-json\/wp\/v2\/media?parent=65"}],"curies":[{"name":"wp","href":"https:\/\/api.w.org\/{rel}","templated":true}]}}