 {"id":69,"date":"2023-10-29T15:11:29","date_gmt":"2023-10-29T15:11:29","guid":{"rendered":"https:\/\/sola.kau.se\/attundervisaommigration\/?page_id=69"},"modified":"2023-10-29T19:59:15","modified_gmt":"2023-10-29T19:59:15","slug":"pass-3-version-1","status":"publish","type":"page","link":"https:\/\/sola.kau.se\/attundervisaommigration\/pass-3-version-1\/","title":{"rendered":"Moment 3: Migrationsm\u00f6nster"},"content":{"rendered":"\n<p><strong>Detta moment r\u00f6r migration som samh\u00e4llsfenomen. H\u00e4r f\u00e5r eleverna arbeta med statistik och annat webbaserat material f\u00f6r att de ska f\u00e5 en bild av migrationens omfattning och de starkaste migrationsstr\u00f6mmarna nationellt och globalt.<\/strong><\/p>\n\n\n\n<p><strong>Dokument:<\/strong><\/p>\n\n\n\n<ul class=\"wp-block-list\">\n<li><a href=\"https:\/\/kau.box.com\/s\/xicx1cowbzruwisu8vjs7q9ripr12rsp\" data-type=\"URL\" data-id=\"https:\/\/kau.box.com\/s\/xicx1cowbzruwisu8vjs7q9ripr12rsp\" target=\"_blank\" rel=\"noreferrer noopener\">Handledarnyckel<\/a><\/li>\n\n\n\n<li><a href=\"https:\/\/kau.box.com\/s\/wchq4g5uaw5pt8yrtjgawowj8f5svwk0\">\u00d6vning &#8211; migrationsm\u00f6nster<\/a><\/li>\n<\/ul>\n\n\n\n<p><\/p>\n","protected":false},"excerpt":{"rendered":"<p>Detta moment r\u00f6r migration som samh\u00e4llsfenomen. H\u00e4r f\u00e5r eleverna arbeta med statistik och annat webbaserat material f\u00f6r att de ska f\u00e5 en bild av migrationens omfattning och de starkaste migrationsstr\u00f6mmarna nationellt och globalt. Dokument:<\/p>\n","protected":false},"author":5106,"featured_media":0,"parent":0,"menu_order":0,"comment_status":"closed","ping_status":"closed","template":"","meta":{"footnotes":""},"class_list":["post-69","page","type-page","status-publish","hentry","post-preview"],"_links":{"self":[{"href":"https:\/\/sola.kau.se\/attundervisaommigration\/wp-json\/wp\/v2\/pages\/69","targetHints":{"allow":["GET"]}}],"collection":[{"href":"https:\/\/sola.kau.se\/attundervisaommigration\/wp-json\/wp\/v2\/pages"}],"about":[{"href":"https:\/\/sola.kau.se\/attundervisaommigration\/wp-json\/wp\/v2\/types\/page"}],"author":[{"embeddable":true,"href":"https:\/\/sola.kau.se\/attundervisaommigration\/wp-json\/wp\/v2\/users\/5106"}],"replies":[{"embeddable":true,"href":"https:\/\/sola.kau.se\/attundervisaommigration\/wp-json\/wp\/v2\/comments?post=69"}],"version-history":[{"count":4,"href":"https:\/\/sola.kau.se\/attundervisaommigration\/wp-json\/wp\/v2\/pages\/69\/revisions"}],"predecessor-version":[{"id":123,"href":"https:\/\/sola.kau.se\/attundervisaommigration\/wp-json\/wp\/v2\/pages\/69\/revisions\/123"}],"wp:attachment":[{"href":"https:\/\/sola.kau.se\/attundervisaommigration\/wp-json\/wp\/v2\/media?parent=69"}],"curies":[{"name":"wp","href":"https:\/\/api.w.org\/{rel}","templated":true}]}}