 {"id":64,"date":"2020-12-08T15:15:03","date_gmt":"2020-12-08T15:15:03","guid":{"rendered":"https:\/\/sola.kau.se\/digitalisering\/?page_id=64"},"modified":"2021-03-20T08:51:21","modified_gmt":"2021-03-20T08:51:21","slug":"larare","status":"publish","type":"page","link":"https:\/\/sola.kau.se\/digitalisering\/fokusomraden\/larare\/","title":{"rendered":"L\u00e4rare"},"content":{"rendered":"\n<h2 class=\"wp-block-heading\">\u00c4r du l\u00e4rare? \/ Are you a teacher?<\/h2>\n\n\n\n<div class=\"wp-block-cover alignwide has-background-dim is-position-center-center\" style=\"background-image:url(https:\/\/sola.kau.se\/digitalisering\/wp-content\/uploads\/sites\/189\/2020\/12\/Undervisning.jpg);min-height:472px;aspect-ratio:unset;\"><div class=\"wp-block-cover__inner-container is-layout-flow wp-block-cover-is-layout-flow\">\n<div class=\"wp-block-columns alignwide is-layout-flex wp-container-core-columns-is-layout-9d6595d7 wp-block-columns-is-layout-flex\">\n<div class=\"wp-block-column is-layout-flow wp-block-column-is-layout-flow\">\n<p class=\"has-text-align-left has-text-color\" style=\"color:#fffffa;font-size:68px;line-height:1.2\"><strong>Digital utveckling i utbildningsfr\u00e5gor \/ Digital development in educational issues<\/strong><\/p>\n<\/div>\n\n\n\n<div class=\"wp-block-column is-layout-flow wp-block-column-is-layout-flow\" style=\"flex-basis:12%\">\n<div style=\"height:100px\" aria-hidden=\"true\" class=\"wp-block-spacer\"><\/div>\n<\/div>\n<\/div>\n<\/div><\/div>\n\n\n\n<div class=\"wp-block-columns is-layout-flex wp-container-core-columns-is-layout-9d6595d7 wp-block-columns-is-layout-flex\">\n<div class=\"wp-block-column is-layout-flow wp-block-column-is-layout-flow\">\n<h3 class=\"wp-block-heading\">Om fokusomr\u00e5det<\/h3>\n\n\n\n<p>Den universitetspedagogiska enheten har tagit fram nya och flexibla s\u00e4tt i att b\u00e5de meritera l\u00e4rare i h\u00f6gskolepedagogik och att st\u00f6tta och hj\u00e4lpa l\u00e4rare med hur digitala verktyg kan lyfta den pedagogiska kvaliteten och hj\u00e4lpa studenternas l\u00e4rande. Denna utveckling g\u00e5r helt i linje med visionens h\u00e5llning om att h\u00e5lla pedagogiken framst\u00e5ende och st\u00f6dd av funktionella verktyg. Universitetets l\u00e5nga erfarenhet av distansutbildning tillsammans med den pl\u00f6tsliga \u00f6verg\u00e5ngen till undervisning p\u00e5 distans skapar synergieffekter som m\u00e5ste tas till vara och \u00e4ven inom detta omr\u00e5de finns stora m\u00f6jligheter att tillvarata l\u00e4rares behov av st\u00f6d i form av digitala l\u00f6sningar.<\/p>\n\n\n\n<h3 class=\"wp-block-heading\">Upplevelser och behov<\/h3>\n\n\n\n<p>H\u00e4r ser du vilka upplevelser och behov som vi f\u00e5tt fram i f\u00f6rsta workshopen.<\/p>\n\n\n\n<figure class=\"wp-block-gallery columns-2 is-cropped wp-block-gallery-1 is-layout-flex wp-block-gallery-is-layout-flex\"><ul class=\"blocks-gallery-grid\"><li class=\"blocks-gallery-item\"><figure><a href=\"https:\/\/sola.kau.se\/digitalisering\/wp-content\/uploads\/sites\/189\/2021\/02\/Digitaliseringsarbetet-for-eget-arbete-2.png\"><img loading=\"lazy\" decoding=\"async\" width=\"1024\" height=\"576\" src=\"https:\/\/sola.kau.se\/digitalisering\/wp-content\/uploads\/sites\/189\/2021\/02\/Digitaliseringsarbetet-for-eget-arbete-2-1024x576.png\" alt=\"\" data-id=\"912\" data-full-url=\"https:\/\/sola.kau.se\/digitalisering\/wp-content\/uploads\/sites\/189\/2021\/02\/Digitaliseringsarbetet-for-eget-arbete-2.png\" data-link=\"https:\/\/sola.kau.se\/digitalisering\/digitaliseringsarbetet-for-eget-arbete-2\/\" class=\"wp-image-912\" srcset=\"https:\/\/sola.kau.se\/digitalisering\/wp-content\/uploads\/sites\/189\/2021\/02\/Digitaliseringsarbetet-for-eget-arbete-2-1024x576.png 1024w, https:\/\/sola.kau.se\/digitalisering\/wp-content\/uploads\/sites\/189\/2021\/02\/Digitaliseringsarbetet-for-eget-arbete-2-300x169.png 300w, https:\/\/sola.kau.se\/digitalisering\/wp-content\/uploads\/sites\/189\/2021\/02\/Digitaliseringsarbetet-for-eget-arbete-2-768x432.png 768w, https:\/\/sola.kau.se\/digitalisering\/wp-content\/uploads\/sites\/189\/2021\/02\/Digitaliseringsarbetet-for-eget-arbete-2.png 1440w\" sizes=\"auto, (max-width: 1024px) 100vw, 1024px\" \/><\/a><figcaption class=\"blocks-gallery-item__caption\"><a href=\"https:\/\/sola.kau.se\/digitalisering\/wp-content\/uploads\/sites\/189\/2021\/02\/Digitaliseringsarbetet-for-eget-arbete-2.png\">Klicka f\u00f6r att se upplevelser och behov fr\u00e5n <strong>l\u00e4rare<\/strong><\/a><\/figcaption><\/figure><\/li><li class=\"blocks-gallery-item\"><figure><a href=\"https:\/\/sola.kau.se\/digitalisering\/wp-content\/uploads\/sites\/189\/2021\/02\/Bild04.png\"><img loading=\"lazy\" decoding=\"async\" width=\"1024\" height=\"576\" src=\"https:\/\/sola.kau.se\/digitalisering\/wp-content\/uploads\/sites\/189\/2021\/02\/Bild04-1024x576.png\" alt=\"\" data-id=\"885\" data-full-url=\"https:\/\/sola.kau.se\/digitalisering\/wp-content\/uploads\/sites\/189\/2021\/02\/Bild04.png\" data-link=\"https:\/\/sola.kau.se\/digitalisering\/upplevelser-och-behov\/bild04\/\" class=\"wp-image-885\" srcset=\"https:\/\/sola.kau.se\/digitalisering\/wp-content\/uploads\/sites\/189\/2021\/02\/Bild04-1024x576.png 1024w, https:\/\/sola.kau.se\/digitalisering\/wp-content\/uploads\/sites\/189\/2021\/02\/Bild04-300x169.png 300w, https:\/\/sola.kau.se\/digitalisering\/wp-content\/uploads\/sites\/189\/2021\/02\/Bild04-768x432.png 768w, https:\/\/sola.kau.se\/digitalisering\/wp-content\/uploads\/sites\/189\/2021\/02\/Bild04.png 1440w\" sizes=\"auto, (max-width: 1024px) 100vw, 1024px\" \/><\/a><figcaption class=\"blocks-gallery-item__caption\"><a href=\"https:\/\/sola.kau.se\/digitalisering\/wp-content\/uploads\/sites\/189\/2021\/02\/Bild04.png\">Klicka f\u00f6r att se upplevelser och behov fr\u00e5n <strong>medarbetare<\/strong><\/a><\/figcaption><\/figure><\/li><\/ul><\/figure>\n<\/div>\n\n\n\n<div class=\"wp-block-column is-layout-flow wp-block-column-is-layout-flow\">\n<h3 class=\"wp-block-heading\"><em>About the Focus Area<\/em><\/h3>\n\n\n\n<p><em>The university pedagogical unit has developed new and flexible ways to both merit teachers in higher education pedagogy and to support and help teachers with how digital tools can raise the pedagogical quality and help students&#8217; learning. This development is completely in line with the vision&#8217;s attitude of keeping pedagogy prominent and supported by functional tools. The university&#8217;s long experience of distance education together with the sudden transition to distance education creates synergy effects that must be taken advantage of take advantage of teachers&#8217; need for support in the form of digital solutions.<\/em><\/p>\n\n\n\n<h3 class=\"wp-block-heading\">Experiences and Needs<\/h3>\n\n\n\n<p>Below are the experiences and needs which we found in the first workshop. <\/p>\n\n\n\n<figure class=\"wp-block-gallery columns-2 is-cropped wp-block-gallery-2 is-layout-flex wp-block-gallery-is-layout-flex\"><ul class=\"blocks-gallery-grid\"><li class=\"blocks-gallery-item\"><figure><a href=\"https:\/\/sola.kau.se\/digitalisering\/wp-content\/uploads\/sites\/189\/2021\/02\/Bild2.png\"><img loading=\"lazy\" decoding=\"async\" width=\"1024\" height=\"576\" src=\"https:\/\/sola.kau.se\/digitalisering\/wp-content\/uploads\/sites\/189\/2021\/02\/Bild2-1024x576.png\" alt=\"Experiences and Needs from Teachers\" data-id=\"920\" data-full-url=\"https:\/\/sola.kau.se\/digitalisering\/wp-content\/uploads\/sites\/189\/2021\/02\/Bild2.png\" data-link=\"https:\/\/sola.kau.se\/digitalisering\/bild2\/\" class=\"wp-image-920\" srcset=\"https:\/\/sola.kau.se\/digitalisering\/wp-content\/uploads\/sites\/189\/2021\/02\/Bild2-1024x576.png 1024w, https:\/\/sola.kau.se\/digitalisering\/wp-content\/uploads\/sites\/189\/2021\/02\/Bild2-300x169.png 300w, https:\/\/sola.kau.se\/digitalisering\/wp-content\/uploads\/sites\/189\/2021\/02\/Bild2-768x432.png 768w, https:\/\/sola.kau.se\/digitalisering\/wp-content\/uploads\/sites\/189\/2021\/02\/Bild2.png 1440w\" sizes=\"auto, (max-width: 1024px) 100vw, 1024px\" \/><\/a><figcaption class=\"blocks-gallery-item__caption\"><a href=\"https:\/\/sola.kau.se\/digitalisering\/wp-content\/uploads\/sites\/189\/2021\/02\/Bild2.png\">Click to see experiences and needs from <strong>teachers<\/strong><\/a><\/figcaption><\/figure><\/li><li class=\"blocks-gallery-item\"><figure><a href=\"https:\/\/sola.kau.se\/digitalisering\/wp-content\/uploads\/sites\/189\/2021\/02\/Bild1.png\"><img loading=\"lazy\" decoding=\"async\" width=\"1024\" height=\"576\" src=\"https:\/\/sola.kau.se\/digitalisering\/wp-content\/uploads\/sites\/189\/2021\/02\/Bild1-1024x576.png\" alt=\"Experiences and Needs from Coworker\" data-id=\"919\" data-full-url=\"https:\/\/sola.kau.se\/digitalisering\/wp-content\/uploads\/sites\/189\/2021\/02\/Bild1.png\" data-link=\"https:\/\/sola.kau.se\/digitalisering\/bild1\/\" class=\"wp-image-919\" srcset=\"https:\/\/sola.kau.se\/digitalisering\/wp-content\/uploads\/sites\/189\/2021\/02\/Bild1-1024x576.png 1024w, https:\/\/sola.kau.se\/digitalisering\/wp-content\/uploads\/sites\/189\/2021\/02\/Bild1-300x169.png 300w, https:\/\/sola.kau.se\/digitalisering\/wp-content\/uploads\/sites\/189\/2021\/02\/Bild1-768x432.png 768w, https:\/\/sola.kau.se\/digitalisering\/wp-content\/uploads\/sites\/189\/2021\/02\/Bild1.png 1440w\" sizes=\"auto, (max-width: 1024px) 100vw, 1024px\" \/><\/a><figcaption class=\"blocks-gallery-item__caption\"><a href=\"https:\/\/sola.kau.se\/digitalisering\/wp-content\/uploads\/sites\/189\/2021\/02\/Bild1.png\">Click to see experiences and needs from <strong>coworkers<\/strong><\/a><\/figcaption><\/figure><\/li><\/ul><\/figure>\n<\/div>\n<\/div>\n","protected":false},"excerpt":{"rendered":"<p>\u00c4r du l\u00e4rare? \/ Are you a teacher? Om fokusomr\u00e5det Den universitetspedagogiska enheten har tagit fram nya och flexibla s\u00e4tt i att b\u00e5de meritera l\u00e4rare i h\u00f6gskolepedagogik och att st\u00f6tta och hj\u00e4lpa l\u00e4rare med hur digitala verktyg kan lyfta den pedagogiska kvaliteten och hj\u00e4lpa studenternas l\u00e4rande. Denna utveckling g\u00e5r helt i linje med visionens h\u00e5llning [&hellip;]<\/p>\n","protected":false},"author":83,"featured_media":0,"parent":226,"menu_order":-3,"comment_status":"closed","ping_status":"closed","template":"","meta":{"footnotes":""},"class_list":["post-64","page","type-page","status-publish","hentry"],"_links":{"self":[{"href":"https:\/\/sola.kau.se\/digitalisering\/wp-json\/wp\/v2\/pages\/64","targetHints":{"allow":["GET"]}}],"collection":[{"href":"https:\/\/sola.kau.se\/digitalisering\/wp-json\/wp\/v2\/pages"}],"about":[{"href":"https:\/\/sola.kau.se\/digitalisering\/wp-json\/wp\/v2\/types\/page"}],"author":[{"embeddable":true,"href":"https:\/\/sola.kau.se\/digitalisering\/wp-json\/wp\/v2\/users\/83"}],"replies":[{"embeddable":true,"href":"https:\/\/sola.kau.se\/digitalisering\/wp-json\/wp\/v2\/comments?post=64"}],"version-history":[{"count":25,"href":"https:\/\/sola.kau.se\/digitalisering\/wp-json\/wp\/v2\/pages\/64\/revisions"}],"predecessor-version":[{"id":1029,"href":"https:\/\/sola.kau.se\/digitalisering\/wp-json\/wp\/v2\/pages\/64\/revisions\/1029"}],"up":[{"embeddable":true,"href":"https:\/\/sola.kau.se\/digitalisering\/wp-json\/wp\/v2\/pages\/226"}],"wp:attachment":[{"href":"https:\/\/sola.kau.se\/digitalisering\/wp-json\/wp\/v2\/media?parent=64"}],"curies":[{"name":"wp","href":"https:\/\/api.w.org\/{rel}","templated":true}]}}