 {"id":184,"date":"2025-03-11T11:14:05","date_gmt":"2025-03-11T10:14:05","guid":{"rendered":"https:\/\/sola.kau.se\/fiktivforskola89\/?page_id=184"},"modified":"2025-11-17T09:36:22","modified_gmt":"2025-11-17T08:36:22","slug":"kontakta-oss","status":"publish","type":"page","link":"https:\/\/sola.kau.se\/fiktivforskola89\/kontakta-oss\/","title":{"rendered":"Kontakta oss"},"content":{"rendered":"\n<p><strong>Avdelning Haren <\/strong><br>Telefon: ****-*****<\/p>\n\n\n\n<p><strong>Avdelning Ekorren<\/strong> <br>Telefon: ****-*****<\/p>\n\n\n\n<p><strong>Rektor Marie-Louise<\/strong> <br>Telefon: ***-*******<br>Mejl: Marie-louise.Johansson@rektor.fiktivforskola.se<\/p>\n\n\n\n<p><strong>Bes\u00f6ksadress<\/strong><\/p>\n\n\n\n<p><\/p>\n\n\n\n<p><strong>Vi som har skapat denna hemsida \u00e4r:<\/strong><\/p>\n\n\n\n<p>Lina Andersson, Therese \u00d6stlund, Moa Karlsson, Moa Johansson, Helene Nylund och Jenny Ragnarsson<\/p>\n","protected":false},"excerpt":{"rendered":"<p>Avdelning Haren Telefon: ****-***** Avdelning Ekorren Telefon: ****-***** Rektor Marie-Louise Telefon: ***-*******Mejl: Marie-louise.Johansson@rektor.fiktivforskola.se Bes\u00f6ksadress Vi som har skapat denna hemsida \u00e4r: Lina Andersson, Therese \u00d6stlund, Moa Karlsson, Moa Johansson, Helene Nylund och Jenny Ragnarsson<\/p>\n","protected":false},"author":6664,"featured_media":0,"parent":0,"menu_order":0,"comment_status":"closed","ping_status":"closed","template":"","meta":{"footnotes":""},"class_list":["post-184","page","type-page","status-publish","hentry","no-featured-image"],"_links":{"self":[{"href":"https:\/\/sola.kau.se\/fiktivforskola89\/wp-json\/wp\/v2\/pages\/184","targetHints":{"allow":["GET"]}}],"collection":[{"href":"https:\/\/sola.kau.se\/fiktivforskola89\/wp-json\/wp\/v2\/pages"}],"about":[{"href":"https:\/\/sola.kau.se\/fiktivforskola89\/wp-json\/wp\/v2\/types\/page"}],"author":[{"embeddable":true,"href":"https:\/\/sola.kau.se\/fiktivforskola89\/wp-json\/wp\/v2\/users\/6664"}],"replies":[{"embeddable":true,"href":"https:\/\/sola.kau.se\/fiktivforskola89\/wp-json\/wp\/v2\/comments?post=184"}],"version-history":[{"count":5,"href":"https:\/\/sola.kau.se\/fiktivforskola89\/wp-json\/wp\/v2\/pages\/184\/revisions"}],"predecessor-version":[{"id":668,"href":"https:\/\/sola.kau.se\/fiktivforskola89\/wp-json\/wp\/v2\/pages\/184\/revisions\/668"}],"wp:attachment":[{"href":"https:\/\/sola.kau.se\/fiktivforskola89\/wp-json\/wp\/v2\/media?parent=184"}],"curies":[{"name":"wp","href":"https:\/\/api.w.org\/{rel}","templated":true}]}}