 {"id":295,"date":"2025-03-31T11:13:59","date_gmt":"2025-03-31T09:13:59","guid":{"rendered":"https:\/\/sola.kau.se\/fiktivforskola89\/?page_id=295"},"modified":"2025-03-31T11:13:59","modified_gmt":"2025-03-31T09:13:59","slug":"kommunens-handlingsplan-for-overgang-mellan-forskola-och-forskoleklass","status":"publish","type":"page","link":"https:\/\/sola.kau.se\/fiktivforskola89\/kommunens-handlingsplan-for-overgang-mellan-forskola-och-forskoleklass\/","title":{"rendered":"Kommunens handlingsplan f\u00f6r \u00f6verg\u00e5ng mellan f\u00f6rskola och f\u00f6rskoleklass."},"content":{"rendered":"\n<div data-wp-interactive=\"core\/file\" class=\"wp-block-file\"><object data-wp-bind--hidden=\"!state.hasPdfPreview\" hidden class=\"wp-block-file__embed\" data=\"https:\/\/sola.kau.se\/fiktivforskola89\/wp-content\/uploads\/sites\/1310\/2025\/03\/Handlingsplan-fo\u0308r-o\u0308verga\u030ang-.pdf\" type=\"application\/pdf\" style=\"width:100%;height:600px\" aria-label=\"Inb\u00e4ddning av Handlingsplan fo\u0308r o\u0308verga\u030ang.\"><\/object><a id=\"wp-block-file--media-98db9e46-7871-4dfc-8f00-456e9af2cf9d\" href=\"https:\/\/sola.kau.se\/fiktivforskola89\/wp-content\/uploads\/sites\/1310\/2025\/03\/Handlingsplan-fo\u0308r-o\u0308verga\u030ang-.pdf\">Handlingsplan fo\u0308r o\u0308verga\u030ang<\/a><a href=\"https:\/\/sola.kau.se\/fiktivforskola89\/wp-content\/uploads\/sites\/1310\/2025\/03\/Handlingsplan-fo\u0308r-o\u0308verga\u030ang-.pdf\" class=\"wp-block-file__button wp-element-button\" download aria-describedby=\"wp-block-file--media-98db9e46-7871-4dfc-8f00-456e9af2cf9d\">Ladda ner<\/a><\/div>\n","protected":false},"excerpt":{"rendered":"","protected":false},"author":6661,"featured_media":0,"parent":0,"menu_order":0,"comment_status":"closed","ping_status":"closed","template":"","meta":{"footnotes":""},"class_list":["post-295","page","type-page","status-publish","hentry","no-featured-image"],"_links":{"self":[{"href":"https:\/\/sola.kau.se\/fiktivforskola89\/wp-json\/wp\/v2\/pages\/295","targetHints":{"allow":["GET"]}}],"collection":[{"href":"https:\/\/sola.kau.se\/fiktivforskola89\/wp-json\/wp\/v2\/pages"}],"about":[{"href":"https:\/\/sola.kau.se\/fiktivforskola89\/wp-json\/wp\/v2\/types\/page"}],"author":[{"embeddable":true,"href":"https:\/\/sola.kau.se\/fiktivforskola89\/wp-json\/wp\/v2\/users\/6661"}],"replies":[{"embeddable":true,"href":"https:\/\/sola.kau.se\/fiktivforskola89\/wp-json\/wp\/v2\/comments?post=295"}],"version-history":[{"count":1,"href":"https:\/\/sola.kau.se\/fiktivforskola89\/wp-json\/wp\/v2\/pages\/295\/revisions"}],"predecessor-version":[{"id":311,"href":"https:\/\/sola.kau.se\/fiktivforskola89\/wp-json\/wp\/v2\/pages\/295\/revisions\/311"}],"wp:attachment":[{"href":"https:\/\/sola.kau.se\/fiktivforskola89\/wp-json\/wp\/v2\/media?parent=295"}],"curies":[{"name":"wp","href":"https:\/\/api.w.org\/{rel}","templated":true}]}}