 {"id":37,"date":"2025-03-03T14:31:28","date_gmt":"2025-03-03T13:31:28","guid":{"rendered":"https:\/\/sola.kau.se\/fiktivforskola89\/?page_id=37"},"modified":"2025-10-20T11:49:00","modified_gmt":"2025-10-20T09:49:00","slug":"skogsglantans-personal","status":"publish","type":"page","link":"https:\/\/sola.kau.se\/fiktivforskola89\/skogsglantans-personal\/","title":{"rendered":"Skogsgl\u00e4ntans personal"},"content":{"rendered":"\n<p>P\u00e5 Skogsgl\u00e4ntan arbetar engagerade f\u00f6rskoll\u00e4rare och barnsk\u00f6tare. H\u00e4r arbetar \u00e4ven vaktm\u00e4stare, k\u00f6kspersonal, lokalv\u00e5rdare, specialpedagog, kurator och rektor, m.fl. Vid fr\u00e5nvaro av ordinarie personal p\u00e5 f\u00f6rskolan \u00e4r det vikarier som barnen k\u00e4nner igen som kommer att arbeta i f\u00f6rsta hand. Du \u00e4r v\u00e4lkommen att h\u00f6ra av dig med fr\u00e5gor till rektor eller till n\u00e5gon av avdelningarna.<\/p>\n\n\n\n<p class=\"has-text-align-center\">&#8220;<em>Undervisningen i f\u00f6rskolan ska vila p\u00e5 vetenskaplig grund och bepr\u00f6vad erfarenhet och ske under ledning av f\u00f6rskoll\u00e4rare och syfta till barns utveckling och l\u00e4rande genom inh\u00e4mtande och utvecklande av kunskaper och v\u00e4rden<\/em>&#8220;<\/p>\n\n\n\n<p class=\"has-text-align-center\">(Skolverket, 2018, rev. 2025, s. 23).<\/p>\n\n\n\n<p><strong>Rektor<\/strong><\/p>\n\n\n\n<ul class=\"wp-block-list\">\n<li>Mailadress: Marie-louise.Johansson@rektor.fiktivforskola.se<\/li>\n\n\n\n<li>Telefonnummer: 079-XXX XX XX<\/li>\n\n\n\n<li>Bes\u00f6ksadress: Rektorsv\u00e4gen 19, 1235, Mellanstor kommun<\/li>\n<\/ul>\n\n\n<div class=\"wp-block-image\">\n<figure class=\"aligncenter size-full is-resized\"><img loading=\"lazy\" decoding=\"async\" width=\"800\" height=\"800\" src=\"https:\/\/sola.kau.se\/fiktivforskola89\/wp-content\/uploads\/sites\/1310\/2025\/03\/image-1.png\" alt=\"\" class=\"wp-image-99\" style=\"width:213px;height:auto\" srcset=\"https:\/\/sola.kau.se\/fiktivforskola89\/wp-content\/uploads\/sites\/1310\/2025\/03\/image-1.png 800w, https:\/\/sola.kau.se\/fiktivforskola89\/wp-content\/uploads\/sites\/1310\/2025\/03\/image-1-300x300.png 300w, https:\/\/sola.kau.se\/fiktivforskola89\/wp-content\/uploads\/sites\/1310\/2025\/03\/image-1-150x150.png 150w, https:\/\/sola.kau.se\/fiktivforskola89\/wp-content\/uploads\/sites\/1310\/2025\/03\/image-1-768x768.png 768w\" sizes=\"auto, (max-width: 800px) 100vw, 800px\" \/><\/figure><\/div>\n\n\n<div class=\"wp-block-columns is-layout-flex wp-container-core-columns-is-layout-9d6595d7 wp-block-columns-is-layout-flex\">\n<div class=\"wp-block-column is-layout-flow wp-block-column-is-layout-flow\"><\/div>\n<\/div>\n\n\n\n<div class=\"wp-block-buttons is-layout-flex wp-block-buttons-is-layout-flex\">\n<div class=\"wp-block-button has-custom-width wp-block-button__width-100\"><a class=\"wp-block-button__link wp-element-button\" href=\"https:\/\/sola.kau.se\/fiktivforskola89\/information-om-var-rektor\/\">Mer info<\/a><\/div>\n<\/div>\n\n\n\n<p><br><strong>Specialpedagog<\/strong><br>Annika Eriksson finns alltid tillg\u00e4nglig i v\u00e5r verksamhet 8-16 och \u00e4r ofta n\u00e4rvarande och aktiv i barngruppen. Genom att\u00a0Annika\u00a0\u00e4r\u00a0en n\u00e4rvarande specialpedagog som k\u00e4nner barngruppen, kan hon ge st\u00f6d till pedagogerna i vilka anpassningar de kan g\u00f6ra i f\u00f6rskolans milj\u00f6, samt tillsammans med pedagogerna vid behov arbeta fram konkreta specialpedagogiska anpassningar\u00a0f\u00f6r det enskilda barnet. Hon arbetar med att st\u00f6tta personalens arbete med kartl\u00e4ggning och handlingsplaner, vid fr\u00e5gor g\u00e4llande hur vissa saker ska hanteras kopplat till b\u00e5de v\u00e5rdnadshavare och enskilda barn. Annika finns ocks\u00e5 tillg\u00e4nglig f\u00f6r er v\u00e5rdnadshavare vid fr\u00e5gor eller st\u00f6ttning.\u00a0<\/p>\n\n\n<div class=\"wp-block-image\">\n<figure class=\"aligncenter size-full is-resized\"><img loading=\"lazy\" decoding=\"async\" width=\"1024\" height=\"1024\" src=\"https:\/\/sola.kau.se\/fiktivforskola89\/wp-content\/uploads\/sites\/1310\/2025\/10\/ChatGPT-Image-20-okt.-2025-11_33_06-1.png\" alt=\"\" class=\"wp-image-609\" style=\"width:237px;height:auto\" srcset=\"https:\/\/sola.kau.se\/fiktivforskola89\/wp-content\/uploads\/sites\/1310\/2025\/10\/ChatGPT-Image-20-okt.-2025-11_33_06-1.png 1024w, https:\/\/sola.kau.se\/fiktivforskola89\/wp-content\/uploads\/sites\/1310\/2025\/10\/ChatGPT-Image-20-okt.-2025-11_33_06-1-300x300.png 300w, https:\/\/sola.kau.se\/fiktivforskola89\/wp-content\/uploads\/sites\/1310\/2025\/10\/ChatGPT-Image-20-okt.-2025-11_33_06-1-150x150.png 150w, https:\/\/sola.kau.se\/fiktivforskola89\/wp-content\/uploads\/sites\/1310\/2025\/10\/ChatGPT-Image-20-okt.-2025-11_33_06-1-768x768.png 768w, https:\/\/sola.kau.se\/fiktivforskola89\/wp-content\/uploads\/sites\/1310\/2025\/10\/ChatGPT-Image-20-okt.-2025-11_33_06-1-800x800.png 800w\" sizes=\"auto, (max-width: 1024px) 100vw, 1024px\" \/><\/figure><\/div>\n\n\n<hr class=\"wp-block-separator has-alpha-channel-opacity\" \/>\n\n\n\n<p class=\"has-white-color has-accent-background-color has-text-color has-background has-link-color wp-elements-9962adede49d4dc6eb208f326a331f57\"><strong>Avdelningen Ekorren<\/strong> <br>Vi som arbetar p\u00e5 Ekorren \u00e4r Linus, Therese, Kenneth och Jamina.<br><strong>Telefonnummer till Ekorren: 079 XXX XX XX<\/strong><\/p>\n\n\n\n<p class=\"has-white-color has-accent-background-color has-text-color has-background has-link-color wp-elements-ae721b1ca51637c7cf91ea7af476cff2\"><strong>Avdelningen Haren<\/strong><br>Vi som arbetar p\u00e5 Haren \u00e4r Helene, Jenny &amp; Moa.<br><strong>Telefonnummer till Haren: 079 XXX XX XX <\/strong><\/p>\n\n\n\n<p>F\u00f6rskolans bes\u00f6ksadress: Skogsgl\u00e4ntev\u00e4gen 1, 1234, Mellanstor Kommun. <\/p>\n\n\n\n<div class=\"wp-block-buttons is-layout-flex wp-block-buttons-is-layout-flex\">\n<div class=\"wp-block-button has-custom-width wp-block-button__width-50 is-style-fill\"><a class=\"wp-block-button__link has-accent-background-color has-background wp-element-button\" href=\"https:\/\/sola.kau.se\/fiktivforskola89\/information-till-dig-som-arbetar-pa-skogsglantan\/\">H\u00e4r loggar du som personal in p\u00e5 f\u00f6rskolans hemsida<\/a><\/div>\n<\/div>\n\n\n\n<p><\/p>\n","protected":false},"excerpt":{"rendered":"<p>P\u00e5 Skogsgl\u00e4ntan arbetar engagerade f\u00f6rskoll\u00e4rare och barnsk\u00f6tare. H\u00e4r arbetar \u00e4ven vaktm\u00e4stare, k\u00f6kspersonal, lokalv\u00e5rdare, specialpedagog, kurator och rektor, m.fl. Vid fr\u00e5nvaro av ordinarie personal p\u00e5 f\u00f6rskolan \u00e4r det vikarier som barnen k\u00e4nner igen som kommer att arbeta i f\u00f6rsta hand. Du \u00e4r v\u00e4lkommen att h\u00f6ra av dig med fr\u00e5gor till rektor eller till n\u00e5gon av avdelningarna. [&hellip;]<\/p>\n","protected":false},"author":6667,"featured_media":0,"parent":0,"menu_order":0,"comment_status":"closed","ping_status":"closed","template":"","meta":{"footnotes":""},"class_list":["post-37","page","type-page","status-publish","hentry","no-featured-image"],"_links":{"self":[{"href":"https:\/\/sola.kau.se\/fiktivforskola89\/wp-json\/wp\/v2\/pages\/37","targetHints":{"allow":["GET"]}}],"collection":[{"href":"https:\/\/sola.kau.se\/fiktivforskola89\/wp-json\/wp\/v2\/pages"}],"about":[{"href":"https:\/\/sola.kau.se\/fiktivforskola89\/wp-json\/wp\/v2\/types\/page"}],"author":[{"embeddable":true,"href":"https:\/\/sola.kau.se\/fiktivforskola89\/wp-json\/wp\/v2\/users\/6667"}],"replies":[{"embeddable":true,"href":"https:\/\/sola.kau.se\/fiktivforskola89\/wp-json\/wp\/v2\/comments?post=37"}],"version-history":[{"count":46,"href":"https:\/\/sola.kau.se\/fiktivforskola89\/wp-json\/wp\/v2\/pages\/37\/revisions"}],"predecessor-version":[{"id":620,"href":"https:\/\/sola.kau.se\/fiktivforskola89\/wp-json\/wp\/v2\/pages\/37\/revisions\/620"}],"wp:attachment":[{"href":"https:\/\/sola.kau.se\/fiktivforskola89\/wp-json\/wp\/v2\/media?parent=37"}],"curies":[{"name":"wp","href":"https:\/\/api.w.org\/{rel}","templated":true}]}}