 {"id":519,"date":"2025-10-07T08:55:39","date_gmt":"2025-10-07T06:55:39","guid":{"rendered":"https:\/\/sola.kau.se\/fiktivforskola89\/?page_id=519"},"modified":"2025-10-07T08:59:42","modified_gmt":"2025-10-07T06:59:42","slug":"skogsglantan","status":"publish","type":"page","link":"https:\/\/sola.kau.se\/fiktivforskola89\/skogsglantan\/","title":{"rendered":"Skogsgl\u00e4ntans \u00e5rs reviderade plan f\u00f6r att fr\u00e4mja likabehandling, f\u00f6rebygga diskriminering, trakasserier och kr\u00e4nkande behandling."},"content":{"rendered":"\n<div class=\"wp-block-file\"><a id=\"wp-block-file--media-9a33bf71-1f9d-444f-a648-949f91e4629f\" href=\"https:\/\/sola.kau.se\/fiktivforskola89\/wp-content\/uploads\/sites\/1310\/2025\/10\/skogsglantans-plan.pdf\">skogsgla\u0308ntans plan<\/a><a href=\"https:\/\/sola.kau.se\/fiktivforskola89\/wp-content\/uploads\/sites\/1310\/2025\/10\/skogsglantans-plan.pdf\" class=\"wp-block-file__button wp-element-button\" download aria-describedby=\"wp-block-file--media-9a33bf71-1f9d-444f-a648-949f91e4629f\">Ladda ner<\/a><\/div>\n\n\n\n<p><\/p>\n","protected":false},"excerpt":{"rendered":"","protected":false},"author":6661,"featured_media":0,"parent":0,"menu_order":0,"comment_status":"closed","ping_status":"closed","template":"","meta":{"footnotes":""},"class_list":["post-519","page","type-page","status-publish","hentry","no-featured-image"],"_links":{"self":[{"href":"https:\/\/sola.kau.se\/fiktivforskola89\/wp-json\/wp\/v2\/pages\/519","targetHints":{"allow":["GET"]}}],"collection":[{"href":"https:\/\/sola.kau.se\/fiktivforskola89\/wp-json\/wp\/v2\/pages"}],"about":[{"href":"https:\/\/sola.kau.se\/fiktivforskola89\/wp-json\/wp\/v2\/types\/page"}],"author":[{"embeddable":true,"href":"https:\/\/sola.kau.se\/fiktivforskola89\/wp-json\/wp\/v2\/users\/6661"}],"replies":[{"embeddable":true,"href":"https:\/\/sola.kau.se\/fiktivforskola89\/wp-json\/wp\/v2\/comments?post=519"}],"version-history":[{"count":3,"href":"https:\/\/sola.kau.se\/fiktivforskola89\/wp-json\/wp\/v2\/pages\/519\/revisions"}],"predecessor-version":[{"id":525,"href":"https:\/\/sola.kau.se\/fiktivforskola89\/wp-json\/wp\/v2\/pages\/519\/revisions\/525"}],"wp:attachment":[{"href":"https:\/\/sola.kau.se\/fiktivforskola89\/wp-json\/wp\/v2\/media?parent=519"}],"curies":[{"name":"wp","href":"https:\/\/api.w.org\/{rel}","templated":true}]}}