 {"id":69,"date":"2023-09-20T10:51:12","date_gmt":"2023-09-20T10:51:12","guid":{"rendered":"https:\/\/sola.kau.se\/forskningomyrkesutbildningochyrkeslararutbildning\/?page_id=69"},"modified":"2024-10-17T10:30:09","modified_gmt":"2024-10-17T10:30:09","slug":"vara-forskare","status":"publish","type":"page","link":"https:\/\/sola.kau.se\/forskningomyrkesutbildningochyrkeslararutbildning\/vara-forskare\/","title":{"rendered":"V\u00e5ra forskare"},"content":{"rendered":"\n<p>Varje forskare knuten till Karlstads universitet har en egen sida, s.k. forskarprofil p\u00e5 universitetets webbplats. F\u00f6lj respektive l\u00e4nk f\u00f6r att l\u00e4sa mer om de forskare som \u00e4r knutna till gruppen<\/p>\n\n\n\n<p><a href=\"https:\/\/www.kau.se\/forskare\/hamid-asghari\" target=\"_blank\" rel=\"noreferrer noopener\">Hamid Asghari<\/a><br><a href=\"https:\/\/www.kau.se\/forskare\/annelie-andersen\" target=\"_blank\" rel=\"noreferrer noopener\">Annelie Anders\u00e9n<\/a><\/p>\n\n\n\n<p><a href=\"https:\/\/www.kau.se\/forskare\/minna-arvidsson\">S<\/a><a href=\"https:\/\/www.kau.se\/forskare\/stig-borje-asplund\" target=\"_blank\" rel=\"noreferrer noopener\">tig-B\u00f6rje Asplund<\/a><br><a href=\"https:\/\/www.kau.se\/forskare\/ann-britt-enochsson\" target=\"_blank\" rel=\"noreferrer noopener\">Ann-Britt Enochsson<\/a><br><a href=\"https:\/\/www.kau.se\/forskare\/nina-kilbrink\" target=\"_blank\" rel=\"noreferrer noopener\">Nina Kilbrink<\/a><br><a href=\"https:\/\/www.kau.se\/forskare\/anna-ohman\" target=\"_blank\" rel=\"noreferrer noopener\">Anna \u00d6hman<\/a><\/p>\n\n\n\n<p><a href=\"https:\/\/www.kau.se\/forskare\/minna-arvidsson\">Minna Arvidsson<\/a><br><a href=\"https:\/\/www.kau.se\/forskare\/jan-axelsson\" target=\"_blank\" rel=\"noreferrer noopener\">Jan Axelsson<\/a><br><a href=\"https:\/\/www.kau.se\/forskare\/zara-hedelin\" target=\"_blank\" rel=\"noreferrer noopener\">Zara Hedelin<\/a><\/p>\n\n\n\n<p><a href=\"https:\/\/www.kau.se\/forskare\/annica-adefors\" target=\"_blank\" rel=\"noreferrer noopener\">Annica \u00c5defors<\/a><\/p>\n\n\n\n<p><\/p>\n","protected":false},"excerpt":{"rendered":"<p>Varje forskare knuten till Karlstads universitet har en egen sida, s.k. forskarprofil p\u00e5 universitetets webbplats. F\u00f6lj respektive l\u00e4nk f\u00f6r att l\u00e4sa mer om de forskare som \u00e4r knutna till gruppen Hamid AsghariAnnelie Anders\u00e9n Stig-B\u00f6rje AsplundAnn-Britt EnochssonNina KilbrinkAnna \u00d6hman Minna ArvidssonJan AxelssonZara Hedelin Annica \u00c5defors<\/p>\n","protected":false},"author":108,"featured_media":138,"parent":0,"menu_order":0,"comment_status":"closed","ping_status":"closed","template":"","meta":{"footnotes":""},"class_list":["post-69","page","type-page","status-publish","has-post-thumbnail","hentry"],"_links":{"self":[{"href":"https:\/\/sola.kau.se\/forskningomyrkesutbildningochyrkeslararutbildning\/wp-json\/wp\/v2\/pages\/69","targetHints":{"allow":["GET"]}}],"collection":[{"href":"https:\/\/sola.kau.se\/forskningomyrkesutbildningochyrkeslararutbildning\/wp-json\/wp\/v2\/pages"}],"about":[{"href":"https:\/\/sola.kau.se\/forskningomyrkesutbildningochyrkeslararutbildning\/wp-json\/wp\/v2\/types\/page"}],"author":[{"embeddable":true,"href":"https:\/\/sola.kau.se\/forskningomyrkesutbildningochyrkeslararutbildning\/wp-json\/wp\/v2\/users\/108"}],"replies":[{"embeddable":true,"href":"https:\/\/sola.kau.se\/forskningomyrkesutbildningochyrkeslararutbildning\/wp-json\/wp\/v2\/comments?post=69"}],"version-history":[{"count":7,"href":"https:\/\/sola.kau.se\/forskningomyrkesutbildningochyrkeslararutbildning\/wp-json\/wp\/v2\/pages\/69\/revisions"}],"predecessor-version":[{"id":401,"href":"https:\/\/sola.kau.se\/forskningomyrkesutbildningochyrkeslararutbildning\/wp-json\/wp\/v2\/pages\/69\/revisions\/401"}],"wp:featuredmedia":[{"embeddable":true,"href":"https:\/\/sola.kau.se\/forskningomyrkesutbildningochyrkeslararutbildning\/wp-json\/wp\/v2\/media\/138"}],"wp:attachment":[{"href":"https:\/\/sola.kau.se\/forskningomyrkesutbildningochyrkeslararutbildning\/wp-json\/wp\/v2\/media?parent=69"}],"curies":[{"name":"wp","href":"https:\/\/api.w.org\/{rel}","templated":true}]}}