 {"id":76,"date":"2023-09-20T10:59:54","date_gmt":"2023-09-20T10:59:54","guid":{"rendered":"https:\/\/sola.kau.se\/forskningomyrkesutbildningochyrkeslararutbildning\/?page_id=76"},"modified":"2023-10-16T08:51:34","modified_gmt":"2023-10-16T08:51:34","slug":"forskningsprojekt","status":"publish","type":"page","link":"https:\/\/sola.kau.se\/forskningomyrkesutbildningochyrkeslararutbildning\/forskningsprojekt\/","title":{"rendered":"Forskningsprojekt"},"content":{"rendered":"\n<figure class=\"wp-block-image size-full\"><img loading=\"lazy\" decoding=\"async\" width=\"299\" height=\"267\" src=\"https:\/\/sola.kau.se\/forskningomyrkesutbildningochyrkeslararutbildning\/wp-content\/uploads\/sites\/913\/2023\/10\/image-8.png\" alt=\"\" class=\"wp-image-166\" \/><\/figure>\n\n\n\n<p>P\u00e5 den h\u00e4r sidan kommer vi inom kort uppdatera med l\u00e4nkar till aktuella forskningsprojekt inom yrkesutbildning och yrkesl\u00e4rarutbildning vid KAU<\/p>\n\n\n\n<p>Exempel p\u00e5 omr\u00e5den vi forskar om:<\/p>\n\n\n\n<ul class=\"wp-block-list\">\n<li>L\u00e4rande och undervisning i yrkesutbildning<\/li>\n\n\n\n<li>Yrkeskunnande<\/li>\n\n\n\n<li>Yrkesutbildningar och etik<\/li>\n\n\n\n<li>Bed\u00f6mning och \u00e5terkoppling<\/li>\n\n\n\n<li>Disciplinary literacy<\/li>\n\n\n\n<li>Digital teknik i yrkesutbildning<\/li>\n\n\n\n<li><a href=\"https:\/\/kau.se\/digitala-broar-mellan-larandearenor\">Digitala broar mellan l\u00e4randearenor&nbsp;i professionsutbildning<\/a><\/li>\n<\/ul>\n","protected":false},"excerpt":{"rendered":"<p>P\u00e5 den h\u00e4r sidan kommer vi inom kort uppdatera med l\u00e4nkar till aktuella forskningsprojekt inom yrkesutbildning och yrkesl\u00e4rarutbildning vid KAU Exempel p\u00e5 omr\u00e5den vi forskar om:<\/p>\n","protected":false},"author":108,"featured_media":138,"parent":0,"menu_order":0,"comment_status":"closed","ping_status":"closed","template":"","meta":{"footnotes":""},"class_list":["post-76","page","type-page","status-publish","has-post-thumbnail","hentry"],"_links":{"self":[{"href":"https:\/\/sola.kau.se\/forskningomyrkesutbildningochyrkeslararutbildning\/wp-json\/wp\/v2\/pages\/76","targetHints":{"allow":["GET"]}}],"collection":[{"href":"https:\/\/sola.kau.se\/forskningomyrkesutbildningochyrkeslararutbildning\/wp-json\/wp\/v2\/pages"}],"about":[{"href":"https:\/\/sola.kau.se\/forskningomyrkesutbildningochyrkeslararutbildning\/wp-json\/wp\/v2\/types\/page"}],"author":[{"embeddable":true,"href":"https:\/\/sola.kau.se\/forskningomyrkesutbildningochyrkeslararutbildning\/wp-json\/wp\/v2\/users\/108"}],"replies":[{"embeddable":true,"href":"https:\/\/sola.kau.se\/forskningomyrkesutbildningochyrkeslararutbildning\/wp-json\/wp\/v2\/comments?post=76"}],"version-history":[{"count":6,"href":"https:\/\/sola.kau.se\/forskningomyrkesutbildningochyrkeslararutbildning\/wp-json\/wp\/v2\/pages\/76\/revisions"}],"predecessor-version":[{"id":167,"href":"https:\/\/sola.kau.se\/forskningomyrkesutbildningochyrkeslararutbildning\/wp-json\/wp\/v2\/pages\/76\/revisions\/167"}],"wp:featuredmedia":[{"embeddable":true,"href":"https:\/\/sola.kau.se\/forskningomyrkesutbildningochyrkeslararutbildning\/wp-json\/wp\/v2\/media\/138"}],"wp:attachment":[{"href":"https:\/\/sola.kau.se\/forskningomyrkesutbildningochyrkeslararutbildning\/wp-json\/wp\/v2\/media?parent=76"}],"curies":[{"name":"wp","href":"https:\/\/api.w.org\/{rel}","templated":true}]}}