 {"id":315,"date":"2022-04-11T17:53:03","date_gmt":"2022-04-11T17:53:03","guid":{"rendered":"https:\/\/sola.kau.se\/forskolansnickarn\/?page_id=315"},"modified":"2022-04-11T18:26:14","modified_gmt":"2022-04-11T18:26:14","slug":"specialpedagogik","status":"publish","type":"page","link":"https:\/\/sola.kau.se\/forskolansnickarn\/specialpedagogik\/","title":{"rendered":"Specialpedagogik"},"content":{"rendered":"\n<p>Vi p\u00e5 f\u00f6rskolan snickarn arbetar kompensatoriskt f\u00f6r att uppv\u00e4ga barns olika behov och f\u00f6ruts\u00e4ttningar f\u00f6r att tillgodog\u00f6ra sig undervisning.<\/p>\n\n\n\n<p>V\u00e5r verksamhet har en fr\u00e4mjande, f\u00f6rebyggande och st\u00f6djande roll f\u00f6r samtliga barn och ser st\u00f6dmaterial som en resurs till hela barngruppen.&nbsp;<\/p>\n\n\n\n<p>Vi anv\u00e4nder oss till exempel av TAKK, Bildst\u00f6d, digitalisering och en anpassad milj\u00f6. Milj\u00f6n har anpassas f\u00f6r att tillgodose barnens behov till exempel i form av m\u00f6jligheter till pauser fr\u00e5n \u00f6vriga barngruppen, akustikplattor p\u00e5 v\u00e4ggar f\u00f6r att fr\u00e4mja milj\u00f6n med d\u00e4mpning f\u00f6r barn med h\u00f6rselproblematik.  Vi ser \u00f6ver ljud och ljus, m\u00f6jlighet att sk\u00e4rma av \u201crum i rummet\u201d.<\/p>\n","protected":false},"excerpt":{"rendered":"<p>Vi p\u00e5 f\u00f6rskolan snickarn arbetar kompensatoriskt f\u00f6r att uppv\u00e4ga barns olika behov och f\u00f6ruts\u00e4ttningar f\u00f6r att tillgodog\u00f6ra sig undervisning. V\u00e5r verksamhet har en fr\u00e4mjande, f\u00f6rebyggande och st\u00f6djande roll f\u00f6r samtliga barn och ser st\u00f6dmaterial som en resurs till hela barngruppen.&nbsp; Vi anv\u00e4nder oss till exempel av TAKK, Bildst\u00f6d, digitalisering och en anpassad milj\u00f6. Milj\u00f6n har [&hellip;]<\/p>\n","protected":false},"author":1567,"featured_media":0,"parent":0,"menu_order":0,"comment_status":"closed","ping_status":"closed","template":"","meta":{"footnotes":""},"class_list":["post-315","page","type-page","status-publish","hentry","post-preview"],"_links":{"self":[{"href":"https:\/\/sola.kau.se\/forskolansnickarn\/wp-json\/wp\/v2\/pages\/315","targetHints":{"allow":["GET"]}}],"collection":[{"href":"https:\/\/sola.kau.se\/forskolansnickarn\/wp-json\/wp\/v2\/pages"}],"about":[{"href":"https:\/\/sola.kau.se\/forskolansnickarn\/wp-json\/wp\/v2\/types\/page"}],"author":[{"embeddable":true,"href":"https:\/\/sola.kau.se\/forskolansnickarn\/wp-json\/wp\/v2\/users\/1567"}],"replies":[{"embeddable":true,"href":"https:\/\/sola.kau.se\/forskolansnickarn\/wp-json\/wp\/v2\/comments?post=315"}],"version-history":[{"count":2,"href":"https:\/\/sola.kau.se\/forskolansnickarn\/wp-json\/wp\/v2\/pages\/315\/revisions"}],"predecessor-version":[{"id":321,"href":"https:\/\/sola.kau.se\/forskolansnickarn\/wp-json\/wp\/v2\/pages\/315\/revisions\/321"}],"wp:attachment":[{"href":"https:\/\/sola.kau.se\/forskolansnickarn\/wp-json\/wp\/v2\/media?parent=315"}],"curies":[{"name":"wp","href":"https:\/\/api.w.org\/{rel}","templated":true}]}}