 {"id":333,"date":"2022-05-10T17:43:04","date_gmt":"2022-05-10T17:43:04","guid":{"rendered":"https:\/\/sola.kau.se\/forskolansnickarn\/?page_id=333"},"modified":"2022-05-10T18:01:33","modified_gmt":"2022-05-10T18:01:33","slug":"blanketter-och-e-tjanster","status":"publish","type":"page","link":"https:\/\/sola.kau.se\/forskolansnickarn\/blanketter-och-e-tjanster\/","title":{"rendered":"Blanketter och E-tj\u00e4nster"},"content":{"rendered":"\n<p><strong>           K<\/strong><strong>licka p\u00e5 aktuell l\u00e4nk<\/strong><\/p>\n\n\n\n<ul class=\"wp-block-list\"><li><strong><u>Ans\u00f6kan om plats inom barnomsorgen<\/u><\/strong><\/li><li><strong><u>Schema<\/u><\/strong><\/li><li><strong><u>Specialkost, avanm\u00e4lan<\/u><\/strong><\/li><li><strong><u>Specialkost, ans\u00f6kan<\/u><\/strong><\/li><li><strong><u>Omplacering inom barnomsorgen, ans\u00f6kan<\/u><\/strong><\/li><li><strong><u>Reducerad barnomsorgsavgift, ans\u00f6kan<\/u><\/strong><\/li><li><strong><u>Avgiftsfri placering i allm\u00e4n f\u00f6rskola, \u00e4ndring<\/u><\/strong><\/li><li><strong><u>Autogiro, ans\u00f6kan<\/u><\/strong><\/li><li><strong><u>\u00c4ndra kontaktuppgifter<\/u><\/strong><\/li><li><strong><u>Upps\u00e4gning av plats<\/u><\/strong><strong><\/strong><\/li><\/ul>\n","protected":false},"excerpt":{"rendered":"<p>Klicka p\u00e5 aktuell l\u00e4nk Ans\u00f6kan om plats inom barnomsorgen Schema Specialkost, avanm\u00e4lan Specialkost, ans\u00f6kan Omplacering inom barnomsorgen, ans\u00f6kan Reducerad barnomsorgsavgift, ans\u00f6kan Avgiftsfri placering i allm\u00e4n f\u00f6rskola, \u00e4ndring Autogiro, ans\u00f6kan \u00c4ndra kontaktuppgifter Upps\u00e4gning av plats<\/p>\n","protected":false},"author":1567,"featured_media":0,"parent":0,"menu_order":0,"comment_status":"closed","ping_status":"closed","template":"","meta":{"footnotes":""},"class_list":["post-333","page","type-page","status-publish","hentry","post-preview"],"_links":{"self":[{"href":"https:\/\/sola.kau.se\/forskolansnickarn\/wp-json\/wp\/v2\/pages\/333","targetHints":{"allow":["GET"]}}],"collection":[{"href":"https:\/\/sola.kau.se\/forskolansnickarn\/wp-json\/wp\/v2\/pages"}],"about":[{"href":"https:\/\/sola.kau.se\/forskolansnickarn\/wp-json\/wp\/v2\/types\/page"}],"author":[{"embeddable":true,"href":"https:\/\/sola.kau.se\/forskolansnickarn\/wp-json\/wp\/v2\/users\/1567"}],"replies":[{"embeddable":true,"href":"https:\/\/sola.kau.se\/forskolansnickarn\/wp-json\/wp\/v2\/comments?post=333"}],"version-history":[{"count":3,"href":"https:\/\/sola.kau.se\/forskolansnickarn\/wp-json\/wp\/v2\/pages\/333\/revisions"}],"predecessor-version":[{"id":340,"href":"https:\/\/sola.kau.se\/forskolansnickarn\/wp-json\/wp\/v2\/pages\/333\/revisions\/340"}],"wp:attachment":[{"href":"https:\/\/sola.kau.se\/forskolansnickarn\/wp-json\/wp\/v2\/media?parent=333"}],"curies":[{"name":"wp","href":"https:\/\/api.w.org\/{rel}","templated":true}]}}