 {"id":36,"date":"2022-02-07T08:21:28","date_gmt":"2022-02-07T08:21:28","guid":{"rendered":"https:\/\/sola.kau.se\/forskolansnickarn\/?page_id=36"},"modified":"2022-05-31T11:25:37","modified_gmt":"2022-05-31T11:25:37","slug":"hallbar-utveckling","status":"publish","type":"page","link":"https:\/\/sola.kau.se\/forskolansnickarn\/hallbar-utveckling\/","title":{"rendered":"H\u00e5llbar utveckling"},"content":{"rendered":"\n<p>P\u00e5 v\u00e5r f\u00f6rskola arbetar vi med h\u00e5llbar utveckling. D\u00e4r vi bland annat har; <\/p>\n\n\n\n<figure class=\"wp-block-image size-full\"><img loading=\"lazy\" decoding=\"async\" width=\"720\" height=\"480\" src=\"https:\/\/sola.kau.se\/forskolansnickarn\/wp-content\/uploads\/sites\/584\/2022\/05\/284587952_548433703388495_4184948558721406405_n.jpg\" alt=\"\" class=\"wp-image-377\" srcset=\"https:\/\/sola.kau.se\/forskolansnickarn\/wp-content\/uploads\/sites\/584\/2022\/05\/284587952_548433703388495_4184948558721406405_n.jpg 720w, https:\/\/sola.kau.se\/forskolansnickarn\/wp-content\/uploads\/sites\/584\/2022\/05\/284587952_548433703388495_4184948558721406405_n-300x200.jpg 300w, https:\/\/sola.kau.se\/forskolansnickarn\/wp-content\/uploads\/sites\/584\/2022\/05\/284587952_548433703388495_4184948558721406405_n-676x451.jpg 676w\" sizes=\"auto, (max-width: 720px) 100vw, 720px\" \/><figcaption>Solpaneler p\u00e5 f\u00f6rskolans tak. <\/figcaption><\/figure>\n\n\n\n<figure class=\"wp-block-image size-large\"><img loading=\"lazy\" decoding=\"async\" width=\"1024\" height=\"683\" src=\"https:\/\/sola.kau.se\/forskolansnickarn\/wp-content\/uploads\/sites\/584\/2022\/05\/284198508_546112750340666_4825123888219775512_n-1024x683.jpg\" alt=\"\" class=\"wp-image-380\" srcset=\"https:\/\/sola.kau.se\/forskolansnickarn\/wp-content\/uploads\/sites\/584\/2022\/05\/284198508_546112750340666_4825123888219775512_n-1024x683.jpg 1024w, https:\/\/sola.kau.se\/forskolansnickarn\/wp-content\/uploads\/sites\/584\/2022\/05\/284198508_546112750340666_4825123888219775512_n-300x200.jpg 300w, https:\/\/sola.kau.se\/forskolansnickarn\/wp-content\/uploads\/sites\/584\/2022\/05\/284198508_546112750340666_4825123888219775512_n-768x512.jpg 768w, https:\/\/sola.kau.se\/forskolansnickarn\/wp-content\/uploads\/sites\/584\/2022\/05\/284198508_546112750340666_4825123888219775512_n-1536x1024.jpg 1536w, https:\/\/sola.kau.se\/forskolansnickarn\/wp-content\/uploads\/sites\/584\/2022\/05\/284198508_546112750340666_4825123888219775512_n-676x451.jpg 676w, https:\/\/sola.kau.se\/forskolansnickarn\/wp-content\/uploads\/sites\/584\/2022\/05\/284198508_546112750340666_4825123888219775512_n.jpg 1920w\" sizes=\"auto, (max-width: 1024px) 100vw, 1024px\" \/><figcaption>Komposten, d\u00e4r barnen kan k\u00e4llsortera.<\/figcaption><\/figure>\n\n\n\n<figure class=\"wp-block-image size-large is-resized\"><img decoding=\"async\" src=\"https:\/\/sola.kau.se\/forskolansnickarn\/wp-content\/uploads\/sites\/584\/2022\/05\/283980329_1412478879179322_6520615441419608197_n-edited.jpg\" alt=\"\" class=\"wp-image-376\" width=\"676\" srcset=\"https:\/\/sola.kau.se\/forskolansnickarn\/wp-content\/uploads\/sites\/584\/2022\/05\/283980329_1412478879179322_6520615441419608197_n-edited.jpg 1920w, https:\/\/sola.kau.se\/forskolansnickarn\/wp-content\/uploads\/sites\/584\/2022\/05\/283980329_1412478879179322_6520615441419608197_n-edited-300x169.jpg 300w, https:\/\/sola.kau.se\/forskolansnickarn\/wp-content\/uploads\/sites\/584\/2022\/05\/283980329_1412478879179322_6520615441419608197_n-edited-1024x576.jpg 1024w, https:\/\/sola.kau.se\/forskolansnickarn\/wp-content\/uploads\/sites\/584\/2022\/05\/283980329_1412478879179322_6520615441419608197_n-edited-768x432.jpg 768w, https:\/\/sola.kau.se\/forskolansnickarn\/wp-content\/uploads\/sites\/584\/2022\/05\/283980329_1412478879179322_6520615441419608197_n-edited-1536x864.jpg 1536w, https:\/\/sola.kau.se\/forskolansnickarn\/wp-content\/uploads\/sites\/584\/2022\/05\/283980329_1412478879179322_6520615441419608197_n-edited-676x380.jpg 676w\" sizes=\"(max-width: 1920px) 100vw, 1920px\" \/><figcaption>V\u00e5r egna kompost. <\/figcaption><\/figure>\n\n\n\n<figure class=\"wp-block-image size-full\"><img loading=\"lazy\" decoding=\"async\" width=\"1020\" height=\"659\" src=\"https:\/\/sola.kau.se\/forskolansnickarn\/wp-content\/uploads\/sites\/584\/2022\/05\/281500758_958016508203583_3286013238319950795_n.jpg\" alt=\"\" class=\"wp-image-379\" srcset=\"https:\/\/sola.kau.se\/forskolansnickarn\/wp-content\/uploads\/sites\/584\/2022\/05\/281500758_958016508203583_3286013238319950795_n.jpg 1020w, https:\/\/sola.kau.se\/forskolansnickarn\/wp-content\/uploads\/sites\/584\/2022\/05\/281500758_958016508203583_3286013238319950795_n-300x194.jpg 300w, https:\/\/sola.kau.se\/forskolansnickarn\/wp-content\/uploads\/sites\/584\/2022\/05\/281500758_958016508203583_3286013238319950795_n-768x496.jpg 768w, https:\/\/sola.kau.se\/forskolansnickarn\/wp-content\/uploads\/sites\/584\/2022\/05\/281500758_958016508203583_3286013238319950795_n-676x437.jpg 676w\" sizes=\"auto, (max-width: 1020px) 100vw, 1020px\" \/><figcaption>F\u00f6rskolans egna odling.<\/figcaption><\/figure>\n\n\n\n<figure class=\"wp-block-image size-large\"><img loading=\"lazy\" decoding=\"async\" width=\"1024\" height=\"685\" src=\"https:\/\/sola.kau.se\/forskolansnickarn\/wp-content\/uploads\/sites\/584\/2022\/05\/284237067_390708052836228_1127601591514531357_n-1024x685.jpg\" alt=\"\" class=\"wp-image-378\" srcset=\"https:\/\/sola.kau.se\/forskolansnickarn\/wp-content\/uploads\/sites\/584\/2022\/05\/284237067_390708052836228_1127601591514531357_n-1024x685.jpg 1024w, https:\/\/sola.kau.se\/forskolansnickarn\/wp-content\/uploads\/sites\/584\/2022\/05\/284237067_390708052836228_1127601591514531357_n-300x201.jpg 300w, https:\/\/sola.kau.se\/forskolansnickarn\/wp-content\/uploads\/sites\/584\/2022\/05\/284237067_390708052836228_1127601591514531357_n-768x514.jpg 768w, https:\/\/sola.kau.se\/forskolansnickarn\/wp-content\/uploads\/sites\/584\/2022\/05\/284237067_390708052836228_1127601591514531357_n-1536x1027.jpg 1536w, https:\/\/sola.kau.se\/forskolansnickarn\/wp-content\/uploads\/sites\/584\/2022\/05\/284237067_390708052836228_1127601591514531357_n-676x452.jpg 676w, https:\/\/sola.kau.se\/forskolansnickarn\/wp-content\/uploads\/sites\/584\/2022\/05\/284237067_390708052836228_1127601591514531357_n.jpg 1920w\" sizes=\"auto, (max-width: 1024px) 100vw, 1024px\" \/><figcaption>F\u00f6rskolans el cykel. <\/figcaption><\/figure>\n","protected":false},"excerpt":{"rendered":"<p>P\u00e5 v\u00e5r f\u00f6rskola arbetar vi med h\u00e5llbar utveckling. D\u00e4r vi bland annat har;<\/p>\n","protected":false},"author":1567,"featured_media":0,"parent":0,"menu_order":0,"comment_status":"closed","ping_status":"closed","template":"","meta":{"footnotes":""},"class_list":["post-36","page","type-page","status-publish","hentry","post-preview"],"_links":{"self":[{"href":"https:\/\/sola.kau.se\/forskolansnickarn\/wp-json\/wp\/v2\/pages\/36","targetHints":{"allow":["GET"]}}],"collection":[{"href":"https:\/\/sola.kau.se\/forskolansnickarn\/wp-json\/wp\/v2\/pages"}],"about":[{"href":"https:\/\/sola.kau.se\/forskolansnickarn\/wp-json\/wp\/v2\/types\/page"}],"author":[{"embeddable":true,"href":"https:\/\/sola.kau.se\/forskolansnickarn\/wp-json\/wp\/v2\/users\/1567"}],"replies":[{"embeddable":true,"href":"https:\/\/sola.kau.se\/forskolansnickarn\/wp-json\/wp\/v2\/comments?post=36"}],"version-history":[{"count":5,"href":"https:\/\/sola.kau.se\/forskolansnickarn\/wp-json\/wp\/v2\/pages\/36\/revisions"}],"predecessor-version":[{"id":381,"href":"https:\/\/sola.kau.se\/forskolansnickarn\/wp-json\/wp\/v2\/pages\/36\/revisions\/381"}],"wp:attachment":[{"href":"https:\/\/sola.kau.se\/forskolansnickarn\/wp-json\/wp\/v2\/media?parent=36"}],"curies":[{"name":"wp","href":"https:\/\/api.w.org\/{rel}","templated":true}]}}