 {"id":239,"date":"2025-10-03T11:28:47","date_gmt":"2025-10-03T11:28:47","guid":{"rendered":"https:\/\/sola.kau.se\/fortbildningsdag\/?page_id=239"},"modified":"2026-01-28T09:05:01","modified_gmt":"2026-01-28T09:05:01","slug":"att-undervisa-om-klimatforandringar-med-fokus-pa-risk","status":"publish","type":"page","link":"https:\/\/sola.kau.se\/fortbildningsdag\/att-undervisa-om-klimatforandringar-med-fokus-pa-risk\/","title":{"rendered":"Att undervisa om klimatf\u00f6r\u00e4ndringar med fokus p\u00e5 risk"},"content":{"rendered":"\n<p>Tisdag, 10 februari 2026, kl. 15.30-17.00, via zoom<\/p>\n\n\n","protected":false},"excerpt":{"rendered":"<p>Tisdag, 10 februari 2026, kl. 15.30-17.00, via zoom<\/p>\n","protected":false},"author":1798,"featured_media":0,"parent":0,"menu_order":0,"comment_status":"closed","ping_status":"closed","template":"","meta":{"footnotes":""},"class_list":["post-239","page","type-page","status-publish","hentry","post-preview"],"_links":{"self":[{"href":"https:\/\/sola.kau.se\/fortbildningsdag\/wp-json\/wp\/v2\/pages\/239","targetHints":{"allow":["GET"]}}],"collection":[{"href":"https:\/\/sola.kau.se\/fortbildningsdag\/wp-json\/wp\/v2\/pages"}],"about":[{"href":"https:\/\/sola.kau.se\/fortbildningsdag\/wp-json\/wp\/v2\/types\/page"}],"author":[{"embeddable":true,"href":"https:\/\/sola.kau.se\/fortbildningsdag\/wp-json\/wp\/v2\/users\/1798"}],"replies":[{"embeddable":true,"href":"https:\/\/sola.kau.se\/fortbildningsdag\/wp-json\/wp\/v2\/comments?post=239"}],"version-history":[{"count":3,"href":"https:\/\/sola.kau.se\/fortbildningsdag\/wp-json\/wp\/v2\/pages\/239\/revisions"}],"predecessor-version":[{"id":243,"href":"https:\/\/sola.kau.se\/fortbildningsdag\/wp-json\/wp\/v2\/pages\/239\/revisions\/243"}],"wp:attachment":[{"href":"https:\/\/sola.kau.se\/fortbildningsdag\/wp-json\/wp\/v2\/media?parent=239"}],"curies":[{"name":"wp","href":"https:\/\/api.w.org\/{rel}","templated":true}]}}