 {"id":120,"date":"2025-01-24T14:11:37","date_gmt":"2025-01-24T14:11:37","guid":{"rendered":"https:\/\/sola.kau.se\/hagfors\/?page_id=120"},"modified":"2025-06-02T12:11:46","modified_gmt":"2025-06-02T12:11:46","slug":"for-vardnadshavare","status":"publish","type":"page","link":"https:\/\/sola.kau.se\/hagfors\/for-vardnadshavare\/","title":{"rendered":"F\u00f6r v\u00e5rdnadshavare"},"content":{"rendered":"\n<p>En f\u00f6rtroendefull samverkan anges i f\u00f6rskolans l\u00e4roplan och \u00e4r ocks\u00e5 en viktig aspekt f\u00f6r oss p\u00e5 Blomster\u00e4ngen. Nedan kan ni via knapparna ta del av de olika samverkansformer vi har f\u00f6r att fr\u00e4mja den samverkan som anges av Skolverket.<\/p>\n\n\n\n<div class=\"wp-block-buttons is-layout-flex wp-block-buttons-is-layout-flex\">\n<div class=\"wp-block-button\"><a class=\"wp-block-button__link wp-element-button\" href=\"https:\/\/sola.kau.se\/hagfors\/inskolning\/\">Introduktion<\/a><\/div>\n\n\n\n<div class=\"wp-block-button\"><a class=\"wp-block-button__link wp-element-button\" href=\"https:\/\/sola.kau.se\/hagfors\/utvecklingssamtal\/\">Utvecklingssamtal<\/a><\/div>\n\n\n\n<div class=\"wp-block-button\"><a class=\"wp-block-button__link wp-element-button\" href=\"https:\/\/sola.kau.se\/hagfors\/overgangar\/\">\u00d6verg\u00e5ngar<\/a><\/div>\n<\/div>\n\n\n\n<div class=\"wp-block-buttons is-layout-flex wp-block-buttons-is-layout-flex\">\n<div class=\"wp-block-button\"><a class=\"wp-block-button__link wp-element-button\" href=\"https:\/\/sola.kau.se\/hagfors\/ovriga-samverkansformer\/\">\u00d6vriga samverkansformer<\/a><\/div>\n\n\n\n<div class=\"wp-block-button\"><a class=\"wp-block-button__link wp-element-button\" href=\"https:\/\/sola.kau.se\/hagfors\/svara-samtal-kompetensutvecklingsdag\/\">Sv\u00e5ra samtal<\/a><\/div>\n<\/div>\n","protected":false},"excerpt":{"rendered":"<p>En f\u00f6rtroendefull samverkan anges i f\u00f6rskolans l\u00e4roplan och \u00e4r ocks\u00e5 en viktig aspekt f\u00f6r oss p\u00e5 Blomster\u00e4ngen. Nedan kan ni via knapparna ta del av de olika samverkansformer vi har f\u00f6r att fr\u00e4mja den samverkan som anges av Skolverket.<\/p>\n","protected":false},"author":4888,"featured_media":0,"parent":0,"menu_order":0,"comment_status":"closed","ping_status":"closed","template":"","meta":{"footnotes":""},"class_list":["post-120","page","type-page","status-publish","hentry"],"_links":{"self":[{"href":"https:\/\/sola.kau.se\/hagfors\/wp-json\/wp\/v2\/pages\/120","targetHints":{"allow":["GET"]}}],"collection":[{"href":"https:\/\/sola.kau.se\/hagfors\/wp-json\/wp\/v2\/pages"}],"about":[{"href":"https:\/\/sola.kau.se\/hagfors\/wp-json\/wp\/v2\/types\/page"}],"author":[{"embeddable":true,"href":"https:\/\/sola.kau.se\/hagfors\/wp-json\/wp\/v2\/users\/4888"}],"replies":[{"embeddable":true,"href":"https:\/\/sola.kau.se\/hagfors\/wp-json\/wp\/v2\/comments?post=120"}],"version-history":[{"count":18,"href":"https:\/\/sola.kau.se\/hagfors\/wp-json\/wp\/v2\/pages\/120\/revisions"}],"predecessor-version":[{"id":1330,"href":"https:\/\/sola.kau.se\/hagfors\/wp-json\/wp\/v2\/pages\/120\/revisions\/1330"}],"wp:attachment":[{"href":"https:\/\/sola.kau.se\/hagfors\/wp-json\/wp\/v2\/media?parent=120"}],"curies":[{"name":"wp","href":"https:\/\/api.w.org\/{rel}","templated":true}]}}