 {"id":343,"date":"2025-02-05T14:34:07","date_gmt":"2025-02-05T14:34:07","guid":{"rendered":"https:\/\/sola.kau.se\/hagfors\/?page_id=343"},"modified":"2025-06-03T12:12:28","modified_gmt":"2025-06-03T12:12:28","slug":"inne-och-utemiljoer","status":"publish","type":"page","link":"https:\/\/sola.kau.se\/hagfors\/inne-och-utemiljoer\/","title":{"rendered":"Inne- och utemilj\u00f6er"},"content":{"rendered":"\n<p>P\u00e5 Blomster\u00e4ngens f\u00f6rskola erbjuds barnen att leka och l\u00e4ra i olika milj\u00f6er b\u00e5de inne och ute.<\/p>\n\n\n\n<h2 class=\"wp-block-heading\">Utemilj\u00f6<\/h2>\n\n\n<div class=\"wp-block-image is-style-rounded\">\n<figure class=\"alignright size-full is-resized\"><img loading=\"lazy\" decoding=\"async\" width=\"640\" height=\"640\" src=\"https:\/\/sola.kau.se\/hagfors\/wp-content\/uploads\/sites\/1285\/2025\/05\/image-14.png\" alt=\"\" class=\"wp-image-1024\" style=\"width:217px;height:auto\" srcset=\"https:\/\/sola.kau.se\/hagfors\/wp-content\/uploads\/sites\/1285\/2025\/05\/image-14.png 640w, https:\/\/sola.kau.se\/hagfors\/wp-content\/uploads\/sites\/1285\/2025\/05\/image-14-300x300.png 300w, https:\/\/sola.kau.se\/hagfors\/wp-content\/uploads\/sites\/1285\/2025\/05\/image-14-150x150.png 150w, https:\/\/sola.kau.se\/hagfors\/wp-content\/uploads\/sites\/1285\/2025\/05\/image-14-600x600.png 600w\" sizes=\"auto, (max-width: 640px) 100vw, 640px\" \/><\/figure><\/div>\n\n\n<p class=\"has-text-align-left\">V\u00e5r g\u00e5rd erbjuder barnen en variation av olika typer av aktivering, utforskningsm\u00f6jligeter och unders\u00f6kningar. Grovmotoriken tr\u00e4nas i kl\u00e4tterst\u00e4llningen och koordinationsf\u00f6rm\u00e5ngan \u00f6vas f\u00f6r att f\u00e5 fart i gungorna. P\u00e5 vinterhalv\u00e5ret finns stora utrymmen f\u00f6r att bland annat prova fart samt friktion i pulkabacken eller fysiska &amp; fantasi-och f\u00f6rest\u00e4llningsf\u00f6rm\u00e5gor att skapa i sn\u00f6n.<\/p>\n\n\n<div class=\"wp-block-image is-style-rounded\">\n<figure class=\"alignright size-large is-resized\"><img loading=\"lazy\" decoding=\"async\" width=\"1025\" height=\"1024\" src=\"https:\/\/sola.kau.se\/hagfors\/wp-content\/uploads\/sites\/1285\/2025\/06\/ChatGPT-Image-28-maj-2025-12_53_02-2-edited.png\" alt=\"\" class=\"wp-image-1380\" style=\"width:279px;height:auto\" srcset=\"https:\/\/sola.kau.se\/hagfors\/wp-content\/uploads\/sites\/1285\/2025\/06\/ChatGPT-Image-28-maj-2025-12_53_02-2-edited.png 1025w, https:\/\/sola.kau.se\/hagfors\/wp-content\/uploads\/sites\/1285\/2025\/06\/ChatGPT-Image-28-maj-2025-12_53_02-2-edited-300x300.png 300w, https:\/\/sola.kau.se\/hagfors\/wp-content\/uploads\/sites\/1285\/2025\/06\/ChatGPT-Image-28-maj-2025-12_53_02-2-edited-150x150.png 150w, https:\/\/sola.kau.se\/hagfors\/wp-content\/uploads\/sites\/1285\/2025\/06\/ChatGPT-Image-28-maj-2025-12_53_02-2-edited-768x767.png 768w, https:\/\/sola.kau.se\/hagfors\/wp-content\/uploads\/sites\/1285\/2025\/06\/ChatGPT-Image-28-maj-2025-12_53_02-2-edited-600x599.png 600w, https:\/\/sola.kau.se\/hagfors\/wp-content\/uploads\/sites\/1285\/2025\/06\/ChatGPT-Image-28-maj-2025-12_53_02-2-edited-945x944.png 945w\" sizes=\"auto, (max-width: 1025px) 100vw, 1025px\" \/><\/figure><\/div>\n\n\n<figure class=\"wp-block-image size-large is-resized is-style-rounded\"><img loading=\"lazy\" decoding=\"async\" width=\"1024\" height=\"1024\" src=\"https:\/\/sola.kau.se\/hagfors\/wp-content\/uploads\/sites\/1285\/2025\/02\/Firefly-Var-forskolegard-erbjuder-barnen-en-variation-av-olika-typer-aktivering.-Barnen-far-mojlighe-1-1024x1024.jpg\" alt=\"\" class=\"wp-image-498\" style=\"width:294px;height:auto\" srcset=\"https:\/\/sola.kau.se\/hagfors\/wp-content\/uploads\/sites\/1285\/2025\/02\/Firefly-Var-forskolegard-erbjuder-barnen-en-variation-av-olika-typer-aktivering.-Barnen-far-mojlighe-1-1024x1024.jpg 1024w, https:\/\/sola.kau.se\/hagfors\/wp-content\/uploads\/sites\/1285\/2025\/02\/Firefly-Var-forskolegard-erbjuder-barnen-en-variation-av-olika-typer-aktivering.-Barnen-far-mojlighe-1-300x300.jpg 300w, https:\/\/sola.kau.se\/hagfors\/wp-content\/uploads\/sites\/1285\/2025\/02\/Firefly-Var-forskolegard-erbjuder-barnen-en-variation-av-olika-typer-aktivering.-Barnen-far-mojlighe-1-150x150.jpg 150w, https:\/\/sola.kau.se\/hagfors\/wp-content\/uploads\/sites\/1285\/2025\/02\/Firefly-Var-forskolegard-erbjuder-barnen-en-variation-av-olika-typer-aktivering.-Barnen-far-mojlighe-1-768x768.jpg 768w, https:\/\/sola.kau.se\/hagfors\/wp-content\/uploads\/sites\/1285\/2025\/02\/Firefly-Var-forskolegard-erbjuder-barnen-en-variation-av-olika-typer-aktivering.-Barnen-far-mojlighe-1-1536x1536.jpg 1536w, https:\/\/sola.kau.se\/hagfors\/wp-content\/uploads\/sites\/1285\/2025\/02\/Firefly-Var-forskolegard-erbjuder-barnen-en-variation-av-olika-typer-aktivering.-Barnen-far-mojlighe-1-1140x1140.jpg 1140w, https:\/\/sola.kau.se\/hagfors\/wp-content\/uploads\/sites\/1285\/2025\/02\/Firefly-Var-forskolegard-erbjuder-barnen-en-variation-av-olika-typer-aktivering.-Barnen-far-mojlighe-1-400x400.jpg 400w, https:\/\/sola.kau.se\/hagfors\/wp-content\/uploads\/sites\/1285\/2025\/02\/Firefly-Var-forskolegard-erbjuder-barnen-en-variation-av-olika-typer-aktivering.-Barnen-far-mojlighe-1-600x600.jpg 600w, https:\/\/sola.kau.se\/hagfors\/wp-content\/uploads\/sites\/1285\/2025\/02\/Firefly-Var-forskolegard-erbjuder-barnen-en-variation-av-olika-typer-aktivering.-Barnen-far-mojlighe-1.jpg 2048w\" sizes=\"auto, (max-width: 1024px) 100vw, 1024px\" \/><\/figure>\n\n\n\n<p><\/p>\n\n\n\n<p class=\"has-text-align-right\">Finmotoriken tr\u00e4nas i bland annat sandl\u00e5dan, v\u00e5r m\u00e5larv\u00e4gg och vid borden som finns utst\u00e4llda p\u00e5 g\u00e5rden d\u00e4r barnen alltid har tillg\u00e5ng till olika material f\u00f6r kreativt skapande. Tillg\u00e5ngen till skogen bakom f\u00f6rskolan m\u00f6jligg\u00f6r unders\u00f6kningar samt en ing\u00e5ng till f\u00f6rdjupad f\u00f6rst\u00e5else f\u00f6r djur och natur.<\/p>\n\n\n<div class=\"wp-block-image is-style-rounded\">\n<figure class=\"alignleft size-full is-resized\"><img loading=\"lazy\" decoding=\"async\" width=\"640\" height=\"495\" src=\"https:\/\/sola.kau.se\/hagfors\/wp-content\/uploads\/sites\/1285\/2025\/05\/image-13.png\" alt=\"\" class=\"wp-image-1023\" style=\"width:214px;height:auto\" srcset=\"https:\/\/sola.kau.se\/hagfors\/wp-content\/uploads\/sites\/1285\/2025\/05\/image-13.png 640w, https:\/\/sola.kau.se\/hagfors\/wp-content\/uploads\/sites\/1285\/2025\/05\/image-13-300x232.png 300w, https:\/\/sola.kau.se\/hagfors\/wp-content\/uploads\/sites\/1285\/2025\/05\/image-13-600x464.png 600w\" sizes=\"auto, (max-width: 640px) 100vw, 640px\" \/><\/figure><\/div>\n\n<div class=\"wp-block-image is-style-rounded\">\n<figure class=\"aligncenter size-large is-resized\"><img loading=\"lazy\" decoding=\"async\" width=\"1024\" height=\"1024\" src=\"https:\/\/sola.kau.se\/hagfors\/wp-content\/uploads\/sites\/1285\/2025\/02\/Firefly-Sandladan-och-borden-tacks-av-en-pergola-for-att-skydda-barnen-mot-den-starka-solen._Forskol-1024x1024.jpg\" alt=\"\" class=\"wp-image-495\" style=\"width:210px;height:auto\" srcset=\"https:\/\/sola.kau.se\/hagfors\/wp-content\/uploads\/sites\/1285\/2025\/02\/Firefly-Sandladan-och-borden-tacks-av-en-pergola-for-att-skydda-barnen-mot-den-starka-solen._Forskol-1024x1024.jpg 1024w, https:\/\/sola.kau.se\/hagfors\/wp-content\/uploads\/sites\/1285\/2025\/02\/Firefly-Sandladan-och-borden-tacks-av-en-pergola-for-att-skydda-barnen-mot-den-starka-solen._Forskol-300x300.jpg 300w, https:\/\/sola.kau.se\/hagfors\/wp-content\/uploads\/sites\/1285\/2025\/02\/Firefly-Sandladan-och-borden-tacks-av-en-pergola-for-att-skydda-barnen-mot-den-starka-solen._Forskol-150x150.jpg 150w, https:\/\/sola.kau.se\/hagfors\/wp-content\/uploads\/sites\/1285\/2025\/02\/Firefly-Sandladan-och-borden-tacks-av-en-pergola-for-att-skydda-barnen-mot-den-starka-solen._Forskol-768x768.jpg 768w, https:\/\/sola.kau.se\/hagfors\/wp-content\/uploads\/sites\/1285\/2025\/02\/Firefly-Sandladan-och-borden-tacks-av-en-pergola-for-att-skydda-barnen-mot-den-starka-solen._Forskol-1536x1536.jpg 1536w, https:\/\/sola.kau.se\/hagfors\/wp-content\/uploads\/sites\/1285\/2025\/02\/Firefly-Sandladan-och-borden-tacks-av-en-pergola-for-att-skydda-barnen-mot-den-starka-solen._Forskol-1140x1140.jpg 1140w, https:\/\/sola.kau.se\/hagfors\/wp-content\/uploads\/sites\/1285\/2025\/02\/Firefly-Sandladan-och-borden-tacks-av-en-pergola-for-att-skydda-barnen-mot-den-starka-solen._Forskol-400x400.jpg 400w, https:\/\/sola.kau.se\/hagfors\/wp-content\/uploads\/sites\/1285\/2025\/02\/Firefly-Sandladan-och-borden-tacks-av-en-pergola-for-att-skydda-barnen-mot-den-starka-solen._Forskol-600x600.jpg 600w, https:\/\/sola.kau.se\/hagfors\/wp-content\/uploads\/sites\/1285\/2025\/02\/Firefly-Sandladan-och-borden-tacks-av-en-pergola-for-att-skydda-barnen-mot-den-starka-solen._Forskol.jpg 2048w\" sizes=\"auto, (max-width: 1024px) 100vw, 1024px\" \/><\/figure><\/div>\n\n\n<p>Sandl\u00e5dan och borden t\u00e4cks av en pergola f\u00f6r att skydda barnen mot den starka solen.<\/p>\n\n\n\n<p><br><\/p>\n\n\n<div class=\"wp-block-image is-style-rounded\">\n<figure class=\"alignright size-full is-resized\"><img loading=\"lazy\" decoding=\"async\" width=\"680\" height=\"594\" src=\"https:\/\/sola.kau.se\/hagfors\/wp-content\/uploads\/sites\/1285\/2025\/05\/image-23.png\" alt=\"\" class=\"wp-image-1093\" style=\"width:205px;height:auto\" srcset=\"https:\/\/sola.kau.se\/hagfors\/wp-content\/uploads\/sites\/1285\/2025\/05\/image-23.png 680w, https:\/\/sola.kau.se\/hagfors\/wp-content\/uploads\/sites\/1285\/2025\/05\/image-23-300x262.png 300w, https:\/\/sola.kau.se\/hagfors\/wp-content\/uploads\/sites\/1285\/2025\/05\/image-23-600x524.png 600w\" sizes=\"auto, (max-width: 680px) 100vw, 680px\" \/><\/figure><\/div>\n\n\n<p>P\u00e5 f\u00f6rskoleg\u00e5rden finns \u00e4ven pallkragar utplacerade som vi anv\u00e4nder varje sommar f\u00f6r att plantera diverse v\u00e4xter i. Vid slutet av maj f\u00e5r de v\u00e4xter barnen planterat inne i mj\u00f6lkartonger \u00e4ntligen byta plats och komma ut till v\u00e5ra pallkragar i det varma och fina sommarv\u00e4dret!<\/p>\n\n\n\n<h2 class=\"wp-block-heading\">Innemilj\u00f6<\/h2>\n\n\n<div class=\"wp-block-image is-style-rounded wp-duotone-unset-1\">\n<figure class=\"alignright size-full is-resized\"><img loading=\"lazy\" decoding=\"async\" width=\"1024\" height=\"1024\" src=\"https:\/\/sola.kau.se\/hagfors\/wp-content\/uploads\/sites\/1285\/2025\/04\/koja-i-forskola.png\" alt=\"\" class=\"wp-image-763\" style=\"width:219px;height:auto\" srcset=\"https:\/\/sola.kau.se\/hagfors\/wp-content\/uploads\/sites\/1285\/2025\/04\/koja-i-forskola.png 1024w, https:\/\/sola.kau.se\/hagfors\/wp-content\/uploads\/sites\/1285\/2025\/04\/koja-i-forskola-300x300.png 300w, https:\/\/sola.kau.se\/hagfors\/wp-content\/uploads\/sites\/1285\/2025\/04\/koja-i-forskola-150x150.png 150w, https:\/\/sola.kau.se\/hagfors\/wp-content\/uploads\/sites\/1285\/2025\/04\/koja-i-forskola-768x768.png 768w\" sizes=\"auto, (max-width: 1024px) 100vw, 1024px\" \/><\/figure><\/div>\n\n\n<p>Lokalerna inomhus \u00e4r rymliga samt anpassade och f\u00f6rsedda med breda d\u00f6rrposter f\u00f6r att fr\u00e4mja framkomligheten och f\u00f6rflyttning mellan rummen. Varje avdelning har flera rum d\u00e4r barnen erbjuds olika former av lek och l\u00e4rande genom en tanke av progression. De fysiska milj\u00f6erna utformas efter intresse och behov, d\u00e4rav f\u00f6r\u00e4ndras milj\u00f6erna under \u00e5rets g\u00e5ng. Nedan ser ni ett gemensamt utrymme vi har p\u00e5 f\u00f6rskolan. Mer detaljer g\u00e4llande varje avdelnings inomhusmilj\u00f6 hittar du under respektive avdelnings flik, under &#8220;avdelningar&#8221; i menyn.<\/p>\n\n\n\n<figure class=\"wp-block-image size-large is-resized is-style-rounded\"><img loading=\"lazy\" decoding=\"async\" width=\"1024\" height=\"683\" src=\"https:\/\/sola.kau.se\/hagfors\/wp-content\/uploads\/sites\/1285\/2025\/05\/ChatGPT-Image-28-maj-2025-12_52_52-1024x683.png\" alt=\"\" class=\"wp-image-1103\" style=\"width:427px;height:auto\" srcset=\"https:\/\/sola.kau.se\/hagfors\/wp-content\/uploads\/sites\/1285\/2025\/05\/ChatGPT-Image-28-maj-2025-12_52_52-1024x683.png 1024w, https:\/\/sola.kau.se\/hagfors\/wp-content\/uploads\/sites\/1285\/2025\/05\/ChatGPT-Image-28-maj-2025-12_52_52-300x200.png 300w, https:\/\/sola.kau.se\/hagfors\/wp-content\/uploads\/sites\/1285\/2025\/05\/ChatGPT-Image-28-maj-2025-12_52_52-768x512.png 768w, https:\/\/sola.kau.se\/hagfors\/wp-content\/uploads\/sites\/1285\/2025\/05\/ChatGPT-Image-28-maj-2025-12_52_52-600x400.png 600w, https:\/\/sola.kau.se\/hagfors\/wp-content\/uploads\/sites\/1285\/2025\/05\/ChatGPT-Image-28-maj-2025-12_52_52-945x630.png 945w, https:\/\/sola.kau.se\/hagfors\/wp-content\/uploads\/sites\/1285\/2025\/05\/ChatGPT-Image-28-maj-2025-12_52_52.png 1536w\" sizes=\"auto, (max-width: 1024px) 100vw, 1024px\" \/><\/figure>\n\n\n\n<h2 class=\"wp-block-heading\">\u00d6vriga milj\u00f6er<\/h2>\n\n\n<div class=\"wp-block-image is-style-rounded\">\n<figure class=\"alignright size-full is-resized\"><img loading=\"lazy\" decoding=\"async\" width=\"1024\" height=\"1024\" src=\"https:\/\/sola.kau.se\/hagfors\/wp-content\/uploads\/sites\/1285\/2025\/04\/En-fo\u0308rskolela\u0308rare-som-skjutsar-barn-i-cykelvagn-elcykel.-Skandinavisk-la\u0308rare-1.jpeg\" alt=\"\" class=\"wp-image-613\" style=\"width:262px;height:auto\" srcset=\"https:\/\/sola.kau.se\/hagfors\/wp-content\/uploads\/sites\/1285\/2025\/04\/En-fo\u0308rskolela\u0308rare-som-skjutsar-barn-i-cykelvagn-elcykel.-Skandinavisk-la\u0308rare-1.jpeg 1024w, https:\/\/sola.kau.se\/hagfors\/wp-content\/uploads\/sites\/1285\/2025\/04\/En-fo\u0308rskolela\u0308rare-som-skjutsar-barn-i-cykelvagn-elcykel.-Skandinavisk-la\u0308rare-1-300x300.jpeg 300w, https:\/\/sola.kau.se\/hagfors\/wp-content\/uploads\/sites\/1285\/2025\/04\/En-fo\u0308rskolela\u0308rare-som-skjutsar-barn-i-cykelvagn-elcykel.-Skandinavisk-la\u0308rare-1-150x150.jpeg 150w, https:\/\/sola.kau.se\/hagfors\/wp-content\/uploads\/sites\/1285\/2025\/04\/En-fo\u0308rskolela\u0308rare-som-skjutsar-barn-i-cykelvagn-elcykel.-Skandinavisk-la\u0308rare-1-768x768.jpeg 768w\" sizes=\"auto, (max-width: 1024px) 100vw, 1024px\" \/><\/figure><\/div>\n\n\n<p>P\u00e5 Blomster\u00e4ngen har vi f\u00f6rm\u00e5nen att innehava 4 stycken el-cyklar som g\u00f6r att vi kan uppt\u00e4cka och utforska v\u00e5r n\u00e4rmilj\u00f6. Vi har under v\u00e5ren bland annat bes\u00f6kt biblioteket, skogen, idrottshallen och den lokala mataff\u00e4ren. Detta g\u00f6rs f\u00f6r att ge barnen f\u00f6ruts\u00e4ttningar att l\u00e4ra k\u00e4nna sin n\u00e4rmilj\u00f6 och f\u00f6rst\u00e5 de samh\u00e4llsfunktioner som har betydelse f\u00f6r det dagliga livet, vilket \u00e4r ett av m\u00e5len i l\u00e4roplanen f\u00f6r f\u00f6rskolan.<\/p>\n","protected":false},"excerpt":{"rendered":"<p>P\u00e5 Blomster\u00e4ngens f\u00f6rskola erbjuds barnen att leka och l\u00e4ra i olika milj\u00f6er b\u00e5de inne och ute. Utemilj\u00f6 V\u00e5r g\u00e5rd erbjuder barnen en variation av olika typer av aktivering, utforskningsm\u00f6jligeter och unders\u00f6kningar. Grovmotoriken tr\u00e4nas i kl\u00e4tterst\u00e4llningen och koordinationsf\u00f6rm\u00e5ngan \u00f6vas f\u00f6r att&#8230; <a class=\"more-link\" href=\"https:\/\/sola.kau.se\/hagfors\/inne-och-utemiljoer\/\">Forts\u00e4tt l\u00e4sa &rarr;<\/a><\/p>\n","protected":false},"author":4888,"featured_media":0,"parent":0,"menu_order":0,"comment_status":"closed","ping_status":"closed","template":"","meta":{"footnotes":""},"class_list":["post-343","page","type-page","status-publish","hentry"],"_links":{"self":[{"href":"https:\/\/sola.kau.se\/hagfors\/wp-json\/wp\/v2\/pages\/343","targetHints":{"allow":["GET"]}}],"collection":[{"href":"https:\/\/sola.kau.se\/hagfors\/wp-json\/wp\/v2\/pages"}],"about":[{"href":"https:\/\/sola.kau.se\/hagfors\/wp-json\/wp\/v2\/types\/page"}],"author":[{"embeddable":true,"href":"https:\/\/sola.kau.se\/hagfors\/wp-json\/wp\/v2\/users\/4888"}],"replies":[{"embeddable":true,"href":"https:\/\/sola.kau.se\/hagfors\/wp-json\/wp\/v2\/comments?post=343"}],"version-history":[{"count":29,"href":"https:\/\/sola.kau.se\/hagfors\/wp-json\/wp\/v2\/pages\/343\/revisions"}],"predecessor-version":[{"id":1390,"href":"https:\/\/sola.kau.se\/hagfors\/wp-json\/wp\/v2\/pages\/343\/revisions\/1390"}],"wp:attachment":[{"href":"https:\/\/sola.kau.se\/hagfors\/wp-json\/wp\/v2\/media?parent=343"}],"curies":[{"name":"wp","href":"https:\/\/api.w.org\/{rel}","templated":true}]}}