 {"id":378,"date":"2025-02-06T09:13:39","date_gmt":"2025-02-06T09:13:39","guid":{"rendered":"https:\/\/sola.kau.se\/hagfors\/?page_id=378"},"modified":"2025-06-02T09:06:24","modified_gmt":"2025-06-02T09:06:24","slug":"vardegrund-och-mangfald","status":"publish","type":"page","link":"https:\/\/sola.kau.se\/hagfors\/vardegrund-och-mangfald\/","title":{"rendered":"V\u00e4rdegrund och m\u00e5ngfald"},"content":{"rendered":"<div class=\"wp-block-image is-style-rounded\">\n<figure class=\"alignright size-large is-resized\"><img loading=\"lazy\" decoding=\"async\" width=\"1024\" height=\"1025\" src=\"https:\/\/sola.kau.se\/hagfors\/wp-content\/uploads\/sites\/1285\/2025\/06\/495075875_736651305451663_3522814865129172071_n-edited.jpg\" alt=\"\" class=\"wp-image-1287\" style=\"width:316px;height:auto\" srcset=\"https:\/\/sola.kau.se\/hagfors\/wp-content\/uploads\/sites\/1285\/2025\/06\/495075875_736651305451663_3522814865129172071_n-edited.jpg 1024w, https:\/\/sola.kau.se\/hagfors\/wp-content\/uploads\/sites\/1285\/2025\/06\/495075875_736651305451663_3522814865129172071_n-edited-300x300.jpg 300w, https:\/\/sola.kau.se\/hagfors\/wp-content\/uploads\/sites\/1285\/2025\/06\/495075875_736651305451663_3522814865129172071_n-edited-150x150.jpg 150w, https:\/\/sola.kau.se\/hagfors\/wp-content\/uploads\/sites\/1285\/2025\/06\/495075875_736651305451663_3522814865129172071_n-edited-768x769.jpg 768w, https:\/\/sola.kau.se\/hagfors\/wp-content\/uploads\/sites\/1285\/2025\/06\/495075875_736651305451663_3522814865129172071_n-edited-600x601.jpg 600w, https:\/\/sola.kau.se\/hagfors\/wp-content\/uploads\/sites\/1285\/2025\/06\/495075875_736651305451663_3522814865129172071_n-edited-945x946.jpg 945w\" sizes=\"auto, (max-width: 1024px) 100vw, 1024px\" \/><\/figure><\/div>\n\n\n<p><strong>V\u00e4rdegrund och m\u00e5ngfald (aktiva \u00e5tg\u00e4rder mot diskriminering)<\/strong><\/p>\n\n\n\n<p>Alla barn har r\u00e4tt till en trygg f\u00f6rskoleg\u00e5ng. Det \u00e4r vi vuxna som har ansvar att se till att v\u00e5r verksamhet \u00e4r fri fr\u00e5n diskriminering, trakasserier och kr\u00e4nkande behandling. Genom att se till att f\u00f6rskolemilj\u00f6n \u00e4r en trygg och stimulerande plats skapar vi f\u00f6ruts\u00e4ttningar f\u00f6r att alla barn kan delta p\u00e5 lika villkor. L\u00e4roplanen n\u00e4mner \u201c<em>F\u00f6rskolan ska spegla de v\u00e4rden och r\u00e4ttigheter som uttrycks i FN:s konvention om barnets r\u00e4ttigheter (barnkonventionen).\u201d&nbsp;<\/em><\/p>\n\n\n\n<p>D\u00e4rf\u00f6r anser vi att det \u00e4r av stor vikt att arbeta med aktiva \u00e5tg\u00e4rder mot diskriminering och kr\u00e4nkande behandling. Dessa aktiva \u00e5tg\u00e4rder best\u00e5r av tre delar: fr\u00e4mjande, f\u00f6rebyggande och \u00e5tg\u00e4rdande arbete.<\/p>\n\n\n\n<p><strong>Det fr\u00e4mjande arbetet<\/strong> handlar om att vi ska f\u00f6rst\u00e4rka respekten f\u00f6r allas lika v\u00e4rde och skapa en positiv och inkluderande milj\u00f6, h\u00e4r lyfts f\u00f6rskolans uppdrag att arbeta med de grundl\u00e4ggande demokratiska v\u00e4rderingarna. Detta arbete ska vara en naturlig del i det dagliga arbetet i hela verksamheten d\u00e4r vi lyfter upp och diskuterar de normer och v\u00e4rden vi m\u00f6ter.<\/p>\n\n\n\n<p><strong>Det f\u00f6rebyggande arbetet<\/strong> handlar om att vi ska arbetar utifr\u00e5n det vi anser vara riskfaktorer f\u00f6r diskriminering och kr\u00e4nkande behandling. Dessa riskfaktorer identifierar vi med hj\u00e4lp av kartl\u00e4ggningar. Sedan skapar vi en plan f\u00f6r hur vi f\u00f6rebyggande ska arbeta f\u00f6r att avv\u00e4rja riskerna f\u00f6r diskriminering, trakasserier och kr\u00e4nkande behandling.<br><strong>Det \u00e5tg\u00e4rdande arbetet<\/strong> handlar om hur vi ska agera n\u00e4r ett barn blir utsatt f\u00f6r diskriminering, trakasserier eller kr\u00e4nkande behandling. Det \u00e4r viktigt att vi \u00e4r v\u00e4l f\u00f6rberedda och vet hur vi ska agera i dessa situationer. D\u00e4rf\u00f6r ska det finnas tydliga rutiner f\u00f6r akuta \u00e5tg\u00e4rder som samtliga personer i verksamheten ska ha god k\u00e4nnedom kring. S\u00e5v\u00e4l anst\u00e4llda som v\u00e5rdnadshavare ska veta hur de ska agera n\u00e4r de f\u00e5r k\u00e4nnedom om ett barn varit utsatt. Barnen ska ocks\u00e5 veta att de ska v\u00e4nda sig till en vuxen om n\u00e5got h\u00e4nder.<\/p>\n\n\n\n<p>F\u00f6r att l\u00e4sa v\u00e5ra aktiva \u00e5tg\u00e4rder mot diskriminering och kr\u00e4nkande behandling kan ni trycka p\u00e5 knappen nedan:<\/p>\n\n\n\n<div class=\"wp-block-buttons is-layout-flex wp-block-buttons-is-layout-flex\">\n<div class=\"wp-block-button\"><a class=\"wp-block-button__link wp-element-button\" href=\"https:\/\/sola.kau.se\/hagfors\/likabehandlingsplan-2025\/\">Likabehandlingsplan 2025<\/a><\/div>\n<\/div>\n\n\n\n<p><\/p>\n","protected":false},"excerpt":{"rendered":"<p>V\u00e4rdegrund och m\u00e5ngfald (aktiva \u00e5tg\u00e4rder mot diskriminering) Alla barn har r\u00e4tt till en trygg f\u00f6rskoleg\u00e5ng. Det \u00e4r vi vuxna som har ansvar att se till att v\u00e5r verksamhet \u00e4r fri fr\u00e5n diskriminering, trakasserier och kr\u00e4nkande behandling. Genom att se till&#8230; <a class=\"more-link\" href=\"https:\/\/sola.kau.se\/hagfors\/vardegrund-och-mangfald\/\">Forts\u00e4tt l\u00e4sa &rarr;<\/a><\/p>\n","protected":false},"author":6578,"featured_media":0,"parent":0,"menu_order":0,"comment_status":"closed","ping_status":"closed","template":"","meta":{"footnotes":""},"class_list":["post-378","page","type-page","status-publish","hentry"],"_links":{"self":[{"href":"https:\/\/sola.kau.se\/hagfors\/wp-json\/wp\/v2\/pages\/378","targetHints":{"allow":["GET"]}}],"collection":[{"href":"https:\/\/sola.kau.se\/hagfors\/wp-json\/wp\/v2\/pages"}],"about":[{"href":"https:\/\/sola.kau.se\/hagfors\/wp-json\/wp\/v2\/types\/page"}],"author":[{"embeddable":true,"href":"https:\/\/sola.kau.se\/hagfors\/wp-json\/wp\/v2\/users\/6578"}],"replies":[{"embeddable":true,"href":"https:\/\/sola.kau.se\/hagfors\/wp-json\/wp\/v2\/comments?post=378"}],"version-history":[{"count":8,"href":"https:\/\/sola.kau.se\/hagfors\/wp-json\/wp\/v2\/pages\/378\/revisions"}],"predecessor-version":[{"id":1288,"href":"https:\/\/sola.kau.se\/hagfors\/wp-json\/wp\/v2\/pages\/378\/revisions\/1288"}],"wp:attachment":[{"href":"https:\/\/sola.kau.se\/hagfors\/wp-json\/wp\/v2\/media?parent=378"}],"curies":[{"name":"wp","href":"https:\/\/api.w.org\/{rel}","templated":true}]}}