 {"id":547,"date":"2025-02-14T13:14:02","date_gmt":"2025-02-14T13:14:02","guid":{"rendered":"https:\/\/sola.kau.se\/hagfors\/?page_id=547"},"modified":"2025-06-02T12:20:11","modified_gmt":"2025-06-02T12:20:11","slug":"lasarstider-2025","status":"publish","type":"page","link":"https:\/\/sola.kau.se\/hagfors\/lasarstider-2025\/","title":{"rendered":"L\u00e4s\u00e5rstider &amp; taxa och avgifter 2025"},"content":{"rendered":"\n<p>V\u00e5rterminen startar onsdag den 8 januari 2025.<\/p>\n\n\n\n<p>Barn som omfattas av allm\u00e4n-f\u00f6rskola: Avgiftsfri allm\u00e4n f\u00f6rskola \u00e4r en plats som ger barnet r\u00e4tt till f\u00f6rskola utifr\u00e5n barnets eget behov. Oavsett v\u00e5rdnadshavarnas syssels\u00e4ttning och familjens situation i \u00f6vrigt. Barnet har r\u00e4tt till plats i avgiftsfri allm\u00e4n f\u00f6rskola fr\u00e5n h\u00f6stterminen det \u00e5r barnet fyller tre \u00e5r.&nbsp;<br><br>V\u00e5rterminens lovdagar:<\/p>\n\n\n\n<ul class=\"wp-block-list\">\n<li>Sportlov 24 \u2013 28 februari<\/li>\n\n\n\n<li>P\u00e5sklov: 22 \u2013 25 april<\/li>\n<\/ul>\n\n\n\n<p>L\u00e4s\u00e5ret slutar fredag den 13 juni 2025.<br><br>Under v.28-31 h\u00e5ller Blomster\u00e4ngens f\u00f6rskolan st\u00e4ngt. F\u00f6r v\u00e5rdnadshavare som beh\u00f6ver barnomsorg under dessa veckor beh\u00f6ver ni kontakta Rektor Marie Osini senast 5\/6 -2025. F\u00f6rskolan Skogsdungen h\u00e5ller \u00f6ppet dessa veckor.<\/p>\n\n\n\n<p><\/p>\n\n\n\n<h2 class=\"wp-block-heading\" id=\"h-Foreskrifterfortaxaforavgifteriforskolorochfritidshem\">F\u00f6reskrifter f\u00f6r taxa f\u00f6r avgifter i f\u00f6rskolor och fritidshem<\/h2>\n\n\n\n<p>F\u00f6reskrifterna reviderades senast 2025-01-07.<\/p>\n\n\n\n<h4 class=\"wp-block-heading\" id=\"h-1Taxa\">1. Taxa<\/h4>\n\n\n\n<ul class=\"wp-block-list\">\n<li>1.1. Taxan debiteras f\u00f6r plats i f\u00f6rskola och fritidshem som en fast del oavsett n\u00e4rvarotid.<\/li>\n\n\n\n<li>1.2 Barnen kan endast ha en plats i kommunen.<\/li>\n\n\n\n<li>1.3. Avgift debiteras fr\u00e5n och med den dag d\u00e5 platsen finns tillg\u00e4nglig fr\u00e5n f\u00f6rsta inskolningsdagen.<\/li>\n<\/ul>\n\n\n\n<h4 class=\"wp-block-heading\" id=\"h-2Avgift\">2. Avgift<br>Avgift ber\u00e4knas p\u00e5 familjens samlade inkomst enligt f\u00f6ljande:<\/h4>\n\n\n\n<h2 class=\"wp-block-heading\" id=\"h-Iforskola\">I f\u00f6rskola<\/h2>\n\n\n\n<ul class=\"wp-block-list\">\n<li>barn 1: 3 % av inkomsten &#8211; dock h\u00f6gst 1 783 kronor per m\u00e5nad<\/li>\n\n\n\n<li>barn 2: 2 % av inkomsten &#8211; dock h\u00f6gst 1 189 kronor per m\u00e5nad<\/li>\n\n\n\n<li>barn 3: 1 % av inkomsten &#8211; dock h\u00f6gst 594 kronor per m\u00e5nad<\/li>\n\n\n\n<li>barn 4: ingen avgift<\/li>\n<\/ul>\n\n\n\n<h3 class=\"wp-block-heading\" id=\"h-Ifritidshem\"><\/h3>\n\n\n\n<ul class=\"wp-block-list\">\n<li>2.1. Med barn 1 avses det yngsta barnet.<\/li>\n\n\n\n<li>2.2. Avgift debiteras f\u00f6r innevarande m\u00e5nad under \u00e5rets 12 m\u00e5nader \u00e4ven under semester och annan ledighet s\u00e5 l\u00e4nge plats \u00e4r anvisad.<\/li>\n\n\n\n<li>2.3. Minst en (1) fast m\u00e5nadsavgift uttages \u00e4ven vid kortare placeringstid.<\/li>\n\n\n\n<li>2.4 F\u00f6r barn som kvarst\u00e5r i f\u00f6rskolan till skolstart vid 7 \u00e5r minskas avgiften med 26%.<\/li>\n<\/ul>\n\n\n\n<h3 class=\"wp-block-heading\" id=\"h-Iallmanforskola\">I allm\u00e4n f\u00f6rskola<\/h3>\n\n\n\n<ul class=\"wp-block-list\">\n<li>2.6 Avgiften reduceras med 26% fr\u00e5n fastst\u00e4lld verksamhetsstart det \u00e5r barnet fyller 3 \u00e5r till den dag barnet b\u00f6rjar f\u00f6rskoleklass\/skola, det \u00e5r barnet fyller 6 \u00e5r. Barn som endast deltar inom den s.k. allm\u00e4nna f\u00f6rskolan p\u00e5 fastst\u00e4lld verksamhetstid (som regel 15 timmar i veckan, 525 timmar per \u00e5r) betalar ingen avgift.<\/li>\n\n\n\n<li>2.7 Barn som endast deltar inom den s.k. allm\u00e4nna f\u00f6rskolan p\u00e5 fastst\u00e4lld verksamhetstid (som regel 15 timmar i veckan, 525 timmar per \u00e5r) betalar ingen avgift.<\/li>\n<\/ul>\n\n\n\n<h3 class=\"wp-block-heading\" id=\"h-3Inkomstberakningar\">3. Inkomstber\u00e4kningar<\/h3>\n\n\n\n<ul class=\"wp-block-list\">\n<li>3.1 Familjernas ekonomiska b\u00e4rkraft utg\u00f6r grunder vid ber\u00e4kning av inkomst. Korrekta inkomstuppgifter f\u00f6r familjerna skall l\u00e4mnas innan platsen tilltr\u00e4ds. Uppgiften om f\u00f6rh\u00e5llanden som p\u00e5verkar den avgiftsgrundande inkomsten skall snarast l\u00e4mnas till Barn- och utbildningsf\u00f6rvaltningen.<\/li>\n\n\n\n<li>3.2 F\u00f6r att avdrag skall kunna ske p\u00e5 m\u00e5nadsavgiften m\u00e5ste ny inkomstuppgift vara tillhanda senast den siste i m\u00e5naden innan. \u00c5terbetalning av f\u00f6r h\u00f6g avgift g\u00f6rs som regel endast f\u00f6r f\u00f6reg\u00e5ende m\u00e5nad. S\u00e4rskild pr\u00f6vning kan g\u00f6ras efter skriftlig ans\u00f6kan.<\/li>\n\n\n\n<li>3.3 F\u00f6r familjer med stora variationer i den avgiftsgrundande inkomsten ber\u00e4knas avgiften enligt den genomsnittliga \u00e5rsinkomsten.<\/li>\n\n\n\n<li>3.4 Felaktig information i inkomstuppgiften (inkomster, familjef\u00f6rh\u00e5llanden etc.) kan medf\u00f6ra efterdebitering och r\u00e4ttsliga \u00e5tg\u00e4rder. Kommunen har r\u00e4tt att genomf\u00f6ra retroaktiva r\u00e4ttelser om den felaktiga uppgiften inneburit att f\u00f6r l\u00e5g avgift debiterats.<\/li>\n\n\n\n<li>3.5 Kommunen \u00e4ger r\u00e4tt att kontrollera inkomstuppgiften med skattemyndighet, arbetsgivare samt \u00f6vriga eventuella bidragsgivare i efterhand samt genomf\u00f6r stickprovskontroller.<\/li>\n\n\n\n<li>3.6 Kommunen debiterar h\u00f6gsta avgift n\u00e4r platsinnehavaren har underl\u00e5tit att l\u00e4mna inkomstuppgift.<\/li>\n<\/ul>\n\n\n\n<h3 class=\"wp-block-heading\" id=\"h-4Familjen\">4. Familjen<\/h3>\n\n\n\n<ul class=\"wp-block-list\">\n<li>4.1 Avgiften grundas p\u00e5 f\u00f6r\u00e4ldrarnas samlade bruttoinkomster. Som f\u00f6r\u00e4ldrar j\u00e4mst\u00e4lls \u00e4ven sammanboende.<\/li>\n\n\n\n<li>4.2 I de fall barn bor i tv\u00e5 familjer och b\u00e5da hush\u00e5llen har plats i f\u00f6rskola och\/eller fritidshem, ber\u00e4knas avgiften efter hush\u00e5llens sammanlagda bruttoinkomster var f\u00f6r sig. Avgiften f\u00f6r ett barn f\u00e5r dock inte \u00f6verstiga maxtaxans tak. Avgiften delas med samma procentandel mellan b\u00e5da hush\u00e5llen efter som b\u00e5da \u00e4r platsinnehavare. Efter beg\u00e4ran kan annan f\u00f6rdelning g\u00f6ras med h\u00e4nsyn till omsorgstiden.<\/li>\n\n\n\n<li>4.3 I de fall barn bor i tv\u00e5 familjer och b\u00e5da hush\u00e5llen har plats i f\u00f6rskola och\/eller fritidshem, ber\u00e4knas avgift, ut\u00f6ver vad som s\u00e4gs i p. 4.2 efter antalet barn med plats i varje hush\u00e5ll f\u00f6r sig. F\u00f6r samma barn kan allts\u00e5 uttaget vara som barn ett i ena familjen och som barn tv\u00e5 eller tre i andra familjen.<\/li>\n\n\n\n<li>4.4 Inkomst eller annan j\u00e4mf\u00f6rbar ers\u00e4ttning f\u00f6r arbete i annat land \u00e4r avgiftsgrundande i likhet med vad som anges i \u00f6vrigt i dessa anvisningar.<\/li>\n\n\n\n<li>4.5 F\u00f6r familjer med familjehemsplacerade barn j\u00e4mst\u00e4lls familjehemsf\u00f6r\u00e4ldrarna med andra f\u00f6r\u00e4ldrar. Avgift grundas av arvodesdel samt inkomster i likhet med vad som anges i \u00f6vrigt i dessa anvisningar.<\/li>\n<\/ul>\n\n\n\n<h3 class=\"wp-block-heading\" id=\"h-5Avgiftsgrundandebruttoinkomster\">5. Avgiftsgrundande bruttoinkomster<\/h3>\n\n\n\n<p>F\u00f6ljande inkomster\/ers\u00e4ttningar mm skall ligga till grund vid ber\u00e4kning av avgift:<\/p>\n\n\n\n<ul class=\"wp-block-list\">\n<li>Inkomst f\u00f6re skatt och avdrag, inklusive samtliga skattepliktiga till\u00e4gg, OB-till\u00e4gg, jourers\u00e4ttning, semestertill\u00e4gg, arvoden mm.<\/li>\n\n\n\n<li>Inkomst av r\u00f6relse, (det skattem\u00e4ssiga \u00f6verskottet d.v.s det belopp som \u00f6verf\u00f6rs till huvuddeklarationsblanketten i enlighet med vad som anges i inkomstskattelagen, avseende innevarade \u00e5r).<\/li>\n\n\n\n<li>Arbetsl\u00f6shetsers\u00e4ttning\/kontant arbetsmarknadsst\u00f6d.<\/li>\n\n\n\n<li>Sjukpenning\/sjukbidrag.<\/li>\n\n\n\n<li>F\u00f6r\u00e4ldrapenning.<\/li>\n\n\n\n<li>V\u00e5rdbidrag till den del det utg\u00f6r arvode.<\/li>\n\n\n\n<li>Pension (ej barnpension) och livr\u00e4nta.<\/li>\n\n\n\n<li>Familjebidrag (i form av familjepenning \u2013 v\u00e4rnpliktstj\u00e4nstg\u00f6ring).<\/li>\n\n\n\n<li>Aktivitetsst\u00f6d (ers\u00e4ttning vid deltagande i arbetsmarknadspolitiska program).<\/li>\n\n\n\n<li>Familjehemsf\u00f6r\u00e4ldrars arvodesers\u00e4ttning.<\/li>\n\n\n\n<li>\u00d6vriga skattepliktiga inkomster och ers\u00e4ttningar.<\/li>\n<\/ul>\n\n\n\n<h3 class=\"wp-block-heading\" id=\"h-6Reduceringavavgift\">6. Reducering av avgift<\/h3>\n\n\n\n<ul class=\"wp-block-list\">\n<li>6.1 F\u00f6r barn i f\u00f6rskolan med placering enligt 8 kap 7\u00a7 Skollagen reduceras avgiften med 26%. Det avser barn som av fysiska, psykiska eller andra sk\u00e4l beh\u00f6ver s\u00e4rskilt st\u00f6d i sin utveckling. Beslut om s\u00e5dant avdrag fattas av rektor.<\/li>\n\n\n\n<li>6.2 Fr\u00e5n verksamhets\u00e5rets start det \u00e5r barnet fyller 3 \u00e5r till dess barnet b\u00f6rjar i f\u00f6rskoleklass\/skola det \u00e5r barnet fyller 6 \u00e5r reduceras avgiften med 26%. (Allm\u00e4n f\u00f6rskola).<\/li>\n\n\n\n<li>6.3 F\u00f6r barn i fritidshem med placering enligt 14 kap 6\u00a7 Skollagen utg\u00e5r full avgift.<\/li>\n\n\n\n<li>6.4 Individuell pr\u00f6vning kan g\u00f6ras om synnerliga sk\u00e4l f\u00f6religger.<\/li>\n<\/ul>\n\n\n\n<h3 class=\"wp-block-heading\" id=\"h-7Betalningsansvar\">7. Betalningsansvar<\/h3>\n\n\n\n<ul class=\"wp-block-list\">\n<li>7.1 B\u00e5da v\u00e5rdnadshavare har betalningsansvar alternativt den v\u00e5rdnadshavare som ensam har v\u00e5rdnaden om barnet.<\/li>\n<\/ul>\n\n\n\n<h3 class=\"wp-block-heading\" id=\"h-8Uppsagningavplats\">8. Upps\u00e4gning av plats<\/h3>\n\n\n\n<ul class=\"wp-block-list\">\n<li>8.1 Upps\u00e4gningstiden \u00e4r 1 m\u00e5nad. Avgift erl\u00e4ggs alltid f\u00f6r upps\u00e4gningstiden.<\/li>\n\n\n\n<li>8.2 Upps\u00e4gning av plats sker skriftligt. Upps\u00e4gningstiden r\u00e4knas fr.o.m den dag upps\u00e4gningen inkommit till f\u00f6rvaltningen. Om upps\u00e4gningstiden kommer att omfatta del av m\u00e5nad debiteras 1\/30 av m\u00e5nadsavgiften per kalenderdag.<\/li>\n\n\n\n<li>8.3 Upps\u00e4gning som avser uppeh\u00e5ll i vistelsen beviljas ej f\u00f6r kortare period \u00e4n 4 m\u00e5nader. (t.ex. under skollov, semester eller annan ledighet och d\u00e5 fortsatt omsorgsbehov \u00e4r k\u00e4nt).<\/li>\n\n\n\n<li>8.4 N\u00e4mnden har r\u00e4tt att s\u00e4ga upp platsen i f\u00f6rskola\/fritidshem om den inte utnyttjas, missbrukas, om felaktiga inkomstuppgifter l\u00e4mnas eller om debiterad avgift inte betalas.<\/li>\n<\/ul>\n\n\n\n<h3 class=\"wp-block-heading\" id=\"h-9Ratttillplats\">9. R\u00e4tt till plats<\/h3>\n\n\n\n<ul class=\"wp-block-list\">\n<li>9.1 F\u00f6r familj som uppb\u00e4r skuld f\u00f6r avgift upph\u00f6r r\u00e4tten till ny plats till dess att avgiften betalats. \u00d6verenskommelse om reglering av skuld kan g\u00f6ras varvid avdrag g\u00f6rs direkt p\u00e5 l\u00f6n eller p\u00e5 annan inkomst. Plats erh\u00e5lls en m\u00e5nad i s\u00e4nder till dess skulden \u00e4r reglerad.<\/li>\n<\/ul>\n","protected":false},"excerpt":{"rendered":"<p>V\u00e5rterminen startar onsdag den 8 januari 2025. Barn som omfattas av allm\u00e4n-f\u00f6rskola: Avgiftsfri allm\u00e4n f\u00f6rskola \u00e4r en plats som ger barnet r\u00e4tt till f\u00f6rskola utifr\u00e5n barnets eget behov. Oavsett v\u00e5rdnadshavarnas syssels\u00e4ttning och familjens situation i \u00f6vrigt. Barnet har r\u00e4tt till&#8230; <a class=\"more-link\" href=\"https:\/\/sola.kau.se\/hagfors\/lasarstider-2025\/\">Forts\u00e4tt l\u00e4sa &rarr;<\/a><\/p>\n","protected":false},"author":6578,"featured_media":0,"parent":0,"menu_order":0,"comment_status":"closed","ping_status":"closed","template":"","meta":{"footnotes":""},"class_list":["post-547","page","type-page","status-publish","hentry"],"_links":{"self":[{"href":"https:\/\/sola.kau.se\/hagfors\/wp-json\/wp\/v2\/pages\/547","targetHints":{"allow":["GET"]}}],"collection":[{"href":"https:\/\/sola.kau.se\/hagfors\/wp-json\/wp\/v2\/pages"}],"about":[{"href":"https:\/\/sola.kau.se\/hagfors\/wp-json\/wp\/v2\/types\/page"}],"author":[{"embeddable":true,"href":"https:\/\/sola.kau.se\/hagfors\/wp-json\/wp\/v2\/users\/6578"}],"replies":[{"embeddable":true,"href":"https:\/\/sola.kau.se\/hagfors\/wp-json\/wp\/v2\/comments?post=547"}],"version-history":[{"count":10,"href":"https:\/\/sola.kau.se\/hagfors\/wp-json\/wp\/v2\/pages\/547\/revisions"}],"predecessor-version":[{"id":1336,"href":"https:\/\/sola.kau.se\/hagfors\/wp-json\/wp\/v2\/pages\/547\/revisions\/1336"}],"wp:attachment":[{"href":"https:\/\/sola.kau.se\/hagfors\/wp-json\/wp\/v2\/media?parent=547"}],"curies":[{"name":"wp","href":"https:\/\/api.w.org\/{rel}","templated":true}]}}