 {"id":73,"date":"2021-09-01T13:23:37","date_gmt":"2021-09-01T12:23:37","guid":{"rendered":"https:\/\/sola.kau.se\/hravdelningen\/?page_id=73"},"modified":"2021-09-01T13:26:55","modified_gmt":"2021-09-01T12:26:55","slug":"kompetensutvecklinginterkultur","status":"publish","type":"page","link":"https:\/\/sola.kau.se\/hravdelningen\/kompetensutvecklinginterkultur\/","title":{"rendered":"Underlag till kompetensutveckling i interkultur"},"content":{"rendered":"\n<p>F\u00f6r att s\u00e4kerst\u00e4lla att workshoparna i kompetensutvecklingen i interkultur blir s\u00e5 relevanta som m\u00f6jligt f\u00f6r dig i ditt jobb och arbetsvardag vill vi samla in dina tankar och \u00f6nskem\u00e5l s\u00e5 vi kan anpassa workshoparna efter detta. Tack f\u00f6r ditt bidrag till att g\u00f6ra v\u00e5rt program s\u00e5 bra det bara kan bli!<\/p>\n\n\n\n\n\n<p>Klicka p\u00e5 knappen ovan f\u00f6r att skicka in<\/p>\n","protected":false},"excerpt":{"rendered":"<p>F\u00f6r att s\u00e4kerst\u00e4lla att workshoparna i kompetensutvecklingen i interkultur blir s\u00e5 relevanta som m\u00f6jligt f\u00f6r dig i ditt jobb och arbetsvardag vill vi samla in dina tankar och \u00f6nskem\u00e5l s\u00e5 vi kan anpassa workshoparna efter detta. Tack f\u00f6r ditt bidrag till att g\u00f6ra v\u00e5rt program s\u00e5 bra det bara kan bli! Klicka p\u00e5 knappen ovan [&hellip;]<\/p>\n","protected":false},"author":199,"featured_media":0,"parent":0,"menu_order":0,"comment_status":"closed","ping_status":"closed","template":"","meta":{"footnotes":""},"class_list":["post-73","page","type-page","status-publish","hentry"],"_links":{"self":[{"href":"https:\/\/sola.kau.se\/hravdelningen\/wp-json\/wp\/v2\/pages\/73","targetHints":{"allow":["GET"]}}],"collection":[{"href":"https:\/\/sola.kau.se\/hravdelningen\/wp-json\/wp\/v2\/pages"}],"about":[{"href":"https:\/\/sola.kau.se\/hravdelningen\/wp-json\/wp\/v2\/types\/page"}],"author":[{"embeddable":true,"href":"https:\/\/sola.kau.se\/hravdelningen\/wp-json\/wp\/v2\/users\/199"}],"replies":[{"embeddable":true,"href":"https:\/\/sola.kau.se\/hravdelningen\/wp-json\/wp\/v2\/comments?post=73"}],"version-history":[{"count":4,"href":"https:\/\/sola.kau.se\/hravdelningen\/wp-json\/wp\/v2\/pages\/73\/revisions"}],"predecessor-version":[{"id":77,"href":"https:\/\/sola.kau.se\/hravdelningen\/wp-json\/wp\/v2\/pages\/73\/revisions\/77"}],"wp:attachment":[{"href":"https:\/\/sola.kau.se\/hravdelningen\/wp-json\/wp\/v2\/media?parent=73"}],"curies":[{"name":"wp","href":"https:\/\/api.w.org\/{rel}","templated":true}]}}