 {"id":2,"date":"2020-09-04T12:29:14","date_gmt":"2020-09-04T12:29:14","guid":{"rendered":"https:\/\/sola.kau.se\/upekonferens2021\/?page_id=2"},"modified":"2023-09-18T12:45:28","modified_gmt":"2023-09-18T12:45:28","slug":"sample-page","status":"publish","type":"page","link":"https:\/\/sola.kau.se\/kaukan2023\/","title":{"rendered":"KauKan! H\u00f6gskolepedagogisk utvecklingsdag"},"content":{"rendered":"\n<h2 class=\"wp-block-heading has-text-align-left\"><strong>28 september 2023<\/strong><br><strong>\u00c5rets tema: Fr\u00e5n konferens till&nbsp;utvecklingsdag<\/strong><\/h2>\n\n\n\n<div class=\"wp-block-columns is-layout-flex wp-container-core-columns-is-layout-9d6595d7 wp-block-columns-is-layout-flex\">\n<div class=\"wp-block-column is-layout-flow wp-block-column-is-layout-flow\" style=\"flex-basis:66.66%\">\n<p>Torsdag 28 september bjuder UPE in till \u00e5rets h\u00f6gskolepedagogiska utvecklingsdag, d\u00e4r l\u00e4ros\u00e4tets personal f\u00e5r m\u00f6jlighet att utbyta erfarenheter, ha&nbsp;kollegiala samtal samt ta del av olika utvecklingsarbeten om undervisning och examination.<\/p>\n\n\n\n<p>Utvecklingsdagen \u00e4r kostnadsfri och kommer att genomf\u00f6ras p\u00e5 plats p\u00e5 Kau.<\/p>\n\n\n\n<p>Det vore sp\u00e4nnande att f\u00e5 in \u00e4nnu&nbsp;fler bidrag och samtal kring h\u00f6gskolepedagogik och bjuder d\u00e4rf\u00f6r in till en utvecklingsdag.&nbsp;<\/p>\n\n\n\n<p>Ta chansen att synligg\u00f6ra vad som h\u00e4nder i din kurs eller program eller vilka fr\u00e5gor och funderingar du b\u00e4r med dig. Kom och ta del av dina kollegors samtal och ber\u00e4ttelser.&nbsp;Kau vill och KauKan!<\/p>\n\n\n\n<p>Aktuella och angel\u00e4gna fr\u00e5gor f\u00f6r utvecklingsdagen kan&nbsp;exempelvis vara:&nbsp;&nbsp;<\/p>\n\n\n\n<ul class=\"wp-block-list\">\n<li>Vad har ni gjort i era kurser f\u00f6r att f\u00f6rb\u00e4ttra l\u00e4randet f\u00f6r era studenter?<\/li>\n\n\n\n<li>Vilka praktiska moment har ni genomf\u00f6rt som&nbsp;du\/ni vill visa?<\/li>\n\n\n\n<li>Dela med dig av n\u00e5got som inte gick som planerat.<\/li>\n\n\n\n<li>Alla bidrag \u00e4r v\u00e4lkomna! <strong>Skicka in senast 15 juni<\/strong><\/li>\n<\/ul>\n\n\n\n<h4 class=\"wp-block-heading\">PROGRAM<\/h4>\n\n\n\n<p><a href=\"https:\/\/sola.kau.se\/kaukan2023\/program\/\">Se programmet h\u00e4r<\/a><\/p>\n\n\n\n<h4 class=\"wp-block-heading\">OPEN SPACE<\/h4>\n\n\n\n<p><a href=\"https:\/\/sola.kau.se\/kaukan2023\/open-space-oppna-kollegiala-samtal\/\">L\u00e4s mer om open space h\u00e4r<\/a><\/p>\n<\/div>\n\n\n\n<div class=\"wp-block-column is-layout-flow wp-block-column-is-layout-flow\" style=\"flex-basis:33.33%\">\n<figure class=\"wp-block-image size-full\"><img loading=\"lazy\" decoding=\"async\" width=\"640\" height=\"480\" src=\"https:\/\/sola.kau.se\/kaukan2023\/wp-content\/uploads\/sites\/875\/2023\/04\/etienne-girardet-EP6_VZhzXM8-unsplash.jpg\" alt=\"\" class=\"wp-image-488\" srcset=\"https:\/\/sola.kau.se\/kaukan2023\/wp-content\/uploads\/sites\/875\/2023\/04\/etienne-girardet-EP6_VZhzXM8-unsplash.jpg 640w, https:\/\/sola.kau.se\/kaukan2023\/wp-content\/uploads\/sites\/875\/2023\/04\/etienne-girardet-EP6_VZhzXM8-unsplash-300x225.jpg 300w\" sizes=\"auto, (max-width: 640px) 100vw, 640px\" \/><figcaption class=\"wp-element-caption\">Photo by <a href=\"https:\/\/unsplash.com\/@etiennegirardet?utm_source=unsplash&amp;utm_medium=referral&amp;utm_content=creditCopyText\">Etienne Girardet<\/a> on <a href=\"https:\/\/unsplash.com\/photos\/EP6_VZhzXM8?utm_source=unsplash&amp;utm_medium=referral&amp;utm_content=creditCopyText\">Unsplash<\/a><\/figcaption><\/figure>\n\n\n\n<div class=\"wp-block-buttons is-layout-flex wp-block-buttons-is-layout-flex\">\n<div class=\"wp-block-button aligncenter is-style-outline is-style-outline--1\" id=\"contribution-btn\"><a class=\"wp-block-button__link wp-element-button\" href=\"https:\/\/sola.kau.se\/kaukan2023\/en\/anmalan-kaukan-2023\/\" target=\"_blank\" rel=\"noreferrer noopener\">Anm\u00e4lan KauKan<\/a><\/div>\n<\/div>\n<\/div>\n<\/div>\n\n\n\n<p><strong>BIDRAG<\/strong><\/p>\n\n\n\n<p><a href=\"https:\/\/sola.kau.se\/kaukan2023\/bidrag-contributions\/\">L\u00e4s mer om bidragen h\u00e4r<\/a><\/p>\n\n\n\n<p><\/p>\n\n\n\n<p><\/p>\n\n\n\n<p><\/p>\n\n\n\n<hr class=\"wp-block-separator has-css-opacity is-style-default\" \/>\n","protected":false},"excerpt":{"rendered":"<p>28 september 2023\u00c5rets tema: Fr\u00e5n konferens till&nbsp;utvecklingsdag Torsdag 28 september bjuder UPE in till \u00e5rets h\u00f6gskolepedagogiska utvecklingsdag, d\u00e4r l\u00e4ros\u00e4tets personal f\u00e5r m\u00f6jlighet att utbyta erfarenheter, ha&nbsp;kollegiala samtal samt ta del av olika utvecklingsarbeten om undervisning och examination. Utvecklingsdagen \u00e4r kostnadsfri och kommer att genomf\u00f6ras p\u00e5 plats p\u00e5 Kau. Det vore sp\u00e4nnande att f\u00e5 in \u00e4nnu&nbsp;fler [&hellip;]<\/p>\n","protected":false},"author":43,"featured_media":0,"parent":0,"menu_order":0,"comment_status":"closed","ping_status":"closed","template":"","meta":{"_acf_changed":false,"footnotes":""},"class_list":["post-2","page","type-page","status-publish","hentry"],"acf":[],"_links":{"self":[{"href":"https:\/\/sola.kau.se\/kaukan2023\/wp-json\/wp\/v2\/pages\/2","targetHints":{"allow":["GET"]}}],"collection":[{"href":"https:\/\/sola.kau.se\/kaukan2023\/wp-json\/wp\/v2\/pages"}],"about":[{"href":"https:\/\/sola.kau.se\/kaukan2023\/wp-json\/wp\/v2\/types\/page"}],"author":[{"embeddable":true,"href":"https:\/\/sola.kau.se\/kaukan2023\/wp-json\/wp\/v2\/users\/43"}],"replies":[{"embeddable":true,"href":"https:\/\/sola.kau.se\/kaukan2023\/wp-json\/wp\/v2\/comments?post=2"}],"version-history":[{"count":25,"href":"https:\/\/sola.kau.se\/kaukan2023\/wp-json\/wp\/v2\/pages\/2\/revisions"}],"predecessor-version":[{"id":676,"href":"https:\/\/sola.kau.se\/kaukan2023\/wp-json\/wp\/v2\/pages\/2\/revisions\/676"}],"wp:attachment":[{"href":"https:\/\/sola.kau.se\/kaukan2023\/wp-json\/wp\/v2\/media?parent=2"}],"curies":[{"name":"wp","href":"https:\/\/api.w.org\/{rel}","templated":true}]}}

KauKan! Högskolepedagogisk utvecklingsdag

<h2 class="wp-block-heading has-text-align-left"><strong>28 september 2023</strong><br><strong>Årets tema: Från konferens till&nbsp;utvecklingsdag</strong></h2>



<div class="wp-block-columns is-layout-flex wp-container-core-columns-is-layout-9d6595d7 wp-block-columns-is-layout-flex">
<div class="wp-block-column is-layout-flow wp-block-column-is-layout-flow" style="flex-basis:66.66%">
<p>Torsdag 28 september bjuder UPE in till årets högskolepedagogiska utvecklingsdag, där lärosätets personal får möjlighet att utbyta erfarenheter, ha&nbsp;kollegiala samtal samt ta del av olika utvecklingsarbeten om undervisning och examination.</p>



<p>Utvecklingsdagen är kostnadsfri och kommer att genomföras på plats på Kau.</p>



<p>Det vore spännande att få in ännu&nbsp;fler bidrag och samtal kring högskolepedagogik och bjuder därför in till en utvecklingsdag.&nbsp;</p>



<p>Ta chansen att synliggöra vad som händer i din kurs eller program eller vilka frågor och funderingar du bär med dig. Kom och ta del av dina kollegors samtal och berättelser.&nbsp;Kau vill och KauKan!</p>



<p>Aktuella och angelägna frågor för utvecklingsdagen kan&nbsp;exempelvis vara:&nbsp;&nbsp;</p>



<ul class="wp-block-list">
<li>Vad har ni gjort i era kurser för att förbättra lärandet för era studenter?</li>



<li>Vilka praktiska moment har ni genomfört som&nbsp;du/ni vill visa?</li>



<li>Dela med dig av något som inte gick som planerat.</li>



<li>Alla bidrag är välkomna! <strong>Skicka in senast 15 juni</strong></li>
</ul>



<h4 class="wp-block-heading">PROGRAM</h4>



<p><a href="https://sola.kau.se/kaukan2023/program/">Se programmet här</a></p>



<h4 class="wp-block-heading">OPEN SPACE</h4>



<p><a href="https://sola.kau.se/kaukan2023/open-space-oppna-kollegiala-samtal/">Läs mer om open space här</a></p>
</div>



<div class="wp-block-column is-layout-flow wp-block-column-is-layout-flow" style="flex-basis:33.33%">
<figure class="wp-block-image size-full"><img loading="lazy" decoding="async" width="640" height="480" src="https://sola.kau.se/kaukan2023/wp-content/uploads/sites/875/2023/04/etienne-girardet-EP6_VZhzXM8-unsplash.jpg" alt="" class="wp-image-488" srcset="https://sola.kau.se/kaukan2023/wp-content/uploads/sites/875/2023/04/etienne-girardet-EP6_VZhzXM8-unsplash.jpg 640w, https://sola.kau.se/kaukan2023/wp-content/uploads/sites/875/2023/04/etienne-girardet-EP6_VZhzXM8-unsplash-300x225.jpg 300w" sizes="auto, (max-width: 640px) 100vw, 640px" /><figcaption class="wp-element-caption">Photo by <a href="https://unsplash.com/@etiennegirardet?utm_source=unsplash&amp;utm_medium=referral&amp;utm_content=creditCopyText">Etienne Girardet</a> on <a href="https://unsplash.com/photos/EP6_VZhzXM8?utm_source=unsplash&amp;utm_medium=referral&amp;utm_content=creditCopyText">Unsplash</a></figcaption></figure>



<div class="wp-block-buttons is-layout-flex wp-block-buttons-is-layout-flex">
<div class="wp-block-button aligncenter is-style-outline is-style-outline--1" id="contribution-btn"><a class="wp-block-button__link wp-element-button" href="https://sola.kau.se/kaukan2023/en/anmalan-kaukan-2023/" target="_blank" rel="noreferrer noopener">Anmälan KauKan</a></div>
</div>
</div>
</div>



<p><strong>BIDRAG</strong></p>



<p><a href="https://sola.kau.se/kaukan2023/bidrag-contributions/">Läs mer om bidragen här</a></p>



<p></p>



<p></p>



<p></p>



<hr class="wp-block-separator has-css-opacity is-style-default" />

<p>28 september 2023Årets tema: Från konferens till&nbsp;utvecklingsdag Torsdag 28 september bjuder UPE in till årets högskolepedagogiska utvecklingsdag, där lärosätets personal får möjlighet att utbyta erfarenheter, ha&nbsp;kollegiala samtal samt ta del av olika utvecklingsarbeten om undervisning och examination. Utvecklingsdagen är kostnadsfri och kommer att genomföras på plats på Kau. Det vore spännande att få in ännu&nbsp;fler [&hellip;]</p>
