 {"id":583,"date":"2023-09-04T09:20:11","date_gmt":"2023-09-04T09:20:11","guid":{"rendered":"https:\/\/sola.kau.se\/kaukan2023\/?page_id=583"},"modified":"2023-09-27T11:40:11","modified_gmt":"2023-09-27T11:40:11","slug":"kursutveckling-med-hjalp-av-fsqca","status":"publish","type":"page","link":"https:\/\/sola.kau.se\/kaukan2023\/kursutveckling-med-hjalp-av-fsqca\/","title":{"rendered":"Kursutveckling med hj\u00e4lp av fsQCA"},"content":{"rendered":"<p>Abstract<br \/>\nStarten \u00e4r en metodkurs f\u00f6r doktorander som Alexander Sukhov gav under v\u00e5ren 2022. Metodiken heter Fussy Set Qualitative Comparative Analysis och handlar i princip om att &#8220;\u00f6vers\u00e4tta&#8221; verbala data till numeriska f\u00f6r analys, datam\u00e4ngden kan vara liten, och resultatet kan bli att det finns flera v\u00e4gar till \u00f6nskat resultat, dvs man tittar inte ndast p\u00e5 en parameter i taget utan fler. Jag valde att g\u00f6ra en enk\u00e4t med studenter i en ny kurs MSGB49, (Produktionssystem) f\u00f6r att f\u00f6rs\u00f6ka ta reda p\u00e5 vilka undervisningsformer som ger positiv effekt p\u00e5 deras l\u00e4rande. Vi har sn\u00e5lt med resurser i v\u00e5ra kurser, s\u00e5 det g\u00e4ller ju att l\u00e4gga dem p\u00e5 r\u00e4tt st\u00e4lle. Jag bifogar materialet jag skrev, presenterade och examinerades p\u00e5 i kursen, men g\u00f6r en mer publikv\u00e4nlig version om jag deltar. Resultatet av unders\u00f6kningen visar bland annat att Problembaserad inl\u00e4rning i v\u00e5r Lean Factory \u00e4r \u00f6nskv\u00e4rt, liksom behovet av att \u00e4ndra kurslitteratur. Inputen fr\u00e5n unders\u00f6kningen gav betydligt mer och tydligare struktur f\u00f6r f\u00f6r\u00e4ndringar i kursen \u00e4n de vanliga \u00d6KA-enk\u00e4terna. Efter enk\u00e4ten genomf\u00f6rdes vissa kompletterande ostrukturerade intervjuer med studenterna, och \u00e5rets kurs h\u00e5ller just nu p\u00e5 att genomf\u00f6ra sin enk\u00e4t.<\/p>\n<p>Mvh JanErik<\/p>\n","protected":false},"excerpt":{"rendered":"<p>Abstract Starten \u00e4r en metodkurs f\u00f6r doktorander som Alexander Sukhov gav under v\u00e5ren 2022. Metodiken heter Fussy Set Qualitative Comparative Analysis och handlar i princip om att &#8220;\u00f6vers\u00e4tta&#8221; verbala data till numeriska f\u00f6r analys, datam\u00e4ngden kan vara liten, och resultatet kan bli att det finns flera v\u00e4gar till \u00f6nskat resultat, dvs man tittar inte ndast [&hellip;]<\/p>\n","protected":false},"author":4446,"featured_media":0,"parent":0,"menu_order":0,"comment_status":"closed","ping_status":"closed","template":"","meta":{"_acf_changed":false,"footnotes":""},"class_list":["post-583","page","type-page","status-publish","hentry"],"acf":[],"_links":{"self":[{"href":"https:\/\/sola.kau.se\/kaukan2023\/wp-json\/wp\/v2\/pages\/583","targetHints":{"allow":["GET"]}}],"collection":[{"href":"https:\/\/sola.kau.se\/kaukan2023\/wp-json\/wp\/v2\/pages"}],"about":[{"href":"https:\/\/sola.kau.se\/kaukan2023\/wp-json\/wp\/v2\/types\/page"}],"author":[{"embeddable":true,"href":"https:\/\/sola.kau.se\/kaukan2023\/wp-json\/wp\/v2\/users\/4446"}],"replies":[{"embeddable":true,"href":"https:\/\/sola.kau.se\/kaukan2023\/wp-json\/wp\/v2\/comments?post=583"}],"version-history":[{"count":2,"href":"https:\/\/sola.kau.se\/kaukan2023\/wp-json\/wp\/v2\/pages\/583\/revisions"}],"predecessor-version":[{"id":737,"href":"https:\/\/sola.kau.se\/kaukan2023\/wp-json\/wp\/v2\/pages\/583\/revisions\/737"}],"wp:attachment":[{"href":"https:\/\/sola.kau.se\/kaukan2023\/wp-json\/wp\/v2\/media?parent=583"}],"curies":[{"name":"wp","href":"https:\/\/api.w.org\/{rel}","templated":true}]}}