 {"id":594,"date":"2023-09-04T09:20:10","date_gmt":"2023-09-04T09:20:10","guid":{"rendered":"https:\/\/sola.kau.se\/kaukan2023\/?page_id=594"},"modified":"2023-09-27T11:07:56","modified_gmt":"2023-09-27T11:07:56","slug":"hur-kan-vi-gora-bade-kurser-och-program-mer-studentcentrerade","status":"publish","type":"page","link":"https:\/\/sola.kau.se\/kaukan2023\/hur-kan-vi-gora-bade-kurser-och-program-mer-studentcentrerade\/","title":{"rendered":"Hur kan vi g\u00f6ra b\u00e5de kurser och program mer studentcentrerade?"},"content":{"rendered":"<h2>Abstract<\/h2>\n<p>Som en del av KK-projektet Pro2BE Avans Bioekonomi anordnades tillsammans med UPE tv\u00e5 workshopar om ABC-metoden. Vid de b\u00e5da workshoparna arbetades med att planera nya kurser med hj\u00e4lp av ABC-metoden f\u00f6r att s\u00e4kerst\u00e4lla en studentcentrerad design. Det blev tydligt att ABC-metoden \u00e4r ett bra verktyg f\u00f6r att designa kurser, men ocks\u00e5 att den kan vara ett verktyg f\u00f6r att se \u00f6ver en hel programstruktur. Speciellt anv\u00e4ndbar f\u00f6r att f\u00f6lja progression inom programmet, exempelvis vetenskapligt skrivande och anv\u00e4ndandet av digitala verktyg. Det inneb\u00e4r att ABC-metoden kan vara ett verktyg f\u00f6r att arbeta med programutveckling. Huvudfokus \u00e4r att f\u00e5 in studentcentrerat l\u00e4rande i fler moment under utbildningen. I programmatriserna visar man hur de kurser studenterna g\u00e5r p\u00e5 ett program tillsammans g\u00f6r att de n\u00e5r de nationella m\u00e5len f\u00f6r programmet.<br \/>\nPresentationen kommer att visa hur ABC-metoden har anv\u00e4nts f\u00f6r en genomg\u00e5ng f\u00f6r programmen Civilingenj\u00f6r samt H\u00f6gskoleingenj\u00f6r Energi- och Milj\u00f6teknik.<\/p>\n<h3>F\u00f6rfattare\/Authors<\/h3>\n<p>Gunilla Carlsson-Kvarnl\u00f6f, Jonas Berghel, Magnus St\u00e5hl<\/p>\n","protected":false},"excerpt":{"rendered":"<p>Abstract Som en del av KK-projektet Pro2BE Avans Bioekonomi anordnades tillsammans med UPE tv\u00e5 workshopar om ABC-metoden. Vid de b\u00e5da workshoparna arbetades med att planera nya kurser med hj\u00e4lp av ABC-metoden f\u00f6r att s\u00e4kerst\u00e4lla en studentcentrerad design. Det blev tydligt att ABC-metoden \u00e4r ett bra verktyg f\u00f6r att designa kurser, men ocks\u00e5 att den kan [&hellip;]<\/p>\n","protected":false},"author":1385,"featured_media":0,"parent":0,"menu_order":0,"comment_status":"closed","ping_status":"closed","template":"","meta":{"_acf_changed":false,"footnotes":""},"class_list":["post-594","page","type-page","status-publish","hentry"],"acf":[],"_links":{"self":[{"href":"https:\/\/sola.kau.se\/kaukan2023\/wp-json\/wp\/v2\/pages\/594","targetHints":{"allow":["GET"]}}],"collection":[{"href":"https:\/\/sola.kau.se\/kaukan2023\/wp-json\/wp\/v2\/pages"}],"about":[{"href":"https:\/\/sola.kau.se\/kaukan2023\/wp-json\/wp\/v2\/types\/page"}],"author":[{"embeddable":true,"href":"https:\/\/sola.kau.se\/kaukan2023\/wp-json\/wp\/v2\/users\/1385"}],"replies":[{"embeddable":true,"href":"https:\/\/sola.kau.se\/kaukan2023\/wp-json\/wp\/v2\/comments?post=594"}],"version-history":[{"count":3,"href":"https:\/\/sola.kau.se\/kaukan2023\/wp-json\/wp\/v2\/pages\/594\/revisions"}],"predecessor-version":[{"id":732,"href":"https:\/\/sola.kau.se\/kaukan2023\/wp-json\/wp\/v2\/pages\/594\/revisions\/732"}],"wp:attachment":[{"href":"https:\/\/sola.kau.se\/kaukan2023\/wp-json\/wp\/v2\/media?parent=594"}],"curies":[{"name":"wp","href":"https:\/\/api.w.org\/{rel}","templated":true}]}}