 {"id":100,"date":"2020-11-24T15:48:39","date_gmt":"2020-11-24T14:48:39","guid":{"rendered":"https:\/\/sola.kau.se\/keeponteaching2\/?page_id=100"},"modified":"2026-01-29T20:48:17","modified_gmt":"2026-01-29T19:48:17","slug":"keep-on-teaching","status":"publish","type":"page","link":"https:\/\/sola.kau.se\/keeponteaching\/","title":{"rendered":"Universitetsl\u00e4rare i praktiken"},"content":{"rendered":"\n<p><strong>P\u00e5 den h\u00e4r webbplatsen hittar du praktiskt st\u00f6d f\u00f6r ditt pedagogiska vardagsarbete som l\u00e4rare vid universitetet. <strong>Det handlar om att planera, genomf\u00f6ra och&nbsp;examinera, om att arbeta n\u00e4tbaserat, p\u00e5 campus, eller b\u00e5da samtidigt.<\/strong><\/strong><\/p>\n\n\n\n<p><strong>Navigera p\u00e5 sidan<br><\/strong>Du kan navigera genom menyraden l\u00e4ngst upp som tar dig till resurser i form av\u00a0<strong>inl\u00e4gg<\/strong>. Varje inl\u00e4gg har etiketter (Du hittar dem till h\u00f6ger n\u00e4r du l\u00e4ser ett inl\u00e4gg) som guidar dig vidare till\u00a0<strong><em>Mer om<\/em><\/strong>\u00a0det du s\u00f6ker. Men det finns mycket material h\u00e4r, s\u00e5 gl\u00f6m inte\u00a0<strong>S\u00f6k<\/strong>-funktionen (titta uppe till h\u00f6ger!), som letar i all text p\u00e5 alla inl\u00e4gg.<\/p>\n\n\n\n<p>V\u00e5r str\u00e4van \u00e4r att du ska hitta hj\u00e4lp h\u00e4r f\u00f6r att skapa bra undervisning i praktiken, oavsett din erfarenhetsniv\u00e5, ditt \u00e4mnesomr\u00e5de eller om dina studenter \u00e4r p\u00e5 grundl\u00e4ggande eller avancerad niv\u00e5.<\/p>\n\n\n\n<p><strong>Hj\u00e4lp oss g\u00e4rna<br><\/strong>Universitetspedagogiska enheten (UPE) st\u00e5r bakom webbplatsen och materialet.&nbsp;Har du f\u00f6rslag p\u00e5 nytt inneh\u00e5ll eller f\u00f6r\u00e4ndringar, s\u00e5 \u00e4r din \u00e5terkoppling v\u00e4lkommen. Kontakta oss g\u00e4rna (upe@kau.se)!<\/p>\n\n\n\n<p>Zooml\u00e4nk till supporten finner du p\u00e5 <a href=\"https:\/\/inslaget.kau.se\/utbildning-forskning\/upe\">Inslaget<\/a>.<br>Fr\u00e5gor kan ocks\u00e5 mailas till: <a href=\"https:\/\/inslaget.kau.se\/utbildning-forskning\/canvas@kau.se.\">canvas@kau.se.<\/a><\/p>\n\n\n\n<p><\/p>\n\n\n\n<p><\/p>\n\n\n\n<p><\/p>\n\n\n\n<p><\/p>\n","protected":false},"excerpt":{"rendered":"<p>P\u00e5 den h\u00e4r webbplatsen hittar du praktiskt st\u00f6d f\u00f6r ditt pedagogiska vardagsarbete som l\u00e4rare vid universitetet. Det handlar om att planera, genomf\u00f6ra och&nbsp;examinera, om att arbeta n\u00e4tbaserat, p\u00e5 campus, eller b\u00e5da samtidigt. Navigera p\u00e5 sidanDu kan navigera genom menyraden l\u00e4ngst upp som tar dig till resurser i form av\u00a0inl\u00e4gg. Varje inl\u00e4gg har etiketter (Du hittar [&hellip;]<\/p>\n","protected":false},"author":2,"featured_media":0,"parent":0,"menu_order":0,"comment_status":"closed","ping_status":"closed","template":"","meta":{"footnotes":""},"categories":[],"tags":[],"class_list":["post-100","page","type-page","status-publish","hentry"],"_links":{"self":[{"href":"https:\/\/sola.kau.se\/keeponteaching\/wp-json\/wp\/v2\/pages\/100","targetHints":{"allow":["GET"]}}],"collection":[{"href":"https:\/\/sola.kau.se\/keeponteaching\/wp-json\/wp\/v2\/pages"}],"about":[{"href":"https:\/\/sola.kau.se\/keeponteaching\/wp-json\/wp\/v2\/types\/page"}],"author":[{"embeddable":true,"href":"https:\/\/sola.kau.se\/keeponteaching\/wp-json\/wp\/v2\/users\/2"}],"replies":[{"embeddable":true,"href":"https:\/\/sola.kau.se\/keeponteaching\/wp-json\/wp\/v2\/comments?post=100"}],"version-history":[{"count":28,"href":"https:\/\/sola.kau.se\/keeponteaching\/wp-json\/wp\/v2\/pages\/100\/revisions"}],"predecessor-version":[{"id":5572,"href":"https:\/\/sola.kau.se\/keeponteaching\/wp-json\/wp\/v2\/pages\/100\/revisions\/5572"}],"wp:attachment":[{"href":"https:\/\/sola.kau.se\/keeponteaching\/wp-json\/wp\/v2\/media?parent=100"}],"wp:term":[{"taxonomy":"category","embeddable":true,"href":"https:\/\/sola.kau.se\/keeponteaching\/wp-json\/wp\/v2\/categories?post=100"},{"taxonomy":"post_tag","embeddable":true,"href":"https:\/\/sola.kau.se\/keeponteaching\/wp-json\/wp\/v2\/tags?post=100"}],"curies":[{"name":"wp","href":"https:\/\/api.w.org\/{rel}","templated":true}]}}