 {"id":3663,"date":"2022-02-10T14:18:00","date_gmt":"2022-02-10T13:18:00","guid":{"rendered":"https:\/\/sola.kau.se\/keeponteaching\/?page_id=3663"},"modified":"2022-05-30T13:39:58","modified_gmt":"2022-05-30T11:39:58","slug":"utvardering","status":"publish","type":"page","link":"https:\/\/sola.kau.se\/keeponteaching\/kursdesign\/utvardering\/","title":{"rendered":"Utv\u00e4rdering"},"content":{"rendered":"\n<p><strong>Hur gick kursen? Fungerade det som vi hade f\u00f6rest\u00e4llt oss? Vad upplevde studenterna? Kursutv\u00e4rdering med input fr\u00e5n studenter \u00e4r ett av de viktigaste instrumenten f\u00f6r att f\u00f6rb\u00e4ttra undervisningen.<\/strong><\/p>\n\n\n\n<!--more-->\n\n\n\n<section class=\"kot-pagelist\"><article class=\"yapl-wrap\" id=\"berattelse-folj-en-distansstudent\"><h2 class=\"yapl-title\"><a href=\"https:\/\/sola.kau.se\/keeponteaching\/berattelse-folj-en-distansstudent\/\">Ber\u00e4ttelse: F\u00f6lj en distansstudent<\/a>\n<\/h2><div class=\"yapl-excerpt\">Projektet&nbsp;F\u00f6lj en distansstudent&nbsp;f\u00f6ljde under pandemi-v\u00e5rterminen 2020 studenter som l\u00e4ste utbildningar p\u00e5 distans och kartlade deras upplevelser och behov. M\u00e5let var att under h\u00f6stterminen 2020 kunna utveckla pedagogik och tekniska pedagogiska hj\u00e4lpmedel inom distansundervisningen. Studenternas upplevelser handlade om ensamhet, svajande teknik och sj\u00e4lva distansformen. (Video, 45 min.)En enk\u00e4tunders\u00f6kning av Karlstads studentk\u00e5r om studentupplevelser under pandemin redovisas [&hellip;]<\/div>\n<\/article><article class=\"yapl-wrap\" id=\"ikt-utvardera-undervisning\"><h2 class=\"yapl-title\"><a href=\"https:\/\/sola.kau.se\/keeponteaching\/ikt-utvardera-undervisning\/\">IKT: Utv\u00e4rdera undervisning<\/a>\n<\/h2><div class=\"yapl-excerpt\">KAU har ett automatiserat, integrerat system f\u00f6r utv\u00e4rdering av kurser.<\/div>\n<\/article><article class=\"yapl-wrap\" id=\"torgny-roxa-om-att-forbattra-undervisningskultur\"><h2 class=\"yapl-title\"><a href=\"https:\/\/sola.kau.se\/keeponteaching\/torgny-roxa-om-att-forbattra-undervisningskultur\/\">Torgny Rox\u00e5 om att f\u00f6rb\u00e4ttra undervisningskultur<\/a>\n<\/h2><div class=\"yapl-excerpt\">I sin presentation vid UPEs konferens Redefining Learning Spaces 2021 delade Torgny Rox\u00e5 med sig av sina erfarenheter fr\u00e5n att utveckla akademisk undervisningskultur vid Lunds universitet. Det handlar en hel del om att anv\u00e4nda studenters kursv\u00e4rdering och l\u00e4rares kursutv\u00e4rdering som ett verktyg f\u00f6r att under l\u00e5ng tid gradvis skapa positiv f\u00f6r\u00e4ndring.<\/div>\n<\/article><\/section>\n","protected":false},"excerpt":{"rendered":"<p>Hur gick kursen? Fungerade det som vi hade f\u00f6rest\u00e4llt oss? Vad upplevde studenterna? Kursutv\u00e4rdering med input fr\u00e5n studenter \u00e4r ett av de viktigaste instrumenten f\u00f6r att f\u00f6rb\u00e4ttra undervisningen.<\/p>\n","protected":false},"author":60,"featured_media":0,"parent":3641,"menu_order":0,"comment_status":"closed","ping_status":"closed","template":"","meta":{"footnotes":""},"categories":[],"tags":[],"class_list":["post-3663","page","type-page","status-publish","hentry"],"_links":{"self":[{"href":"https:\/\/sola.kau.se\/keeponteaching\/wp-json\/wp\/v2\/pages\/3663","targetHints":{"allow":["GET"]}}],"collection":[{"href":"https:\/\/sola.kau.se\/keeponteaching\/wp-json\/wp\/v2\/pages"}],"about":[{"href":"https:\/\/sola.kau.se\/keeponteaching\/wp-json\/wp\/v2\/types\/page"}],"author":[{"embeddable":true,"href":"https:\/\/sola.kau.se\/keeponteaching\/wp-json\/wp\/v2\/users\/60"}],"replies":[{"embeddable":true,"href":"https:\/\/sola.kau.se\/keeponteaching\/wp-json\/wp\/v2\/comments?post=3663"}],"version-history":[{"count":15,"href":"https:\/\/sola.kau.se\/keeponteaching\/wp-json\/wp\/v2\/pages\/3663\/revisions"}],"predecessor-version":[{"id":4720,"href":"https:\/\/sola.kau.se\/keeponteaching\/wp-json\/wp\/v2\/pages\/3663\/revisions\/4720"}],"up":[{"embeddable":true,"href":"https:\/\/sola.kau.se\/keeponteaching\/wp-json\/wp\/v2\/pages\/3641"}],"wp:attachment":[{"href":"https:\/\/sola.kau.se\/keeponteaching\/wp-json\/wp\/v2\/media?parent=3663"}],"wp:term":[{"taxonomy":"category","embeddable":true,"href":"https:\/\/sola.kau.se\/keeponteaching\/wp-json\/wp\/v2\/categories?post=3663"},{"taxonomy":"post_tag","embeddable":true,"href":"https:\/\/sola.kau.se\/keeponteaching\/wp-json\/wp\/v2\/tags?post=3663"}],"curies":[{"name":"wp","href":"https:\/\/api.w.org\/{rel}","templated":true}]}}