 {"id":3708,"date":"2022-02-10T14:57:25","date_gmt":"2022-02-10T13:57:25","guid":{"rendered":"https:\/\/sola.kau.se\/keeponteaching\/?page_id=3708"},"modified":"2022-05-30T13:43:26","modified_gmt":"2022-05-30T11:43:26","slug":"examinationsuppgifter","status":"publish","type":"page","link":"https:\/\/sola.kau.se\/keeponteaching\/examination\/examinationsuppgifter\/","title":{"rendered":"Omexamination"},"content":{"rendered":"\n<p><strong>En omexamination kan vara ett extra examineringstillf\u00e4llen i samband med ett visst kurstillf\u00e4lle eller ett frist\u00e5ende examineringstillf\u00e4lle f\u00f6r att samla upp studenter fr\u00e5n tidigare kurstillf\u00e4llen (uppsamlingstenta). Hur organiserar man omtentor och uppsamlingstentor p\u00e5 distans?<\/strong><\/p>\n\n\n\n<section class=\"kot-pagelist\"><article class=\"yapl-wrap\" id=\"canvas-omtenta-online\"><h2 class=\"yapl-title\"><a href=\"https:\/\/sola.kau.se\/keeponteaching\/canvas-omtenta-online\/\">Canvas: Omtenta online<\/a>\n<\/h2><div class=\"yapl-excerpt\">Omtenta i Canvas \u00e4r smidigt. Ingen f\u00f6ranm\u00e4lan beh\u00f6vs, ingen salsbokning, allt samlat p\u00e5 ett st\u00e4lle.<\/div>\n<\/article><article class=\"yapl-wrap\" id=\"canvas-uppsamlingstenta-online\"><h2 class=\"yapl-title\"><a href=\"https:\/\/sola.kau.se\/keeponteaching\/canvas-uppsamlingstenta-online\/\">Canvas: Uppsamlingstenta online<\/a>\n<\/h2><div class=\"yapl-excerpt\">Uppsamlingstentor f\u00f6r t.ex. en viss kurs kan samlas i en s\u00e4rskild canvaskurs och anv\u00e4ndas f\u00f6r alla uppsamlingstentor under flera \u00e5r.<\/div>\n<\/article><article class=\"yapl-wrap\" id=\"tentafragor-som-utgar-fran-korta-fallbeskrivningar\"><h2 class=\"yapl-title\"><a href=\"https:\/\/sola.kau.se\/keeponteaching\/tentafragor-som-utgar-fran-korta-fallbeskrivningar\/\">Tips: Tentafr\u00e5gor som utg\u00e5r fr\u00e5n korta fallbeskrivningar<\/a>\n<\/h2><div class=\"yapl-excerpt\">Behovet h\u00e4r \u00e4r att genom \u00e4ndrade examinationsuppgifter p\u00e5verka mot studiestrategier som inneb\u00e4r mer djupinl\u00e4rning. Dessutom kan systematiskt konstruerade fallbeskrivningar anv\u00e4ndas f\u00f6r att producera ett ganska stort, likv\u00e4rdigt, material med examinationsfr\u00e5gor.<\/div>\n<\/article><\/section>\n","protected":false},"excerpt":{"rendered":"<p>En omexamination kan vara ett extra examineringstillf\u00e4llen i samband med ett visst kurstillf\u00e4lle eller ett frist\u00e5ende examineringstillf\u00e4lle f\u00f6r att samla upp studenter fr\u00e5n tidigare kurstillf\u00e4llen (uppsamlingstenta). Hur organiserar man omtentor och uppsamlingstentor p\u00e5 distans?<\/p>\n","protected":false},"author":60,"featured_media":0,"parent":3715,"menu_order":0,"comment_status":"closed","ping_status":"closed","template":"","meta":{"footnotes":""},"categories":[],"tags":[],"class_list":["post-3708","page","type-page","status-publish","hentry"],"_links":{"self":[{"href":"https:\/\/sola.kau.se\/keeponteaching\/wp-json\/wp\/v2\/pages\/3708","targetHints":{"allow":["GET"]}}],"collection":[{"href":"https:\/\/sola.kau.se\/keeponteaching\/wp-json\/wp\/v2\/pages"}],"about":[{"href":"https:\/\/sola.kau.se\/keeponteaching\/wp-json\/wp\/v2\/types\/page"}],"author":[{"embeddable":true,"href":"https:\/\/sola.kau.se\/keeponteaching\/wp-json\/wp\/v2\/users\/60"}],"replies":[{"embeddable":true,"href":"https:\/\/sola.kau.se\/keeponteaching\/wp-json\/wp\/v2\/comments?post=3708"}],"version-history":[{"count":7,"href":"https:\/\/sola.kau.se\/keeponteaching\/wp-json\/wp\/v2\/pages\/3708\/revisions"}],"predecessor-version":[{"id":4730,"href":"https:\/\/sola.kau.se\/keeponteaching\/wp-json\/wp\/v2\/pages\/3708\/revisions\/4730"}],"up":[{"embeddable":true,"href":"https:\/\/sola.kau.se\/keeponteaching\/wp-json\/wp\/v2\/pages\/3715"}],"wp:attachment":[{"href":"https:\/\/sola.kau.se\/keeponteaching\/wp-json\/wp\/v2\/media?parent=3708"}],"wp:term":[{"taxonomy":"category","embeddable":true,"href":"https:\/\/sola.kau.se\/keeponteaching\/wp-json\/wp\/v2\/categories?post=3708"},{"taxonomy":"post_tag","embeddable":true,"href":"https:\/\/sola.kau.se\/keeponteaching\/wp-json\/wp\/v2\/tags?post=3708"}],"curies":[{"name":"wp","href":"https:\/\/api.w.org\/{rel}","templated":true}]}}