 {"id":677,"date":"2021-03-17T14:38:36","date_gmt":"2021-03-17T13:38:36","guid":{"rendered":"https:\/\/sola.kau.se\/keeponteaching\/?page_id=677"},"modified":"2025-10-03T09:18:13","modified_gmt":"2025-10-03T07:18:13","slug":"utveckla-dig","status":"publish","type":"page","link":"https:\/\/sola.kau.se\/keeponteaching\/utveckla-dig\/","title":{"rendered":"Kompetensutveckling"},"content":{"rendered":"\n<p><strong>Du, universitetsl\u00e4raren, har givetvis det yttersta ansvaret f\u00f6r din egen kompetensutveckling, fr\u00e5n att uppn\u00e5 kraven f\u00f6r beh\u00f6righet och sedan vidare. UPEs roll \u00e4r att st\u00f6dja dig som \u00e4r universitetsl\u00e4rare i din vardagspraktik och utveckling som l\u00e4rare. Vi finns p\u00e5 Inslaget &gt; Utbildning &amp; forskning&gt;<\/strong> <a href=\"https:\/\/inslaget.kau.se\/utbildning-forskning\/upe\"><strong>Universitetspedagogiska enheten<\/strong><\/a>. <\/p>\n\n\n\n<h4 class=\"wp-block-heading\">M\u00e5nga olika former<\/h4>\n\n\n\n<p>Den tidsm\u00e4ssigt st\u00f6rsta delen av UPEs verksamhet \u00e4r olika slags aktiviteter f\u00f6r att genomf\u00f6ra kompetensutveckling f\u00f6r l\u00e4rare:<\/p>\n\n\n\n<ul class=\"wp-block-list\">\n<li>Utbildning i form av <a href=\"https:\/\/inslaget.kau.se\/utbildning-forskning\/universitetspedagogiskt-arbete\/kursutbud\" target=\"_blank\" rel=\"noreferrer noopener\"><strong>kurser<\/strong><\/a> <\/li>\n\n\n\n<li><a href=\"https:\/\/inslaget.kau.se\/utbildning-forskning\/universitetspedagogiskt-arbete\/upes-workshops\" target=\"_blank\" rel=\"noreferrer noopener\"><strong>Korta \u00f6ppna workshops<\/strong><\/a><\/li>\n\n\n\n<li><a href=\"https:\/\/kau-se.zoom.us\/j\/5470011771\" target=\"_blank\" rel=\"noreferrer noopener\"><strong>Online-support via Zoom<\/strong><\/a><\/li>\n\n\n\n<li>Kollegiala <a href=\"https:\/\/inslaget.kau.se\/utbildning-forskning\/universitetspedagogiskt-arbete\/pedagogiskt-samtal\" target=\"_blank\" rel=\"noreferrer noopener\"><strong>pedagogiska samtal<\/strong><\/a> <\/li>\n\n\n\n<li><a rel=\"noreferrer noopener\" href=\"https:\/\/inslaget.kau.se\/utbilda-forska\/universitetspedagogiska-enheten\/kaukan\" target=\"_blank\"><strong>Konferenser<\/strong> <\/a>kring olika undervisningsfr\u00e5gor<\/li>\n\n\n\n<li>Publicerar en  <a href=\"https:\/\/inslaget.kau.se\/utbildning-forskning\/universitetspedagogiskt-arbete\/rapportserie\" target=\"_blank\" rel=\"noreferrer noopener\"><strong>rapportserie<\/strong> <\/a>med bidrag av l\u00e4rare som delar med sig av erfarenheter fr\u00e5n utvecklingsarbeten inom undervisning och examination. <\/li>\n<\/ul>\n\n\n\n<p>UPE hanterar ocks\u00e5 st\u00f6det kring flera av de <strong>IKT-verktyg<\/strong> som finns tillg\u00e4ngliga f\u00f6r l\u00e4rare vid universitetet. P\u00e5 Inslaget finns en sida som beskriver <a rel=\"noreferrer noopener\" href=\"https:\/\/inslaget.kau.se\/utbildning-forskning\/stodsystem\" target=\"_blank\"><strong>de st\u00f6dsystem universitetet har<\/strong><\/a> f\u00f6r utbildning och forskning.<\/p>\n\n\n\n<p>Och den h\u00e4r webbplatsen som du bes\u00f6ker just nu \u00e4r en del av v\u00e5rt st\u00f6d till dig. <\/p>\n\n\n\n<p>UPE ansvarar ocks\u00e5 f\u00f6r universitetsbibliotekets <a href=\"https:\/\/libguides.kau.se\/hogskolepedagogik\" target=\"_blank\" rel=\"noreferrer noopener\"><strong>\u00e4mnesguide f\u00f6r h\u00f6gskolepedagogik<\/strong><\/a>. D\u00e4r hittar du ett urval l\u00e4rob\u00f6cker, aktuell forskning och andra k\u00e4llor till kunskap om h\u00f6gskolepedagogik. <\/p>\n\n\n\n<h4 class=\"wp-block-heading\">Nyheter<\/h4>\n\n\n\n<p>UPE ger regelbundet ut ett digitalt <strong>nyhetsbrev<\/strong> med nyheter, aktuella aktiviteter, f\u00f6r\u00e4ndringar, l\u00e4stips och annat som du kan ha nytta av. (Maila upe@kau.se f\u00f6r att komma med p\u00e5 s\u00e4ndlistan!)<\/p>\n\n\n\n<p>Och du hittar alla aktiviteter som \u00e4r p\u00e5 g\u00e5ng i <strong><a href=\"https:\/\/inslaget.kau.se\/utbildning-forskning\/universitetspedagogiskt-arbete\" target=\"_blank\" rel=\"noreferrer noopener\">UPEs kalendarium<\/a><\/strong> (du finner den l\u00e4ngst ned p\u00e5 den webbsidan).<\/p>\n\n\n\n<h4 class=\"wp-block-heading\">Beh\u00f6righet och meritering<\/h4>\n\n\n\n<p>En annan del av UPEs ansvar \u00e4r att hantera <a href=\"https:\/\/inslaget.kau.se\/utbildning-forskning\/universitetspedagogiskt-arbete\/validering\" target=\"_blank\" rel=\"noreferrer noopener\">validering av <strong>beh\u00f6righetsgivande <\/strong>universitetspedagogisk utbildning<\/a> och processen f\u00f6r att n\u00e5 <a href=\"https:\/\/inslaget.kau.se\/utbildning-forskning\/universitetspedagogiska-enheten\/behorig-meriterad-excellent\" target=\"_blank\" rel=\"noreferrer noopener\"><strong>meritering <\/strong>som l\u00e4rare<\/a>.<\/p>\n\n\n\n<h4 class=\"wp-block-heading\">UPE \u00e4r dina kollegor &#8211; bokstavligen<\/h4>\n\n\n\n<p>UPE arbetar via ett litet antal <a href=\"https:\/\/inslaget.kau.se\/utbildning-forskning\/universitetspedagogiskt-arbete\/vi-ar-upe\" data-type=\"URL\" data-id=\"https:\/\/inslaget.kau.se\/utbildning-forskning\/universitetspedagogiskt-arbete\/vi-ar-upe\" target=\"_blank\" rel=\"noreferrer noopener\">medarbetare s\u00e4rskilt knutna till enheten, men framf\u00f6r allt genom att m\u00e5nga verksamma l\u00e4rare<\/a> deltar som kursledare, workshopsledare och ledare f\u00f6r andra former av kollegialt utbyte och utveckling. Vi anstr\u00e4nger oss f\u00f6r att vara relevanta och lyh\u00f6rda och stimulera till kollegialt samarbete \u00f6ver hela universitetet. <\/p>\n\n\n\n<h4 class=\"wp-block-heading\">Vi \u00e4r l\u00e4tta att f\u00e5 kontakt med<\/h4>\n\n\n\n<p>Hittar du inget i det f\u00e4rdiga utbudet, s\u00e5 hj\u00e4lper vi g\u00e4rna till med r\u00e5d och f\u00f6rslag. Kanske vi kan lotsa dig till vad v\u00e5ra kollegor vid andra universitet g\u00f6r? Eller kanske har du behov och id\u00e9er som kan leda till n\u00e5got helt nytt? Adressen \u00e4r alltid <a href=\"mailto:upe@kau.se\">upe@kau.se<\/a>.<\/p>\n","protected":false},"excerpt":{"rendered":"<p>Du, universitetsl\u00e4raren, har givetvis det yttersta ansvaret f\u00f6r din egen kompetensutveckling, fr\u00e5n att uppn\u00e5 kraven f\u00f6r beh\u00f6righet och sedan vidare. UPEs roll \u00e4r att st\u00f6dja dig som \u00e4r universitetsl\u00e4rare i din vardagspraktik och utveckling som l\u00e4rare. Vi finns p\u00e5 Inslaget &gt; Utbildning &amp; forskning&gt; Universitetspedagogiska enheten. M\u00e5nga olika former Den tidsm\u00e4ssigt st\u00f6rsta delen av UPEs [&hellip;]<\/p>\n","protected":false},"author":48,"featured_media":0,"parent":0,"menu_order":0,"comment_status":"closed","ping_status":"closed","template":"","meta":{"footnotes":""},"categories":[283,306],"tags":[],"class_list":["post-677","page","type-page","status-publish","hentry","category-_utveckla-dig","category-upe-stod"],"_links":{"self":[{"href":"https:\/\/sola.kau.se\/keeponteaching\/wp-json\/wp\/v2\/pages\/677","targetHints":{"allow":["GET"]}}],"collection":[{"href":"https:\/\/sola.kau.se\/keeponteaching\/wp-json\/wp\/v2\/pages"}],"about":[{"href":"https:\/\/sola.kau.se\/keeponteaching\/wp-json\/wp\/v2\/types\/page"}],"author":[{"embeddable":true,"href":"https:\/\/sola.kau.se\/keeponteaching\/wp-json\/wp\/v2\/users\/48"}],"replies":[{"embeddable":true,"href":"https:\/\/sola.kau.se\/keeponteaching\/wp-json\/wp\/v2\/comments?post=677"}],"version-history":[{"count":26,"href":"https:\/\/sola.kau.se\/keeponteaching\/wp-json\/wp\/v2\/pages\/677\/revisions"}],"predecessor-version":[{"id":5453,"href":"https:\/\/sola.kau.se\/keeponteaching\/wp-json\/wp\/v2\/pages\/677\/revisions\/5453"}],"wp:attachment":[{"href":"https:\/\/sola.kau.se\/keeponteaching\/wp-json\/wp\/v2\/media?parent=677"}],"wp:term":[{"taxonomy":"category","embeddable":true,"href":"https:\/\/sola.kau.se\/keeponteaching\/wp-json\/wp\/v2\/categories?post=677"},{"taxonomy":"post_tag","embeddable":true,"href":"https:\/\/sola.kau.se\/keeponteaching\/wp-json\/wp\/v2\/tags?post=677"}],"curies":[{"name":"wp","href":"https:\/\/api.w.org\/{rel}","templated":true}]}}