 {"id":8,"date":"2023-02-17T14:38:50","date_gmt":"2023-02-17T14:38:50","guid":{"rendered":"https:\/\/sola.kau.se\/meckau\/?page_id=8"},"modified":"2025-05-26T08:20:41","modified_gmt":"2025-05-26T08:20:41","slug":"styrelsen","status":"publish","type":"page","link":"https:\/\/sola.kau.se\/meckau\/styrelsen\/","title":{"rendered":"Styrelsen"},"content":{"rendered":"\n<figure class=\"wp-block-image size-large is-resized\"><img loading=\"lazy\" decoding=\"async\" width=\"768\" height=\"1024\" src=\"https:\/\/sola.kau.se\/meckau\/wp-content\/uploads\/sites\/862\/2025\/05\/IMG_7301-1-768x1024.jpg\" alt=\"\" class=\"wp-image-135\" style=\"width:309px;height:412px\" srcset=\"https:\/\/sola.kau.se\/meckau\/wp-content\/uploads\/sites\/862\/2025\/05\/IMG_7301-1-768x1024.jpg 768w, https:\/\/sola.kau.se\/meckau\/wp-content\/uploads\/sites\/862\/2025\/05\/IMG_7301-1-225x300.jpg 225w, https:\/\/sola.kau.se\/meckau\/wp-content\/uploads\/sites\/862\/2025\/05\/IMG_7301-1-1152x1536.jpg 1152w, https:\/\/sola.kau.se\/meckau\/wp-content\/uploads\/sites\/862\/2025\/05\/IMG_7301-1-1536x2048.jpg 1536w, https:\/\/sola.kau.se\/meckau\/wp-content\/uploads\/sites\/862\/2025\/05\/IMG_7301-1-1568x2091.jpg 1568w, https:\/\/sola.kau.se\/meckau\/wp-content\/uploads\/sites\/862\/2025\/05\/IMG_7301-1-scaled.jpg 1920w\" sizes=\"auto, (max-width: 768px) 100vw, 768px\" \/><figcaption class=\"wp-element-caption\">Ordf\u00f6rande<br>Arin Aksungur<br>Civilingenj\u00f6r Maskinteknik<\/figcaption><\/figure>\n\n\n\n<figure class=\"wp-block-image size-large is-resized\"><img loading=\"lazy\" decoding=\"async\" width=\"768\" height=\"1024\" src=\"https:\/\/sola.kau.se\/meckau\/wp-content\/uploads\/sites\/862\/2025\/05\/IMG_7288-768x1024.jpg\" alt=\"\" class=\"wp-image-123\" style=\"width:317px;height:422px\" srcset=\"https:\/\/sola.kau.se\/meckau\/wp-content\/uploads\/sites\/862\/2025\/05\/IMG_7288-768x1024.jpg 768w, https:\/\/sola.kau.se\/meckau\/wp-content\/uploads\/sites\/862\/2025\/05\/IMG_7288-225x300.jpg 225w, https:\/\/sola.kau.se\/meckau\/wp-content\/uploads\/sites\/862\/2025\/05\/IMG_7288-1152x1536.jpg 1152w, https:\/\/sola.kau.se\/meckau\/wp-content\/uploads\/sites\/862\/2025\/05\/IMG_7288-1536x2048.jpg 1536w, https:\/\/sola.kau.se\/meckau\/wp-content\/uploads\/sites\/862\/2025\/05\/IMG_7288-1568x2091.jpg 1568w, https:\/\/sola.kau.se\/meckau\/wp-content\/uploads\/sites\/862\/2025\/05\/IMG_7288-scaled.jpg 1920w\" sizes=\"auto, (max-width: 768px) 100vw, 768px\" \/><figcaption class=\"wp-element-caption\">Vice Ordf\u00f6rande<br>Haitham Hejazi<br>Civilingenj\u00f6r Maskinteknik<\/figcaption><\/figure>\n\n\n\n<figure class=\"wp-block-image size-large is-resized\"><img loading=\"lazy\" decoding=\"async\" width=\"768\" height=\"1024\" src=\"https:\/\/sola.kau.se\/meckau\/wp-content\/uploads\/sites\/862\/2025\/05\/IMG_7286-768x1024.jpg\" alt=\"\" class=\"wp-image-125\" style=\"width:320px;height:427px\" srcset=\"https:\/\/sola.kau.se\/meckau\/wp-content\/uploads\/sites\/862\/2025\/05\/IMG_7286-768x1024.jpg 768w, https:\/\/sola.kau.se\/meckau\/wp-content\/uploads\/sites\/862\/2025\/05\/IMG_7286-225x300.jpg 225w, https:\/\/sola.kau.se\/meckau\/wp-content\/uploads\/sites\/862\/2025\/05\/IMG_7286-1152x1536.jpg 1152w, https:\/\/sola.kau.se\/meckau\/wp-content\/uploads\/sites\/862\/2025\/05\/IMG_7286-1536x2048.jpg 1536w, https:\/\/sola.kau.se\/meckau\/wp-content\/uploads\/sites\/862\/2025\/05\/IMG_7286-1568x2091.jpg 1568w, https:\/\/sola.kau.se\/meckau\/wp-content\/uploads\/sites\/862\/2025\/05\/IMG_7286-scaled.jpg 1920w\" sizes=\"auto, (max-width: 768px) 100vw, 768px\" \/><figcaption class=\"wp-element-caption\">Kass\u00f6r<br>Daniel Johansson<br>Civilingenj\u00f6r Maskinteknik<\/figcaption><\/figure>\n\n\n\n<figure class=\"wp-block-image size-large is-resized\"><img loading=\"lazy\" decoding=\"async\" width=\"768\" height=\"1024\" src=\"https:\/\/sola.kau.se\/meckau\/wp-content\/uploads\/sites\/862\/2025\/05\/IMG_7285-768x1024.jpg\" alt=\"\" class=\"wp-image-126\" style=\"width:321px;height:428px\" srcset=\"https:\/\/sola.kau.se\/meckau\/wp-content\/uploads\/sites\/862\/2025\/05\/IMG_7285-768x1024.jpg 768w, https:\/\/sola.kau.se\/meckau\/wp-content\/uploads\/sites\/862\/2025\/05\/IMG_7285-225x300.jpg 225w, https:\/\/sola.kau.se\/meckau\/wp-content\/uploads\/sites\/862\/2025\/05\/IMG_7285-1152x1536.jpg 1152w, https:\/\/sola.kau.se\/meckau\/wp-content\/uploads\/sites\/862\/2025\/05\/IMG_7285-1536x2048.jpg 1536w, https:\/\/sola.kau.se\/meckau\/wp-content\/uploads\/sites\/862\/2025\/05\/IMG_7285-1568x2091.jpg 1568w, https:\/\/sola.kau.se\/meckau\/wp-content\/uploads\/sites\/862\/2025\/05\/IMG_7285-scaled.jpg 1920w\" sizes=\"auto, (max-width: 768px) 100vw, 768px\" \/><figcaption class=\"wp-element-caption\">Vice Kass\u00f6r<br>Johan Aas<br>Civilingenj\u00f6r Maskinteknik<\/figcaption><\/figure>\n\n\n\n<figure class=\"wp-block-image size-large is-resized\"><img loading=\"lazy\" decoding=\"async\" width=\"768\" height=\"1024\" src=\"https:\/\/sola.kau.se\/meckau\/wp-content\/uploads\/sites\/862\/2025\/05\/IMG_7284-768x1024.jpg\" alt=\"\" class=\"wp-image-127\" style=\"width:327px;height:436px\" srcset=\"https:\/\/sola.kau.se\/meckau\/wp-content\/uploads\/sites\/862\/2025\/05\/IMG_7284-768x1024.jpg 768w, https:\/\/sola.kau.se\/meckau\/wp-content\/uploads\/sites\/862\/2025\/05\/IMG_7284-225x300.jpg 225w, https:\/\/sola.kau.se\/meckau\/wp-content\/uploads\/sites\/862\/2025\/05\/IMG_7284-1152x1536.jpg 1152w, https:\/\/sola.kau.se\/meckau\/wp-content\/uploads\/sites\/862\/2025\/05\/IMG_7284-1536x2048.jpg 1536w, https:\/\/sola.kau.se\/meckau\/wp-content\/uploads\/sites\/862\/2025\/05\/IMG_7284-1568x2091.jpg 1568w, https:\/\/sola.kau.se\/meckau\/wp-content\/uploads\/sites\/862\/2025\/05\/IMG_7284-scaled.jpg 1920w\" sizes=\"auto, (max-width: 768px) 100vw, 768px\" \/><figcaption class=\"wp-element-caption\">Administrat\u00f6r<br>Erik Larsson<br>Civilingenj\u00f6r Maskinteknik<br><\/figcaption><\/figure>\n\n\n\n<figure class=\"wp-block-image size-large is-resized\"><img loading=\"lazy\" decoding=\"async\" width=\"768\" height=\"1024\" src=\"https:\/\/sola.kau.se\/meckau\/wp-content\/uploads\/sites\/862\/2025\/05\/IMG_7287-768x1024.jpg\" alt=\"\" class=\"wp-image-128\" style=\"width:323px;height:430px\" srcset=\"https:\/\/sola.kau.se\/meckau\/wp-content\/uploads\/sites\/862\/2025\/05\/IMG_7287-768x1024.jpg 768w, https:\/\/sola.kau.se\/meckau\/wp-content\/uploads\/sites\/862\/2025\/05\/IMG_7287-225x300.jpg 225w, https:\/\/sola.kau.se\/meckau\/wp-content\/uploads\/sites\/862\/2025\/05\/IMG_7287-1152x1536.jpg 1152w, https:\/\/sola.kau.se\/meckau\/wp-content\/uploads\/sites\/862\/2025\/05\/IMG_7287-1536x2048.jpg 1536w, https:\/\/sola.kau.se\/meckau\/wp-content\/uploads\/sites\/862\/2025\/05\/IMG_7287-1568x2091.jpg 1568w, https:\/\/sola.kau.se\/meckau\/wp-content\/uploads\/sites\/862\/2025\/05\/IMG_7287-scaled.jpg 1920w\" sizes=\"auto, (max-width: 768px) 100vw, 768px\" \/><figcaption class=\"wp-element-caption\">Utbildningsansvarig Tr\u00e4verkstaden<br>Karl Stefansson<br>H\u00f6gskoleingenj\u00f6r Innovationsteknik och design<\/figcaption><\/figure>\n\n\n\n<figure class=\"wp-block-image size-large is-resized\"><img loading=\"lazy\" decoding=\"async\" width=\"768\" height=\"1024\" src=\"https:\/\/sola.kau.se\/meckau\/wp-content\/uploads\/sites\/862\/2025\/05\/IMG_7290-768x1024.jpg\" alt=\"\" class=\"wp-image-129\" style=\"width:321px;height:428px\" srcset=\"https:\/\/sola.kau.se\/meckau\/wp-content\/uploads\/sites\/862\/2025\/05\/IMG_7290-768x1024.jpg 768w, https:\/\/sola.kau.se\/meckau\/wp-content\/uploads\/sites\/862\/2025\/05\/IMG_7290-225x300.jpg 225w, https:\/\/sola.kau.se\/meckau\/wp-content\/uploads\/sites\/862\/2025\/05\/IMG_7290-1152x1536.jpg 1152w, https:\/\/sola.kau.se\/meckau\/wp-content\/uploads\/sites\/862\/2025\/05\/IMG_7290-1536x2048.jpg 1536w, https:\/\/sola.kau.se\/meckau\/wp-content\/uploads\/sites\/862\/2025\/05\/IMG_7290-1568x2091.jpg 1568w, https:\/\/sola.kau.se\/meckau\/wp-content\/uploads\/sites\/862\/2025\/05\/IMG_7290-scaled.jpg 1920w\" sizes=\"auto, (max-width: 768px) 100vw, 768px\" \/><figcaption class=\"wp-element-caption\">Max Toth<br>Utbildningsansvarig Metallverkstaden<br>H\u00f6gskoleingenj\u00f6r Maskinteknik<\/figcaption><\/figure>\n\n\n\n<figure class=\"wp-block-image size-large is-resized\"><img loading=\"lazy\" decoding=\"async\" width=\"768\" height=\"1024\" src=\"https:\/\/sola.kau.se\/meckau\/wp-content\/uploads\/sites\/862\/2025\/05\/IMG_7292-768x1024.jpg\" alt=\"\" class=\"wp-image-130\" style=\"width:322px;height:429px\" srcset=\"https:\/\/sola.kau.se\/meckau\/wp-content\/uploads\/sites\/862\/2025\/05\/IMG_7292-768x1024.jpg 768w, https:\/\/sola.kau.se\/meckau\/wp-content\/uploads\/sites\/862\/2025\/05\/IMG_7292-225x300.jpg 225w, https:\/\/sola.kau.se\/meckau\/wp-content\/uploads\/sites\/862\/2025\/05\/IMG_7292-1152x1536.jpg 1152w, https:\/\/sola.kau.se\/meckau\/wp-content\/uploads\/sites\/862\/2025\/05\/IMG_7292-1536x2048.jpg 1536w, https:\/\/sola.kau.se\/meckau\/wp-content\/uploads\/sites\/862\/2025\/05\/IMG_7292-1568x2091.jpg 1568w, https:\/\/sola.kau.se\/meckau\/wp-content\/uploads\/sites\/862\/2025\/05\/IMG_7292-scaled.jpg 1920w\" sizes=\"auto, (max-width: 768px) 100vw, 768px\" \/><figcaption class=\"wp-element-caption\">Styrelseledamot<br>Fredrik Johansson<br>Civilingenj\u00f6r Teknisk Fysik<\/figcaption><\/figure>\n\n\n\n<figure class=\"wp-block-image size-large is-resized\"><img loading=\"lazy\" decoding=\"async\" width=\"768\" height=\"1024\" src=\"https:\/\/sola.kau.se\/meckau\/wp-content\/uploads\/sites\/862\/2025\/05\/IMG_7293-768x1024.jpg\" alt=\"\" class=\"wp-image-131\" style=\"width:323px;height:430px\" srcset=\"https:\/\/sola.kau.se\/meckau\/wp-content\/uploads\/sites\/862\/2025\/05\/IMG_7293-768x1024.jpg 768w, https:\/\/sola.kau.se\/meckau\/wp-content\/uploads\/sites\/862\/2025\/05\/IMG_7293-225x300.jpg 225w, https:\/\/sola.kau.se\/meckau\/wp-content\/uploads\/sites\/862\/2025\/05\/IMG_7293-1152x1536.jpg 1152w, https:\/\/sola.kau.se\/meckau\/wp-content\/uploads\/sites\/862\/2025\/05\/IMG_7293-1536x2048.jpg 1536w, https:\/\/sola.kau.se\/meckau\/wp-content\/uploads\/sites\/862\/2025\/05\/IMG_7293-1568x2091.jpg 1568w, https:\/\/sola.kau.se\/meckau\/wp-content\/uploads\/sites\/862\/2025\/05\/IMG_7293-scaled.jpg 1920w\" sizes=\"auto, (max-width: 768px) 100vw, 768px\" \/><figcaption class=\"wp-element-caption\">Styrelseledamot<br>Adrian Dupa<br>Civilingenj\u00f6r Maskinteknik<\/figcaption><\/figure>\n\n\n\n<figure class=\"wp-block-image size-large is-resized\"><img loading=\"lazy\" decoding=\"async\" width=\"768\" height=\"1024\" src=\"https:\/\/sola.kau.se\/meckau\/wp-content\/uploads\/sites\/862\/2025\/05\/IMG_7291-768x1024.jpg\" alt=\"\" class=\"wp-image-132\" style=\"width:325px;height:433px\" srcset=\"https:\/\/sola.kau.se\/meckau\/wp-content\/uploads\/sites\/862\/2025\/05\/IMG_7291-768x1024.jpg 768w, https:\/\/sola.kau.se\/meckau\/wp-content\/uploads\/sites\/862\/2025\/05\/IMG_7291-225x300.jpg 225w, https:\/\/sola.kau.se\/meckau\/wp-content\/uploads\/sites\/862\/2025\/05\/IMG_7291-1152x1536.jpg 1152w, https:\/\/sola.kau.se\/meckau\/wp-content\/uploads\/sites\/862\/2025\/05\/IMG_7291-1536x2048.jpg 1536w, https:\/\/sola.kau.se\/meckau\/wp-content\/uploads\/sites\/862\/2025\/05\/IMG_7291-1568x2091.jpg 1568w, https:\/\/sola.kau.se\/meckau\/wp-content\/uploads\/sites\/862\/2025\/05\/IMG_7291-scaled.jpg 1920w\" sizes=\"auto, (max-width: 768px) 100vw, 768px\" \/><figcaption class=\"wp-element-caption\">Styrelseledamot<br>Johannes Tornblad<br>Civilingenj\u00f6r Maskinteknik<\/figcaption><\/figure>\n\n\n\n<figure class=\"wp-block-image size-large is-resized\"><img loading=\"lazy\" decoding=\"async\" width=\"768\" height=\"1024\" src=\"https:\/\/sola.kau.se\/meckau\/wp-content\/uploads\/sites\/862\/2025\/05\/IMG_7422-768x1024.jpg\" alt=\"\" class=\"wp-image-133\" style=\"width:324px;height:432px\" srcset=\"https:\/\/sola.kau.se\/meckau\/wp-content\/uploads\/sites\/862\/2025\/05\/IMG_7422-768x1024.jpg 768w, https:\/\/sola.kau.se\/meckau\/wp-content\/uploads\/sites\/862\/2025\/05\/IMG_7422-225x300.jpg 225w, https:\/\/sola.kau.se\/meckau\/wp-content\/uploads\/sites\/862\/2025\/05\/IMG_7422-1152x1536.jpg 1152w, https:\/\/sola.kau.se\/meckau\/wp-content\/uploads\/sites\/862\/2025\/05\/IMG_7422-1536x2048.jpg 1536w, https:\/\/sola.kau.se\/meckau\/wp-content\/uploads\/sites\/862\/2025\/05\/IMG_7422-1568x2091.jpg 1568w, https:\/\/sola.kau.se\/meckau\/wp-content\/uploads\/sites\/862\/2025\/05\/IMG_7422-scaled.jpg 1920w\" sizes=\"auto, (max-width: 768px) 100vw, 768px\" \/><figcaption class=\"wp-element-caption\">Styrelseledamot<br>Felix Fougstedt<br>Civilingenj\u00f6r Maskinteknik<\/figcaption><\/figure>\n","protected":false},"excerpt":{"rendered":"","protected":false},"author":947,"featured_media":0,"parent":0,"menu_order":0,"comment_status":"closed","ping_status":"closed","template":"","meta":{"footnotes":""},"class_list":["post-8","page","type-page","status-publish","hentry","entry"],"_links":{"self":[{"href":"https:\/\/sola.kau.se\/meckau\/wp-json\/wp\/v2\/pages\/8","targetHints":{"allow":["GET"]}}],"collection":[{"href":"https:\/\/sola.kau.se\/meckau\/wp-json\/wp\/v2\/pages"}],"about":[{"href":"https:\/\/sola.kau.se\/meckau\/wp-json\/wp\/v2\/types\/page"}],"author":[{"embeddable":true,"href":"https:\/\/sola.kau.se\/meckau\/wp-json\/wp\/v2\/users\/947"}],"replies":[{"embeddable":true,"href":"https:\/\/sola.kau.se\/meckau\/wp-json\/wp\/v2\/comments?post=8"}],"version-history":[{"count":9,"href":"https:\/\/sola.kau.se\/meckau\/wp-json\/wp\/v2\/pages\/8\/revisions"}],"predecessor-version":[{"id":136,"href":"https:\/\/sola.kau.se\/meckau\/wp-json\/wp\/v2\/pages\/8\/revisions\/136"}],"wp:attachment":[{"href":"https:\/\/sola.kau.se\/meckau\/wp-json\/wp\/v2\/media?parent=8"}],"curies":[{"name":"wp","href":"https:\/\/api.w.org\/{rel}","templated":true}]}}