 {"id":70,"date":"2023-02-22T10:45:55","date_gmt":"2023-02-22T10:45:55","guid":{"rendered":"https:\/\/sola.kau.se\/stats1\/?page_id=70"},"modified":"2026-02-13T15:43:55","modified_gmt":"2026-02-13T15:43:55","slug":"management","status":"publish","type":"page","link":"https:\/\/sola.kau.se\/ppg\/management\/","title":{"rendered":"Marketisation and managerialization"},"content":{"rendered":"\n<div class=\"wp-block-group alignwide is-layout-constrained wp-block-group-is-layout-constrained\" style=\"padding-top:var(u002du002dwpu002du002dcustomu002du002dspacingu002du002dlarge, 8rem);padding-bottom:var(u002du002dwpu002du002dcustomu002du002dspacingu002du002dlarge, 8rem)\">\n<h2 class=\"wp-block-heading\">Marketisation and managerialization<\/h2>\n\n\n\n<hr class=\"wp-block-separator has-alpha-channel-opacity\" \/>\n\n\n<nav class=\"is-responsive items-justified-center wp-block-navigation is-content-justification-center is-layout-flex wp-container-core-navigation-is-layout-a89b3969 wp-block-navigation-is-layout-flex\" aria-label=\"Header navigation\" \n\t\t data-wp-interactive=\"core\/navigation\" data-wp-context='{\"overlayOpenedBy\":{\"click\":false,\"hover\":false,\"focus\":false},\"type\":\"overlay\",\"roleAttribute\":\"\",\"ariaLabel\":\"Menu\"}'><button aria-haspopup=\"dialog\" aria-label=\"Open menu\" class=\"wp-block-navigation__responsive-container-open\" \n\t\t\t\tdata-wp-on-async--click=\"actions.openMenuOnClick\"\n\t\t\t\tdata-wp-on--keydown=\"actions.handleMenuKeydown\"\n\t\t\t><svg width=\"24\" height=\"24\" xmlns=\"http:\/\/www.w3.org\/2000\/svg\" viewBox=\"0 0 24 24\" aria-hidden=\"true\" focusable=\"false\"><rect x=\"4\" y=\"7.5\" width=\"16\" height=\"1.5\" \/><rect x=\"4\" y=\"15\" width=\"16\" height=\"1.5\" \/><\/svg><\/button>\n\t\t\t\t<div class=\"wp-block-navigation__responsive-container\"  id=\"modal-1\" \n\t\t\t\tdata-wp-class--has-modal-open=\"state.isMenuOpen\"\n\t\t\t\tdata-wp-class--is-menu-open=\"state.isMenuOpen\"\n\t\t\t\tdata-wp-watch=\"callbacks.initMenu\"\n\t\t\t\tdata-wp-on--keydown=\"actions.handleMenuKeydown\"\n\t\t\t\tdata-wp-on-async--focusout=\"actions.handleMenuFocusout\"\n\t\t\t\ttabindex=\"-1\"\n\t\t\t>\n\t\t\t\t\t<div class=\"wp-block-navigation__responsive-close\" tabindex=\"-1\">\n\t\t\t\t\t\t<div class=\"wp-block-navigation__responsive-dialog\" \n\t\t\t\tdata-wp-bind--aria-modal=\"state.ariaModal\"\n\t\t\t\tdata-wp-bind--aria-label=\"state.ariaLabel\"\n\t\t\t\tdata-wp-bind--role=\"state.roleAttribute\"\n\t\t\t>\n\t\t\t\t\t\t\t<button aria-label=\"Close menu\" class=\"wp-block-navigation__responsive-container-close\" \n\t\t\t\tdata-wp-on-async--click=\"actions.closeMenuOnClick\"\n\t\t\t><svg xmlns=\"http:\/\/www.w3.org\/2000\/svg\" viewBox=\"0 0 24 24\" width=\"24\" height=\"24\" aria-hidden=\"true\" focusable=\"false\"><path d=\"m13.06 12 6.47-6.47-1.06-1.06L12 10.94 5.53 4.47 4.47 5.53 10.94 12l-6.47 6.47 1.06 1.06L12 13.06l6.47 6.47 1.06-1.06L13.06 12Z\"><\/path><\/svg><\/button>\n\t\t\t\t\t\t\t<div class=\"wp-block-navigation__responsive-container-content\" \n\t\t\t\tdata-wp-watch=\"callbacks.focusFirstElement\"\n\t\t\t id=\"modal-1-content\">\n\t\t\t\t\t\t\t\t<ul class=\"wp-block-navigation__container is-responsive items-justified-center wp-block-navigation\"><li class=\"wp-block-navigation-item wp-block-home-link\"><a class=\"wp-block-home-link__content wp-block-navigation-item__content\" href=\"https:\/\/sola.kau.se\/ppg\" rel=\"home\">Home<\/a><\/li><li class=\" wp-block-navigation-item wp-block-navigation-link\"><a class=\"wp-block-navigation-item__content\"  href=\"https:\/\/sola.kau.se\/ppg\/news\/\"><span class=\"wp-block-navigation-item__label\">News<\/span><\/a><\/li><li class=\" wp-block-navigation-item wp-block-navigation-link\"><a class=\"wp-block-navigation-item__content\"  href=\"https:\/\/sola.kau.se\/ppg\/networks\/\"><span class=\"wp-block-navigation-item__label\">Networks<\/span><\/a><\/li><li class=\" wp-block-navigation-item wp-block-navigation-link\"><a class=\"wp-block-navigation-item__content\"  href=\"https:\/\/sola.kau.se\/ppg\/projects\/\"><span class=\"wp-block-navigation-item__label\">Projects<\/span><\/a><\/li><li data-wp-context=\"{ &quot;submenuOpenedBy&quot;: { &quot;click&quot;: false, &quot;hover&quot;: false, &quot;focus&quot;: false }, &quot;type&quot;: &quot;submenu&quot;, &quot;modal&quot;: null }\" data-wp-interactive=\"core\/navigation\" data-wp-on--focusout=\"actions.handleMenuFocusout\" data-wp-on--keydown=\"actions.handleMenuKeydown\" data-wp-on-async--mouseenter=\"actions.openMenuOnHover\" data-wp-on-async--mouseleave=\"actions.closeMenuOnHover\" data-wp-watch=\"callbacks.initMenu\" tabindex=\"-1\" class=\"wp-block-navigation-item has-child open-on-hover-click wp-block-navigation-submenu\"><a class=\"wp-block-navigation-item__content\" href=\"https:\/\/sola.kau.se\/ppg\/annual-symposium\/\"><span class=\"wp-block-navigation-item__label\">Annual Symposium<\/span><\/a><button data-wp-bind--aria-expanded=\"state.isMenuOpen\" data-wp-on-async--click=\"actions.toggleMenuOnClick\" aria-label=\"Annual Symposium submenu\" class=\"wp-block-navigation__submenu-icon wp-block-navigation-submenu__toggle\" ><svg xmlns=\"http:\/\/www.w3.org\/2000\/svg\" width=\"12\" height=\"12\" viewBox=\"0 0 12 12\" fill=\"none\" aria-hidden=\"true\" focusable=\"false\"><path d=\"M1.50002 4L6.00002 8L10.5 4\" stroke-width=\"1.5\"><\/path><\/svg><\/button><ul data-wp-on-async--focus=\"actions.openMenuOnFocus\" class=\"wp-block-navigation__submenu-container wp-block-navigation-submenu\"><li class=\" wp-block-navigation-item wp-block-navigation-link\"><a class=\"wp-block-navigation-item__content\"  href=\"https:\/\/sola.kau.se\/ppg\/2026-symposium-state-of-neoliberal-authoritarianism\/\"><span class=\"wp-block-navigation-item__label\">2026 Symposium: State of Neoliberal Authoritarianism<\/span><\/a><\/li><li class=\" wp-block-navigation-item wp-block-navigation-link\"><a class=\"wp-block-navigation-item__content\"  href=\"https:\/\/sola.kau.se\/ppg\/critical-studies-of-power-politics-and-governing\/\"><span class=\"wp-block-navigation-item__label\">2025 Symposium: Critical studies of Power, Politics, and Governing<\/span><\/a><\/li><li class=\" wp-block-navigation-item wp-block-navigation-link\"><a class=\"wp-block-navigation-item__content\"  href=\"https:\/\/sola.kau.se\/ppg\/critical-studies-of-power-and-the-political-practical-information\/\"><span class=\"wp-block-navigation-item__label\">Practical information: travels, accommodation and participation<\/span><\/a><\/li><\/ul><\/li><li data-wp-context=\"{ &quot;submenuOpenedBy&quot;: { &quot;click&quot;: false, &quot;hover&quot;: false, &quot;focus&quot;: false }, &quot;type&quot;: &quot;submenu&quot;, &quot;modal&quot;: null }\" data-wp-interactive=\"core\/navigation\" data-wp-on--focusout=\"actions.handleMenuFocusout\" data-wp-on--keydown=\"actions.handleMenuKeydown\" data-wp-on-async--mouseenter=\"actions.openMenuOnHover\" data-wp-on-async--mouseleave=\"actions.closeMenuOnHover\" data-wp-watch=\"callbacks.initMenu\" tabindex=\"-1\" class=\"wp-block-navigation-item has-child open-on-hover-click wp-block-navigation-submenu\"><a class=\"wp-block-navigation-item__content\" href=\"https:\/\/sola.kau.se\/ppg\/phd-courses\/\"><span class=\"wp-block-navigation-item__label\">PhD-courses<\/span><\/a><button data-wp-bind--aria-expanded=\"state.isMenuOpen\" data-wp-on-async--click=\"actions.toggleMenuOnClick\" aria-label=\"PhD-courses submenu\" class=\"wp-block-navigation__submenu-icon wp-block-navigation-submenu__toggle\" ><svg xmlns=\"http:\/\/www.w3.org\/2000\/svg\" width=\"12\" height=\"12\" viewBox=\"0 0 12 12\" fill=\"none\" aria-hidden=\"true\" focusable=\"false\"><path d=\"M1.50002 4L6.00002 8L10.5 4\" stroke-width=\"1.5\"><\/path><\/svg><\/button><ul data-wp-on-async--focus=\"actions.openMenuOnFocus\" class=\"wp-block-navigation__submenu-container wp-block-navigation-submenu\"><li class=\" wp-block-navigation-item wp-block-navigation-link\"><a class=\"wp-block-navigation-item__content\"  href=\"https:\/\/sola.kau.se\/ppg\/what-is-the-problem-represented-to-be-critical-policy-analysis-in-theory-and-practice\/\"><span class=\"wp-block-navigation-item__label\">What is the Problem Represented to be?\u00a0\u2013 Critical Policy Analysis in Theory and Practice<\/span><\/a><\/li><li class=\" wp-block-navigation-item wp-block-navigation-link\"><a class=\"wp-block-navigation-item__content\"  href=\"https:\/\/sola.kau.se\/ppg\/critical-studies-of-power-politics-and-governing-anti-foundational-analysis\/\"><span class=\"wp-block-navigation-item__label\">Critical studies of power, politics and governing \u2013 Anti-essentialist analysis<\/span><\/a><\/li><\/ul><\/li><li class=\" wp-block-navigation-item wp-block-navigation-link\"><a class=\"wp-block-navigation-item__content\"  href=\"https:\/\/sola.kau.se\/ppg\/calendar-events\/\"><span class=\"wp-block-navigation-item__label\">Calendarium<\/span><\/a><\/li><li class=\" wp-block-navigation-item wp-block-navigation-link\"><a class=\"wp-block-navigation-item__content\"  href=\"https:\/\/sola.kau.se\/ppg\/about-us-contact\/\"><span class=\"wp-block-navigation-item__label\">About us\/Contact<\/span><\/a><\/li><\/ul>\n\t\t\t\t\t\t\t<\/div>\n\t\t\t\t\t\t<\/div>\n\t\t\t\t\t<\/div>\n\t\t\t\t<\/div><\/nav>\n\n\n<hr class=\"wp-block-separator has-alpha-channel-opacity\" \/>\n\n\n\n<figure class=\"wp-block-image aligncenter size-full\"><img loading=\"lazy\" decoding=\"async\" width=\"1384\" height=\"1127\" src=\"https:\/\/sola.kau.se\/ppg\/wp-content\/uploads\/sites\/865\/2023\/02\/Ska\u0308rmavbild-2023-02-22-kl.-11.52.24.png\" alt=\"\" class=\"wp-image-72\" srcset=\"https:\/\/sola.kau.se\/ppg\/wp-content\/uploads\/sites\/865\/2023\/02\/Ska\u0308rmavbild-2023-02-22-kl.-11.52.24.png 1384w, https:\/\/sola.kau.se\/ppg\/wp-content\/uploads\/sites\/865\/2023\/02\/Ska\u0308rmavbild-2023-02-22-kl.-11.52.24-300x244.png 300w, https:\/\/sola.kau.se\/ppg\/wp-content\/uploads\/sites\/865\/2023\/02\/Ska\u0308rmavbild-2023-02-22-kl.-11.52.24-1024x834.png 1024w, https:\/\/sola.kau.se\/ppg\/wp-content\/uploads\/sites\/865\/2023\/02\/Ska\u0308rmavbild-2023-02-22-kl.-11.52.24-768x625.png 768w\" sizes=\"auto, (max-width: 1384px) 100vw, 1384px\" \/><\/figure>\n\n\n\n<p><strong><em>Abstract<\/em><\/strong><\/p>\n\n\n\n<p>In this research theme, we take an interest in analyzing and critically scrutinizing a set of governing practices which have become increasingly prevalent due to ongoing processes of neoliberalization. We approach neoliberalization as a form of rule and governing that manifests itself in marketization and managerialization. These processes are entangled but also distinct. We take marketization to be the subjection of all spheres in society to a market and competition logic, while managerialization refers to the increased use, and institutionalization, of a set of technologies of governing that draw on a varied repertoire of standardized methods, procedures and techniques that are deemed to increase effectiveness regardless of divergent contextual conditions.&nbsp;<\/p>\n\n\n\n<p>We explore manifestations of marketization and managerialization as they unfold in the intersection of the public, private and civil society sector. Particularly, we focus on practices and organizational forms that have become more prevalent in neoliberal society. Consequently, we currently focus on four topics of research.<\/p>\n\n\n\n<p><strong>Projectification.<\/strong><em> <\/em>We are interested in how the <em>project format<\/em> has colonized both the public sector and civil society, leading to an advanced adaptation of activities and operations to the project logic and the bureaucratic practices associated with it.<\/p>\n\n\n\n<p><strong>Public procurement<\/strong>. We explore and assess the effects of public procurement of external services and expertise. We take an interest in how the increased use of public procurement creates new roles for bureaucrats as well as a more intense work to create and maintain markets.<\/p>\n\n\n\n<p><strong>Consultants<\/strong><em>. <\/em>We study how private consultants are increasingly recruited for problem solving and organizational development in the public and civil society sector, and the effects of this privatization of central functions in public sector and civil society.<\/p>\n\n\n\n<p><strong>Knowledge and expertise.<\/strong><em> <\/em>We study the increasing use of evidence-based knowledge and expertise for the purpose of policy-making in the public sector and in international organizations. We take a particular interest in the generation, maintenance and legitimization of knowledge and expertise.<\/p>\n\n\n\n<p>In parallel to our focus on analyzing the empirical manifestations of marketization and managerialization in terms of implementation, institutionalization and legitimization, we also critically scrutinize and assess their broader political effects in society, particularly how they contribute to depoliticization which hampers the realization of democratic visions and imaginaries.<\/p>\n<\/div>\n\n\n\n<div style=\"height:100px\" aria-hidden=\"true\" class=\"wp-block-spacer\"><\/div>\n\n\n\n<div class=\"wp-block-group alignfull has-background-color has-primary-background-color has-text-color has-background has-link-color wp-elements-302521cd471c5c5a70d6c57951653c86 is-layout-flow wp-block-group-is-layout-flow\" style=\"padding-top:var(u002du002dwpu002du002dcustomu002du002dspacingu002du002dlarge, 8rem);padding-bottom:var(u002du002dwpu002du002dcustomu002du002dspacingu002du002dlarge, 8rem)\">\n<div class=\"wp-block-group alignfull is-layout-constrained wp-block-group-is-layout-constrained\">\n<h2 class=\"wp-block-heading alignwide has-text-align-center\" style=\"margin-bottom:2rem;font-size:clamp(3.25rem, 8vw, 6.25rem);line-height:1.15\"><em>relevant<\/em> <em>publication<\/em>s<\/h2>\n\n\n\n<p>Scott, D.&nbsp;&amp; Olivius, E. (2023).&nbsp;Making gender known: Assembling gender expertise in international organizations<em>. International Studies Quarterly 67<\/em>(2).<\/p>\n\n\n\n<p>Scott, D.&nbsp;(2023). Entering the world of project making: Mobilizing&nbsp;<em>assemblage thinking&nbsp;<\/em>to unpack projects as political constructions. In Fred, M. &amp; Godenhjelm, S (eds.).&nbsp;<em>Projectification of Organizations, Governance and Societies: Theoretical Perspectives and Empirical Implications&nbsp;<\/em>(pp. 57-73)<em>.&nbsp;<\/em>Palgrave MacMillan.<\/p>\n\n\n\n<p>Scott, D. &amp;&nbsp;R\u00f6nnblom, M. (2023).&nbsp;<em>Projektifierad feminism: En studie av kvinnoorganisationers hantering av projektformens krav och f\u00f6rv\u00e4ntningar [Projectifying feminism: A study of women\u2019s organizations\u2019 handling of the requirements and expectations stemming from the project format].&nbsp;<\/em>Myndigheten f\u00f6r ungdoms- och civilsamh\u00e4llesfr\u00e5gor (MUCF).&nbsp;<a href=\"https:\/\/www.mucf.se\/sites\/default\/files\/2023\/04\/MUCF-Projektifierad%20feminism_3.pdf\">Projektifierad feminism (mucf.se)<\/a><\/p>\n\n\n\n<p>Scott. D. &amp; R\u00f6nnblom, M. (2022). Projectifying feminism: Exploring the conditions for feminist politics in international development aid. <em>European Journal of Politics and Gender 5<\/em>(2), 250-266<\/p>\n\n\n\n<p>Scott, D. (2021). <em>(Dis)assembling Development: Organizing Swedish Development Aid through Projectification. <\/em>(Doctoral Dissertation, Karlstad University)<\/p>\n\n\n\n<p>Olsson, D., \u00d6jehag-Pettersson, A., Granberg, M., 2021. Building a Sustainable Society: Construction, Public Procurement Policy and \u2018Best Practice\u2019 in the European Union. Sustainability 13, 1\u201318.&nbsp;<a href=\"https:\/\/doi.org\/10.3390\/su13137142\">https:\/\/doi.org\/10.3390\/su13137142<\/a><\/p>\n\n\n\n<p>Olsson, D., \u00d6jehag-Pettersson, A., 2020. Buying a sustainable society: the case of public procurement in Sweden. Local Environment 25, 681\u2013696 <a href=\"https:\/\/doi.org\/10.1080\/13549839.2020.1820471\">https:\/\/doi.org\/10.1080\/13549839.2020.1820471<\/a><\/p>\n\n\n\n<p>\u00d6jehag-Pettersson, A., &amp; Mitander, T. (2020). <em>Traveling Expertise and Regional Development<\/em>. Routledge.<\/p>\n\n\n\n<p>\u00d6jehag-Pettersson, A., Granberg, M., 2019. Public Procurement as Marketisation: Impacts on Civil Servants and Public Administration in Sweden. Scandinavian Journal of Public Administration 23, 43-59\u201359.<\/p>\n\n\n\n<p>\u00d6jehag-Pettersson, A. (2017). Working for change: projectified politics and gender equality. <em>NORA-Nordic Journal of Feminist and Gender Research<\/em>, <em>25<\/em>(3), 163-178.<\/p>\n<\/div>\n<\/div>\n","protected":false},"excerpt":{"rendered":"<p>Marketisation and managerialization Abstract In this research theme, we take an interest in analyzing and critically scrutinizing a set of governing practices which have become increasingly prevalent due to ongoing processes of neoliberalization. We approach neoliberalization as a form of rule and governing that manifests itself in marketization and managerialization. These processes are entangled but [&hellip;]<\/p>\n","protected":false},"author":1914,"featured_media":0,"parent":0,"menu_order":0,"comment_status":"closed","ping_status":"closed","template":"","meta":{"footnotes":""},"class_list":["post-70","page","type-page","status-publish","hentry"],"_links":{"self":[{"href":"https:\/\/sola.kau.se\/ppg\/wp-json\/wp\/v2\/pages\/70","targetHints":{"allow":["GET"]}}],"collection":[{"href":"https:\/\/sola.kau.se\/ppg\/wp-json\/wp\/v2\/pages"}],"about":[{"href":"https:\/\/sola.kau.se\/ppg\/wp-json\/wp\/v2\/types\/page"}],"author":[{"embeddable":true,"href":"https:\/\/sola.kau.se\/ppg\/wp-json\/wp\/v2\/users\/1914"}],"replies":[{"embeddable":true,"href":"https:\/\/sola.kau.se\/ppg\/wp-json\/wp\/v2\/comments?post=70"}],"version-history":[{"count":32,"href":"https:\/\/sola.kau.se\/ppg\/wp-json\/wp\/v2\/pages\/70\/revisions"}],"predecessor-version":[{"id":556,"href":"https:\/\/sola.kau.se\/ppg\/wp-json\/wp\/v2\/pages\/70\/revisions\/556"}],"wp:attachment":[{"href":"https:\/\/sola.kau.se\/ppg\/wp-json\/wp\/v2\/media?parent=70"}],"curies":[{"name":"wp","href":"https:\/\/api.w.org\/{rel}","templated":true}]}}