 {"id":63,"date":"2023-09-05T09:28:33","date_gmt":"2023-09-05T09:28:33","guid":{"rendered":"https:\/\/sola.kau.se\/sigscybersec\/media\/"},"modified":"2024-07-12T08:57:36","modified_gmt":"2024-07-12T08:57:36","slug":"media","status":"publish","type":"page","link":"https:\/\/sola.kau.se\/sigscybersec\/media\/?lang=sv","title":{"rendered":"Media"},"content":{"rendered":"\n<p><a href=\"https:\/\/sverigesradio.se\/artikel\/sverige-ska-fa-fler-cyberexperter-finns-stort-behov\">&#8220;Sverige ska f\u00e5 fler cyberexperter \u2013 \u201dfinns stort behov\u201d&#8221;<\/a>: Sveriges Radio<\/p>\n\n<p><a rel=\"noreferrer noopener\" href=\"https:\/\/www.voister.se\/artikel\/2023\/02\/nu-startar-sveriges-forsta-forskarskola-inom-sakerhet\/\" target=\"_blank\">&#8220;Nu startar Sveriges f\u00f6rsta forskarskola inom s\u00e4kerhet&#8221;<\/a>: Intervju av Voister med professor Simone Fischer-H\u00fcbner vid Karlstads universitet<\/p>\n\n<p><a href=\"https:\/\/sverigesradio.se\/artikel\/sverige-ska-skyddas-fran-hackare-genom-nytt-samarbete-mellan-universitet-och-foretag\" target=\"_blank\" rel=\"noreferrer noopener\">&#8220;Ny forskarskola: F\u00f6retag och universitet ska tillsammans stoppa hackare&#8221;<\/a>: Intervju i Sveriges Radio med professor Simone Fischer-H\u00fcbner vid Karlstads universitet<\/p>\n\n<p><a href=\"https:\/\/www.svt.se\/nyheter\/lokalt\/varmland\/ny-forskarskola-ska-gora-svenska-foretag-cybersakra\" target=\"_blank\" rel=\"noreferrer noopener\">&#8220;Ny forskarskola ska g\u00f6ra svenska f\u00f6retag cybers\u00e4kra&#8221;<\/a>: Intervju av SVT med professor Simone Fischer-H\u00fcbner vid Karlstads universitet<\/p>\n\n<p><a href=\"https:\/\/dizparc.se\/inspiration\/dizparc-och-kau-forskningsprojekt\" data-type=\"URL\" data-id=\"https:\/\/dizparc.se\/inspiration\/dizparc-och-kau-forskningsprojekt\" target=\"_blank\" rel=\"noreferrer noopener\">&#8220;Dizparc och Karlstads universitet sj\u00f6s\u00e4tter ett nytt forskningsprojekt inom cybers\u00e4kerhet&#8221;<\/a>: Dizparc Secured pressmeddelande om sitt samarbete med SIGS-CyberSec. <\/p>\n","protected":false},"excerpt":{"rendered":"<p>&#8220;Sverige ska f\u00e5 fler cyberexperter \u2013 \u201dfinns stort behov\u201d&#8221;: Sveriges Radio &#8220;Nu startar Sveriges f\u00f6rsta forskarskola inom s\u00e4kerhet&#8221;: Intervju av Voister med professor Simone Fischer-H\u00fcbner vid Karlstads universitet &#8220;Ny forskarskola: F\u00f6retag och universitet ska tillsammans stoppa hackare&#8221;: Intervju i Sveriges Radio med professor Simone Fischer-H\u00fcbner vid Karlstads universitet &#8220;Ny forskarskola ska g\u00f6ra svenska f\u00f6retag cybers\u00e4kra&#8221;: [&hellip;]<\/p>\n","protected":false},"author":4500,"featured_media":0,"parent":0,"menu_order":0,"comment_status":"closed","ping_status":"closed","template":"template-fullwidth.php","meta":{"footnotes":""},"class_list":["post-63","page","type-page","status-publish","hentry","post-preview"],"_links":{"self":[{"href":"https:\/\/sola.kau.se\/sigscybersec\/wp-json\/wp\/v2\/pages\/63","targetHints":{"allow":["GET"]}}],"collection":[{"href":"https:\/\/sola.kau.se\/sigscybersec\/wp-json\/wp\/v2\/pages"}],"about":[{"href":"https:\/\/sola.kau.se\/sigscybersec\/wp-json\/wp\/v2\/types\/page"}],"author":[{"embeddable":true,"href":"https:\/\/sola.kau.se\/sigscybersec\/wp-json\/wp\/v2\/users\/4500"}],"replies":[{"embeddable":true,"href":"https:\/\/sola.kau.se\/sigscybersec\/wp-json\/wp\/v2\/comments?post=63"}],"version-history":[{"count":2,"href":"https:\/\/sola.kau.se\/sigscybersec\/wp-json\/wp\/v2\/pages\/63\/revisions"}],"predecessor-version":[{"id":217,"href":"https:\/\/sola.kau.se\/sigscybersec\/wp-json\/wp\/v2\/pages\/63\/revisions\/217"}],"wp:attachment":[{"href":"https:\/\/sola.kau.se\/sigscybersec\/wp-json\/wp\/v2\/media?parent=63"}],"curies":[{"name":"wp","href":"https:\/\/api.w.org\/{rel}","templated":true}]}}