 {"id":65,"date":"2023-03-29T08:23:23","date_gmt":"2023-03-29T08:23:23","guid":{"rendered":"https:\/\/sola.kau.se\/sigscybersec\/mal-med-sics-cybersec\/"},"modified":"2025-10-15T16:41:38","modified_gmt":"2025-10-15T16:41:38","slug":"mal-med-sics-cybersec","status":"publish","type":"page","link":"https:\/\/sola.kau.se\/sigscybersec\/mal-med-sics-cybersec\/?lang=sv","title":{"rendered":"M\u00e5l med SIGS-CyberSec"},"content":{"rendered":"<p>(O1) Utveckling av ett innovativt doktorandprogram f\u00f6r industrin och ett utbildningsn\u00e4tverk inom cybers\u00e4kerhet, som bygger p\u00e5 l\u00e4ros\u00e4tenas kompletterande expertis inom cybers\u00e4kerhet och vetenskapliga kompetens, i samarbete med den svenska industrin. Ett doktorandprogram med doktorandkurser i cybers\u00e4kerhet kommer att erbjudas, vilket kommer att bidra till att \u00e5tg\u00e4rda bristerna i cybers\u00e4kerhetskunskaper i Sverige och st\u00e4rka de deltagande l\u00e4ros\u00e4tenas befintliga doktorandprogram.<\/p>\n<p>(O2) Inr\u00e4ttande av samarbete mellan l\u00e4ros\u00e4ten och n\u00e4ringsliv och samproduktion av doktorandprojekt inom cybers\u00e4kerhet f\u00f6r f\u00f6ljande \u00e4ndam\u00e5l:<\/p>\n<ul>\n<li>Gemensamt adressera cybers\u00e4kerhetsbehov och utmaningar som svensk industri m\u00e5ste m\u00f6ta,<\/li>\n<li>Fr\u00e4mja svensk industriell forskningskompetens och expertis inom cybers\u00e4kerhet,<\/li>\n<li>St\u00e4rka forskningsprofilerna inom cybers\u00e4kerhet vid de deltagande l\u00e4ros\u00e4tena, b\u00e5de nationellt och internationellt.<\/li>\n<\/ul>\n<p>(O3) Samarbete med relaterade akt\u00f6rer, s\u00e5som Swedish IT Security Network (SWITS) och initiativet Cybercampus Sweden, f\u00f6r att bygga upp ett h\u00e5llbart n\u00e4tverk av kursmoduler f\u00f6r forskarutbildning inom cybers\u00e4kerhet i Sverige, som kan uppr\u00e4tth\u00e5llas \u00e4ven efter det att projekten har avslutats.<\/p>\n","protected":false},"excerpt":{"rendered":"<p>(O1) Utveckling av ett innovativt doktorandprogram f\u00f6r industrin och ett utbildningsn\u00e4tverk inom cybers\u00e4kerhet, som bygger p\u00e5 l\u00e4ros\u00e4tenas kompletterande expertis inom cybers\u00e4kerhet och vetenskapliga kompetens, i samarbete med den svenska industrin. Ett doktorandprogram med doktorandkurser i cybers\u00e4kerhet kommer att erbjudas, vilket kommer att bidra till att \u00e5tg\u00e4rda bristerna i cybers\u00e4kerhetskunskaper i Sverige och st\u00e4rka de deltagande [&hellip;]<\/p>\n","protected":false},"author":4173,"featured_media":0,"parent":0,"menu_order":0,"comment_status":"closed","ping_status":"closed","template":"template-fullwidth.php","meta":{"footnotes":""},"class_list":["post-65","page","type-page","status-publish","hentry","post-preview"],"_links":{"self":[{"href":"https:\/\/sola.kau.se\/sigscybersec\/wp-json\/wp\/v2\/pages\/65","targetHints":{"allow":["GET"]}}],"collection":[{"href":"https:\/\/sola.kau.se\/sigscybersec\/wp-json\/wp\/v2\/pages"}],"about":[{"href":"https:\/\/sola.kau.se\/sigscybersec\/wp-json\/wp\/v2\/types\/page"}],"author":[{"embeddable":true,"href":"https:\/\/sola.kau.se\/sigscybersec\/wp-json\/wp\/v2\/users\/4173"}],"replies":[{"embeddable":true,"href":"https:\/\/sola.kau.se\/sigscybersec\/wp-json\/wp\/v2\/comments?post=65"}],"version-history":[{"count":1,"href":"https:\/\/sola.kau.se\/sigscybersec\/wp-json\/wp\/v2\/pages\/65\/revisions"}],"predecessor-version":[{"id":327,"href":"https:\/\/sola.kau.se\/sigscybersec\/wp-json\/wp\/v2\/pages\/65\/revisions\/327"}],"wp:attachment":[{"href":"https:\/\/sola.kau.se\/sigscybersec\/wp-json\/wp\/v2\/media?parent=65"}],"curies":[{"name":"wp","href":"https:\/\/api.w.org\/{rel}","templated":true}]}}