 {"id":16,"date":"2021-03-30T12:14:21","date_gmt":"2021-03-30T12:14:21","guid":{"rendered":"https:\/\/sola.kau.se\/swits\/?page_id=16"},"modified":"2025-04-08T09:06:30","modified_gmt":"2025-04-08T09:06:30","slug":"deltagande-universitet-och-hogskolor","status":"publish","type":"page","link":"https:\/\/sola.kau.se\/swits\/deltagande-universitet-och-hogskolor\/","title":{"rendered":"Deltagande universitet och h\u00f6gskolor"},"content":{"rendered":"\n<p><a href=\"http:\/\/www.kau.se\/\">Karlstads universitet<\/a> (koordinator)<\/p>\n\n\n\n<p><a href=\"http:\/\/www.bth.se\/\">Blekinge tekniska h\u00f6gskola<\/a><\/p>\n\n\n\n<p><a href=\"http:\/\/www.chalmers.se\/\">Chalmers tekniska h\u00f6gskola<\/a><\/p>\n\n\n\n<p>F\u00f6rsvarsh\u00f6gskolan<\/p>\n\n\n\n<p>G\u00f6teborgs universitet<\/p>\n\n\n\n<p>H\u00f6gskolan Halmstad<\/p>\n\n\n\n<p><a href=\"http:\/\/www.his.se\/\">H\u00f6gskolan i<\/a>&nbsp;<a href=\"http:\/\/www.his.se\/\">Sk\u00f6vde&nbsp;<\/a><\/p>\n\n\n\n<p>J\u00f6nk\u00f6pings universitet<\/p>\n\n\n\n<p>Kungliga tekniska h\u00f6gskolan<\/p>\n\n\n\n<p>Linn\u00e9 universitetet<\/p>\n\n\n\n<p><a href=\"http:\/\/www.liu.se\/\">Link\u00f6pings universitet<\/a><\/p>\n\n\n\n<p><a href=\"http:\/\/www.luth.se\/\">Lule\u00e5 tekniska universitet<\/a><\/p>\n\n\n\n<p><a href=\"http:\/\/www.lu.se\/\">Lunds Universitet<\/a><\/p>\n\n\n\n<p><a href=\"http:\/\/iotap.mah.se\/\">Malm\u00f6 universitet<\/a><\/p>\n\n\n\n<p>Mittuniversitetet<\/p>\n\n\n\n<p><a href=\"http:\/\/www.mdh.se\/\">M\u00e4lardalens H\u00f6gskolan<\/a><\/p>\n\n\n\n<p><a href=\"https:\/\/www.ri.se\/en\/what-we-do\/projects\/rise-centre-cybersecurity\">RISE Center for&nbsp;Cybersecurity<\/a><\/p>\n\n\n\n<p><a href=\"http:\/\/www.su.se\/\">Stockholms universitet<\/a><\/p>\n\n\n\n<p><a href=\"https:\/\/dsv.su.se\/\" data-type=\"URL\" data-id=\"https:\/\/dsv.su.se\/\">Stockholms universitet, DSV<\/a><\/p>\n\n\n\n<p>Ume\u00e5 universitet<\/p>\n\n\n\n<p><a href=\"https:\/\/www.uu.se\/\">Uppsala universitet<\/a><\/p>\n\n\n\n<p><a href=\"http:\/\/www.oru.se\/\">\u00d6rebro universitet<\/a><\/p>\n\n\n\n<p><strong>Andra deltagande<\/strong><\/p>\n\n\n\n<p><a href=\"https:\/\/www.ri.se\/en\/what-we-do\/expertises\/cybersecurity\" data-type=\"URL\" data-id=\"https:\/\/www.ri.se\/en\/what-we-do\/expertises\/cybersecurity\">RISE<\/a>, <a href=\"https:\/\/www.foi.se\" data-type=\"URL\" data-id=\"https:\/\/www.foi.se\">FOI<\/a>, industrielle forskare, <a href=\"https:\/\/www.msb.se\" data-type=\"URL\" data-id=\"https:\/\/www.msb.se\">MSB<\/a> och norska cybers\u00e4kerhetsn\u00e4tverket <a href=\"https:\/\/coinsrs.no\/\" data-type=\"URL\" data-id=\"https:\/\/coinsrs.no\/\">COINS<\/a>.<\/p>\n","protected":false},"excerpt":{"rendered":"<p>Karlstads universitet (koordinator) Blekinge tekniska h\u00f6gskola Chalmers tekniska h\u00f6gskola F\u00f6rsvarsh\u00f6gskolan G\u00f6teborgs universitet H\u00f6gskolan Halmstad H\u00f6gskolan i&nbsp;Sk\u00f6vde&nbsp; J\u00f6nk\u00f6pings universitet Kungliga tekniska h\u00f6gskolan Linn\u00e9 universitetet Link\u00f6pings universitet Lule\u00e5 tekniska universitet Lunds Universitet Malm\u00f6 universitet Mittuniversitetet M\u00e4lardalens H\u00f6gskolan RISE Center for&nbsp;Cybersecurity Stockholms universitet Stockholms universitet, DSV Ume\u00e5 universitet Uppsala universitet \u00d6rebro universitet Andra deltagande RISE, FOI, industrielle forskare, &hellip; <\/p>\n<p class=\"link-more\"><a href=\"https:\/\/sola.kau.se\/swits\/deltagande-universitet-och-hogskolor\/\" class=\"more-link\">Forts\u00e4tt l\u00e4sa<span class=\"screen-reader-text\"> \u201dDeltagande universitet och h\u00f6gskolor\u201d<\/span><\/a><\/p>\n","protected":false},"author":88,"featured_media":0,"parent":0,"menu_order":0,"comment_status":"closed","ping_status":"closed","template":"","meta":{"footnotes":""},"class_list":["post-16","page","type-page","status-publish","hentry"],"_links":{"self":[{"href":"https:\/\/sola.kau.se\/swits\/wp-json\/wp\/v2\/pages\/16","targetHints":{"allow":["GET"]}}],"collection":[{"href":"https:\/\/sola.kau.se\/swits\/wp-json\/wp\/v2\/pages"}],"about":[{"href":"https:\/\/sola.kau.se\/swits\/wp-json\/wp\/v2\/types\/page"}],"author":[{"embeddable":true,"href":"https:\/\/sola.kau.se\/swits\/wp-json\/wp\/v2\/users\/88"}],"replies":[{"embeddable":true,"href":"https:\/\/sola.kau.se\/swits\/wp-json\/wp\/v2\/comments?post=16"}],"version-history":[{"count":15,"href":"https:\/\/sola.kau.se\/swits\/wp-json\/wp\/v2\/pages\/16\/revisions"}],"predecessor-version":[{"id":429,"href":"https:\/\/sola.kau.se\/swits\/wp-json\/wp\/v2\/pages\/16\/revisions\/429"}],"wp:attachment":[{"href":"https:\/\/sola.kau.se\/swits\/wp-json\/wp\/v2\/media?parent=16"}],"curies":[{"name":"wp","href":"https:\/\/api.w.org\/{rel}","templated":true}]}}