 {"id":309,"date":"2021-09-05T20:07:26","date_gmt":"2021-09-05T20:07:26","guid":{"rendered":"https:\/\/sola.kau.se\/upekonferens2021\/?page_id=309"},"modified":"2021-09-08T06:56:57","modified_gmt":"2021-09-08T06:56:57","slug":"projektet-lara-att-lara-resultat-och-reflektioner-fran-deltagarnas-och-gruppledarnas-perspektiv","status":"publish","type":"page","link":"https:\/\/sola.kau.se\/upekonferens2021\/sample-page\/projektet-lara-att-lara-resultat-och-reflektioner-fran-deltagarnas-och-gruppledarnas-perspektiv\/","title":{"rendered":"Projektet L\u00e4ra att l\u00e4ra -Resultat och reflektioner fr\u00e5n deltagarnas och gruppledarnas perspektiv"},"content":{"rendered":"\n<p><strong>F\u00f6rfattare:<\/strong> <a href=\"https:\/\/inslaget.kau.se\/users\/ulrik-terp\" target=\"_blank\" rel=\"noreferrer noopener\">Ulrik Terp<\/a> samt studenterna Moa Martinsson och Matilda Gustafsson Lindberg<br><strong>Institution\/enhet<\/strong>: Institutionen f\u00f6r sociala och psykologiska studier<br><strong>\u00c4mne:<\/strong> Psykologi<\/p>\n\n\n\n<p>Forskning visar att \u00f6verg\u00e5ngen till h\u00f6gre studier kan vara en omtumlande erfarenhet d\u00e5 strategier man anv\u00e4nt tidigare inte l\u00e4ngre fungerar lika bra.<\/p>\n\n\n\n<p>Stress hos studenter har ofta en koppling till bristande f\u00e4rdigheter och f\u00f6rm\u00e5gor avseende studieteknik. Pandemin har bidragit med ytterligare f\u00f6rsv\u00e5rande omst\u00e4ndigheter i detta avseende. \u00d6ver hundra f\u00f6rsta\u00e5rsstudenter p\u00e5 Karlstads Universitet har under v\u00e5ren d\u00e4rf\u00f6r deltagit i ett projekt som syftade till att utveckla f\u00e4rdigheter och f\u00f6rm\u00e5gor med relevans f\u00f6r deras studier. Varje grupp har blivit handledd av tv\u00e5 psykologstudenter inom ramen f\u00f6r en kurs p\u00e5 psykologprogrammet vars prim\u00e4ra syfte var att utveckla studenternas f\u00e4rdigheter och f\u00f6rm\u00e5gor att leda grupper.<\/p>\n\n\n\n<p>Arbetet har visat sig vara givande och utvecklande f\u00f6r b\u00e5de f\u00f6rsta\u00e5rsstunderna som deltog i projektet som f\u00f6r psykologstudenterna som genomf\u00f6rde det. Vi kommer under v\u00e5r presentation komprimerat g\u00e5 igenom projektets inneh\u00e5ll och struktur samt lyfta resultat och erfarenheter ur s\u00e5v\u00e4l ett deltagar- som gruppledarperspektiv. Presentationen avslutas med att slutsatser och reflektioner \u00f6ver projektet lyfts och diskuteras i ett vidare sammanhang med relevans f\u00f6r h\u00f6gre utbildning.<\/p>\n","protected":false},"excerpt":{"rendered":"<p>F\u00f6rfattare: Ulrik Terp samt studenterna Moa Martinsson och Matilda Gustafsson LindbergInstitution\/enhet: Institutionen f\u00f6r sociala och psykologiska studier\u00c4mne: Psykologi Forskning visar att \u00f6verg\u00e5ngen till h\u00f6gre studier kan vara en omtumlande erfarenhet d\u00e5 strategier man anv\u00e4nt tidigare inte l\u00e4ngre fungerar lika bra. Stress hos studenter har ofta en koppling till bristande f\u00e4rdigheter och f\u00f6rm\u00e5gor avseende studieteknik. Pandemin [&hellip;]<\/p>\n","protected":false},"author":43,"featured_media":0,"parent":2,"menu_order":0,"comment_status":"closed","ping_status":"closed","template":"templates\/template-full-width.php","meta":{"footnotes":""},"class_list":["post-309","page","type-page","status-publish","hentry","post","no-featured-image"],"_links":{"self":[{"href":"https:\/\/sola.kau.se\/upekonferens2021\/wp-json\/wp\/v2\/pages\/309","targetHints":{"allow":["GET"]}}],"collection":[{"href":"https:\/\/sola.kau.se\/upekonferens2021\/wp-json\/wp\/v2\/pages"}],"about":[{"href":"https:\/\/sola.kau.se\/upekonferens2021\/wp-json\/wp\/v2\/types\/page"}],"author":[{"embeddable":true,"href":"https:\/\/sola.kau.se\/upekonferens2021\/wp-json\/wp\/v2\/users\/43"}],"replies":[{"embeddable":true,"href":"https:\/\/sola.kau.se\/upekonferens2021\/wp-json\/wp\/v2\/comments?post=309"}],"version-history":[{"count":2,"href":"https:\/\/sola.kau.se\/upekonferens2021\/wp-json\/wp\/v2\/pages\/309\/revisions"}],"predecessor-version":[{"id":359,"href":"https:\/\/sola.kau.se\/upekonferens2021\/wp-json\/wp\/v2\/pages\/309\/revisions\/359"}],"up":[{"embeddable":true,"href":"https:\/\/sola.kau.se\/upekonferens2021\/wp-json\/wp\/v2\/pages\/2"}],"wp:attachment":[{"href":"https:\/\/sola.kau.se\/upekonferens2021\/wp-json\/wp\/v2\/media?parent=309"}],"curies":[{"name":"wp","href":"https:\/\/api.w.org\/{rel}","templated":true}]}}