 {"id":309,"date":"2021-09-05T20:07:26","date_gmt":"2021-09-05T20:07:26","guid":{"rendered":"https:\/\/sola.kau.se\/upekonferens2021\/?page_id=309"},"modified":"2022-08-19T16:30:25","modified_gmt":"2022-08-19T16:30:25","slug":"lararstudenters-reflektion-kring-samt-design-av-datorbaserade-elevaktiviteter-i-geometri","status":"publish","type":"page","link":"https:\/\/sola.kau.se\/upekonferens2022\/sample-page\/lararstudenters-reflektion-kring-samt-design-av-datorbaserade-elevaktiviteter-i-geometri\/","title":{"rendered":"L\u00e4rarstudenters reflektion kring samt design av datorbaserade elevaktiviteter i geometri"},"content":{"rendered":"\n<p><strong>F\u00f6rfattare:<\/strong> Maria Fahlgren och Mirela Vinerean<br><strong>Institution\/enhet<\/strong>: Matematik och datavetenskap<br><strong>\u00c4mne:<\/strong> Matematik<\/p>\n\n\n\n<h2 class=\"wp-block-heading\">Abstract<\/h2>\n\n\n\n<p>I den h\u00e4r presentationen delar vi erfarenheter fr\u00e5n en studie genomf\u00f6rd v\u00e5ren 2022 i en geometrikurs inom \u00e4mnesl\u00e4rarprogrammet. D\u00e5 matematik-l\u00e4rare i Sverige \u00e4r t\u00e4nkta att genomf\u00f6ra utbildningsverksamhet f\u00f6r att stimulera varje elevs l\u00e4rande, det vill s\u00e4ga \u00e4ven f\u00f6r elever som l\u00e4tt n\u00e5r kunskapsm\u00e5len samt elevernas anv\u00e4ndning av digitala verktyg i matematik, \u00e4r det viktigt att f\u00f6rbereda blivande l\u00e4rare f\u00f6r att kunna hantera dessa fr\u00e5gor. Detta \u00e4r anledningen till att vi anpassar kursen f\u00f6r att inkludera dessa perspektiv f\u00f6r \u00e4mnesl\u00e4rare i matematik.<\/p>\n\n\n\n<p>I studien genomf\u00f6rde samt reflekterade l\u00e4rarstudenterna \u00f6ver f\u00e4rdig-konstruerade elevaktiviteter. Aktiviteterna genomf\u00f6rdes i en datorbaserad milj\u00f6 (i detta fallet STEP) som erbjuder l\u00e4rare att \u00f6verblicka elevers arbeten med dynamiska geometriprogram (s\u00e5som GeoGebra). D\u00e4refter konstruerade de egen (datorbaserad) elevaktivitet f\u00f6r att stimulera alla elevers l\u00e4rande i geometri, vilket inbegriper elever som l\u00e4tt n\u00e5r kunskapsm\u00e5len. Vidare upp-manades studenterna att reflektera kring hur l\u00e4rare kan anv\u00e4nda digitala verktyg som st\u00f6d vid en klassrumsdiskussion baserad p\u00e5 elevers arbete med ett dynamiskt geometriprogram.<\/p>\n\n\n\n<p><\/p>\n\n\n\n<p><\/p>\n","protected":false},"excerpt":{"rendered":"<p>F\u00f6rfattare: Maria Fahlgren och Mirela VinereanInstitution\/enhet: Matematik och datavetenskap\u00c4mne: Matematik Abstract I den h\u00e4r presentationen delar vi erfarenheter fr\u00e5n en studie genomf\u00f6rd v\u00e5ren 2022 i en geometrikurs inom \u00e4mnesl\u00e4rarprogrammet. D\u00e5 matematik-l\u00e4rare i Sverige \u00e4r t\u00e4nkta att genomf\u00f6ra utbildningsverksamhet f\u00f6r att stimulera varje elevs l\u00e4rande, det vill s\u00e4ga \u00e4ven f\u00f6r elever som l\u00e4tt n\u00e5r kunskapsm\u00e5len samt [&hellip;]<\/p>\n","protected":false},"author":43,"featured_media":0,"parent":2,"menu_order":0,"comment_status":"closed","ping_status":"closed","template":"","meta":{"footnotes":""},"class_list":["post-309","page","type-page","status-publish","hentry","post","no-featured-image"],"_links":{"self":[{"href":"https:\/\/sola.kau.se\/upekonferens2022\/wp-json\/wp\/v2\/pages\/309","targetHints":{"allow":["GET"]}}],"collection":[{"href":"https:\/\/sola.kau.se\/upekonferens2022\/wp-json\/wp\/v2\/pages"}],"about":[{"href":"https:\/\/sola.kau.se\/upekonferens2022\/wp-json\/wp\/v2\/types\/page"}],"author":[{"embeddable":true,"href":"https:\/\/sola.kau.se\/upekonferens2022\/wp-json\/wp\/v2\/users\/43"}],"replies":[{"embeddable":true,"href":"https:\/\/sola.kau.se\/upekonferens2022\/wp-json\/wp\/v2\/comments?post=309"}],"version-history":[{"count":3,"href":"https:\/\/sola.kau.se\/upekonferens2022\/wp-json\/wp\/v2\/pages\/309\/revisions"}],"predecessor-version":[{"id":527,"href":"https:\/\/sola.kau.se\/upekonferens2022\/wp-json\/wp\/v2\/pages\/309\/revisions\/527"}],"up":[{"embeddable":true,"href":"https:\/\/sola.kau.se\/upekonferens2022\/wp-json\/wp\/v2\/pages\/2"}],"wp:attachment":[{"href":"https:\/\/sola.kau.se\/upekonferens2022\/wp-json\/wp\/v2\/media?parent=309"}],"curies":[{"name":"wp","href":"https:\/\/api.w.org\/{rel}","templated":true}]}}

Lärarstudenters reflektion kring samt design av datorbaserade elevaktiviteter i geometri

<p><strong>Författare:</strong> Maria Fahlgren och Mirela Vinerean<br><strong>Institution/enhet</strong>: Matematik och datavetenskap<br><strong>Ämne:</strong> Matematik</p>



<h2 class="wp-block-heading">Abstract</h2>



<p>I den här presentationen delar vi erfarenheter från en studie genomförd våren 2022 i en geometrikurs inom ämneslärarprogrammet. Då matematik-lärare i Sverige är tänkta att genomföra utbildningsverksamhet för att stimulera varje elevs lärande, det vill säga även för elever som lätt når kunskapsmålen samt elevernas användning av digitala verktyg i matematik, är det viktigt att förbereda blivande lärare för att kunna hantera dessa frågor. Detta är anledningen till att vi anpassar kursen för att inkludera dessa perspektiv för ämneslärare i matematik.</p>



<p>I studien genomförde samt reflekterade lärarstudenterna över färdig-konstruerade elevaktiviteter. Aktiviteterna genomfördes i en datorbaserad miljö (i detta fallet STEP) som erbjuder lärare att överblicka elevers arbeten med dynamiska geometriprogram (såsom GeoGebra). Därefter konstruerade de egen (datorbaserad) elevaktivitet för att stimulera alla elevers lärande i geometri, vilket inbegriper elever som lätt når kunskapsmålen. Vidare upp-manades studenterna att reflektera kring hur lärare kan använda digitala verktyg som stöd vid en klassrumsdiskussion baserad på elevers arbete med ett dynamiskt geometriprogram.</p>



<p></p>



<p></p>

<p>Författare: Maria Fahlgren och Mirela VinereanInstitution/enhet: Matematik och datavetenskapÄmne: Matematik Abstract I den här presentationen delar vi erfarenheter från en studie genomförd våren 2022 i en geometrikurs inom ämneslärarprogrammet. Då matematik-lärare i Sverige är tänkta att genomföra utbildningsverksamhet för att stimulera varje elevs lärande, det vill säga även för elever som lätt når kunskapsmålen samt [&hellip;]</p>
